66.249.70.1 - - [08/Jul/2026:08:31:05 -0400] "GET /?items/D63632189903/ HTTP/1.1" 200 39143 "-" "Mozilla/5.0 (Linux; Android 6.0.1; Nexus 5X Build/MMB29P) AppleWebKit/537.36 (KHTML, like Gecko) Chrome/150.0.7871.46 Mobile Safari/537.36 (compatible; Googlebot/2.1; +http://www.google.com/bot.html)"
74.7.242.54 - - [08/Jul/2026:08:31:06 -0400] "GET /?_w=244037269 HTTP/1.1" 200 5279 "https://bioredox.cl/sitemap893.xml" "Mozilla/5.0 AppleWebKit/537.36 (KHTML, like Gecko; compatible; GPTBot/1.4; +https://openai.com/gptbot)"
74.7.242.54 - - [08/Jul/2026:08:31:06 -0400] "GET /?_i=261043396 HTTP/1.1" 200 5279 "https://bioredox.cl/sitemap472.xml" "Mozilla/5.0 AppleWebKit/537.36 (KHTML, like Gecko; compatible; GPTBot/1.4; +https://openai.com/gptbot)"
74.7.242.54 - - [08/Jul/2026:08:31:07 -0400] "GET /?_m=059048276 HTTP/1.1" 200 5279 "https://bioredox.cl/sitemap861.xml" "Mozilla/5.0 AppleWebKit/537.36 (KHTML, like Gecko; compatible; GPTBot/1.4; +https://openai.com/gptbot)"
74.7.242.54 - - [08/Jul/2026:08:31:08 -0400] "GET /?_d=247038562 HTTP/1.1" 200 5279 "https://bioredox.cl/sitemap893.xml" "Mozilla/5.0 AppleWebKit/537.36 (KHTML, like Gecko; compatible; GPTBot/1.4; +https://openai.com/gptbot)"
74.7.242.54 - - [08/Jul/2026:08:31:08 -0400] "GET /?_g=213047604 HTTP/1.1" 200 5279 "https://bioredox.cl/sitemap836.xml" "Mozilla/5.0 AppleWebKit/537.36 (KHTML, like Gecko; compatible; GPTBot/1.4; +https://openai.com/gptbot)"
66.249.70.2 - - [08/Jul/2026:08:31:08 -0400] "GET /?items/S63611288652/ HTTP/1.1" 200 40168 "-" "Mozilla/5.0 (Linux; Android 6.0.1; Nexus 5X Build/MMB29P) AppleWebKit/537.36 (KHTML, like Gecko) Chrome/150.0.7871.46 Mobile Safari/537.36 (compatible; Googlebot/2.1; +http://www.google.com/bot.html)"
74.7.242.54 - - [08/Jul/2026:08:31:09 -0400] "GET /?_o=238036447 HTTP/1.1" 200 5279 "https://bioredox.cl/sitemap472.xml" "Mozilla/5.0 AppleWebKit/537.36 (KHTML, like Gecko; compatible; GPTBot/1.4; +https://openai.com/gptbot)"
74.7.242.54 - - [08/Jul/2026:08:31:09 -0400] "GET /?_e=129045618 HTTP/1.1" 200 5279 "https://bioredox.cl/sitemap836.xml" "Mozilla/5.0 AppleWebKit/537.36 (KHTML, like Gecko; compatible; GPTBot/1.4; +https://openai.com/gptbot)"
74.7.242.54 - - [08/Jul/2026:08:31:10 -0400] "GET /?_r=094027143 HTTP/1.1" 200 5279 "https://bioredox.cl/sitemap893.xml" "Mozilla/5.0 AppleWebKit/537.36 (KHTML, like Gecko; compatible; GPTBot/1.4; +https://openai.com/gptbot)"
136.243.228.177 - - [08/Jul/2026:08:31:10 -0400] "GET /?_z=179038624 HTTP/1.1" 200 5279 "-" "Mozilla/5.0 (compatible; DataForSeoBot/1.0; +https://dataforseo.com/dataforseo-bot)"
74.7.242.54 - - [08/Jul/2026:08:31:10 -0400] "GET /?_r=132023487 HTTP/1.1" 200 5279 "https://bioredox.cl/sitemap194.xml" "Mozilla/5.0 AppleWebKit/537.36 (KHTML, like Gecko; compatible; GPTBot/1.4; +https://openai.com/gptbot)"
74.7.242.54 - - [08/Jul/2026:08:31:11 -0400] "GET /?_k=281015344 HTTP/1.1" 200 5279 "https://bioredox.cl/sitemap957.xml" "Mozilla/5.0 AppleWebKit/537.36 (KHTML, like Gecko; compatible; GPTBot/1.4; +https://openai.com/gptbot)"
74.7.242.54 - - [08/Jul/2026:08:31:11 -0400] "GET /?_q=062045313 HTTP/1.1" 200 5279 "https://bioredox.cl/sitemap472.xml" "Mozilla/5.0 AppleWebKit/537.36 (KHTML, like Gecko; compatible; GPTBot/1.4; +https://openai.com/gptbot)"
74.7.242.54 - - [08/Jul/2026:08:31:12 -0400] "GET /?_q=162045437 HTTP/1.1" 200 5279 "https://bioredox.cl/sitemap852.xml" "Mozilla/5.0 AppleWebKit/537.36 (KHTML, like Gecko; compatible; GPTBot/1.4; +https://openai.com/gptbot)"
74.7.242.54 - - [08/Jul/2026:08:31:12 -0400] "GET /?_a=266015923 HTTP/1.1" 200 5279 "https://bioredox.cl/sitemap689.xml" "Mozilla/5.0 AppleWebKit/537.36 (KHTML, like Gecko; compatible; GPTBot/1.4; +https://openai.com/gptbot)"
74.7.242.54 - - [08/Jul/2026:08:31:13 -0400] "GET /?_q=259047308 HTTP/1.1" 200 5279 "https://bioredox.cl/sitemap861.xml" "Mozilla/5.0 AppleWebKit/537.36 (KHTML, like Gecko; compatible; GPTBot/1.4; +https://openai.com/gptbot)"
74.7.242.54 - - [08/Jul/2026:08:31:13 -0400] "GET /?_e=161038272 HTTP/1.1" 200 5279 "https://bioredox.cl/sitemap957.xml" "Mozilla/5.0 AppleWebKit/537.36 (KHTML, like Gecko; compatible; GPTBot/1.4; +https://openai.com/gptbot)"
74.7.242.54 - - [08/Jul/2026:08:31:14 -0400] "GET /?_v=253001926 HTTP/1.1" 200 5279 "https://bioredox.cl/sitemap472.xml" "Mozilla/5.0 AppleWebKit/537.36 (KHTML, like Gecko; compatible; GPTBot/1.4; +https://openai.com/gptbot)"
66.249.70.1 - - [08/Jul/2026:08:31:13 -0400] "GET /?items/S63611094843/ HTTP/1.1" 200 39986 "-" "Mozilla/5.0 (Linux; Android 6.0.1; Nexus 5X Build/MMB29P) AppleWebKit/537.36 (KHTML, like Gecko) Chrome/150.0.7871.46 Mobile Safari/537.36 (compatible; Googlebot/2.1; +http://www.google.com/bot.html)"
74.7.242.54 - - [08/Jul/2026:08:31:14 -0400] "GET /?_d=274016405 HTTP/1.1" 200 5279 "https://bioredox.cl/sitemap194.xml" "Mozilla/5.0 AppleWebKit/537.36 (KHTML, like Gecko; compatible; GPTBot/1.4; +https://openai.com/gptbot)"
136.243.228.177 - - [08/Jul/2026:08:31:15 -0400] "GET /commoditys/131047135 HTTP/1.1" 200 5279 "-" "Mozilla/5.0 (compatible; DataForSeoBot/1.0; +https://dataforseo.com/dataforseo-bot)"
74.7.242.54 - - [08/Jul/2026:08:31:15 -0400] "GET /?_t=193025270 HTTP/1.1" 200 5279 "https://bioredox.cl/sitemap307.xml" "Mozilla/5.0 AppleWebKit/537.36 (KHTML, like Gecko; compatible; GPTBot/1.4; +https://openai.com/gptbot)"
74.7.242.54 - - [08/Jul/2026:08:31:15 -0400] "GET /?_i=174003849 HTTP/1.1" 200 5279 "https://bioredox.cl/sitemap472.xml" "Mozilla/5.0 AppleWebKit/537.36 (KHTML, like Gecko; compatible; GPTBot/1.4; +https://openai.com/gptbot)"
74.7.242.54 - - [08/Jul/2026:08:31:16 -0400] "GET /?_a=195038132 HTTP/1.1" 200 5279 "https://bioredox.cl/sitemap689.xml" "Mozilla/5.0 AppleWebKit/537.36 (KHTML, like Gecko; compatible; GPTBot/1.4; +https://openai.com/gptbot)"
74.7.242.54 - - [08/Jul/2026:08:31:16 -0400] "GET /?_d=173019476 HTTP/1.1" 200 5279 "https://bioredox.cl/sitemap852.xml" "Mozilla/5.0 AppleWebKit/537.36 (KHTML, like Gecko; compatible; GPTBot/1.4; +https://openai.com/gptbot)"
74.7.242.54 - - [08/Jul/2026:08:31:17 -0400] "GET /?_c=216040159 HTTP/1.1" 200 5279 "https://bioredox.cl/sitemap472.xml" "Mozilla/5.0 AppleWebKit/537.36 (KHTML, like Gecko; compatible; GPTBot/1.4; +https://openai.com/gptbot)"
74.7.242.54 - - [08/Jul/2026:08:31:18 -0400] "GET /?_r=198043595 HTTP/1.1" 200 5279 "https://bioredox.cl/sitemap852.xml" "Mozilla/5.0 AppleWebKit/537.36 (KHTML, like Gecko; compatible; GPTBot/1.4; +https://openai.com/gptbot)"
74.7.242.54 - - [08/Jul/2026:08:31:18 -0400] "GET /?_r=168039255 HTTP/1.1" 200 5279 "https://bioredox.cl/sitemap307.xml" "Mozilla/5.0 AppleWebKit/537.36 (KHTML, like Gecko; compatible; GPTBot/1.4; +https://openai.com/gptbot)"
74.7.242.54 - - [08/Jul/2026:08:31:19 -0400] "GET /?_v=048025167 HTTP/1.1" 200 5279 "https://bioredox.cl/sitemap852.xml" "Mozilla/5.0 AppleWebKit/537.36 (KHTML, like Gecko; compatible; GPTBot/1.4; +https://openai.com/gptbot)"
74.7.242.54 - - [08/Jul/2026:08:31:19 -0400] "GET /?_g=256018193 HTTP/1.1" 200 5279 "https://bioredox.cl/sitemap248.xml" "Mozilla/5.0 AppleWebKit/537.36 (KHTML, like Gecko; compatible; GPTBot/1.4; +https://openai.com/gptbot)"
66.249.70.1 - - [08/Jul/2026:08:31:18 -0400] "GET /?items/M63621986396/ HTTP/1.1" 200 39821 "-" "Mozilla/5.0 (Linux; Android 6.0.1; Nexus 5X Build/MMB29P) AppleWebKit/537.36 (KHTML, like Gecko) Chrome/150.0.7871.46 Mobile Safari/537.36 (compatible; Googlebot/2.1; +http://www.google.com/bot.html)"
74.7.242.54 - - [08/Jul/2026:08:31:20 -0400] "GET /?_r=196001845 HTTP/1.1" 200 5279 "https://bioredox.cl/sitemap194.xml" "Mozilla/5.0 AppleWebKit/537.36 (KHTML, like Gecko; compatible; GPTBot/1.4; +https://openai.com/gptbot)"
136.243.228.177 - - [08/Jul/2026:08:31:20 -0400] "GET /?_y=248015375 HTTP/1.1" 200 5279 "-" "Mozilla/5.0 (compatible; DataForSeoBot/1.0; +https://dataforseo.com/dataforseo-bot)"
74.7.242.54 - - [08/Jul/2026:08:31:20 -0400] "GET /?_h=271049540 HTTP/1.1" 200 5279 "https://bioredox.cl/sitemap836.xml" "Mozilla/5.0 AppleWebKit/537.36 (KHTML, like Gecko; compatible; GPTBot/1.4; +https://openai.com/gptbot)"
74.7.242.54 - - [08/Jul/2026:08:31:21 -0400] "GET /?_l=031022846 HTTP/1.1" 200 5279 "https://bioredox.cl/sitemap307.xml" "Mozilla/5.0 AppleWebKit/537.36 (KHTML, like Gecko; compatible; GPTBot/1.4; +https://openai.com/gptbot)"
74.7.242.54 - - [08/Jul/2026:08:31:21 -0400] "GET /?_l=261033482 HTTP/1.1" 200 5279 "https://bioredox.cl/sitemap248.xml" "Mozilla/5.0 AppleWebKit/537.36 (KHTML, like Gecko; compatible; GPTBot/1.4; +https://openai.com/gptbot)"
74.7.242.54 - - [08/Jul/2026:08:31:22 -0400] "GET /?_o=133018546 HTTP/1.1" 200 5279 "https://bioredox.cl/sitemap893.xml" "Mozilla/5.0 AppleWebKit/537.36 (KHTML, like Gecko; compatible; GPTBot/1.4; +https://openai.com/gptbot)"
66.249.70.1 - - [08/Jul/2026:08:31:21 -0400] "GET /?items/C63632462852/ HTTP/1.1" 200 39622 "-" "Mozilla/5.0 (Linux; Android 6.0.1; Nexus 5X Build/MMB29P) AppleWebKit/537.36 (KHTML, like Gecko) Chrome/150.0.7871.46 Mobile Safari/537.36 (compatible; Googlebot/2.1; +http://www.google.com/bot.html)"
74.7.242.54 - - [08/Jul/2026:08:31:22 -0400] "GET /?_q=239043816 HTTP/1.1" 200 5279 "https://bioredox.cl/sitemap194.xml" "Mozilla/5.0 AppleWebKit/537.36 (KHTML, like Gecko; compatible; GPTBot/1.4; +https://openai.com/gptbot)"
74.7.242.54 - - [08/Jul/2026:08:31:23 -0400] "GET /?_h=118025549 HTTP/1.1" 200 5279 "https://bioredox.cl/sitemap472.xml" "Mozilla/5.0 AppleWebKit/537.36 (KHTML, like Gecko; compatible; GPTBot/1.4; +https://openai.com/gptbot)"
74.7.242.54 - - [08/Jul/2026:08:31:23 -0400] "GET /?_x=119025738 HTTP/1.1" 200 5279 "https://bioredox.cl/sitemap957.xml" "Mozilla/5.0 AppleWebKit/537.36 (KHTML, like Gecko; compatible; GPTBot/1.4; +https://openai.com/gptbot)"
74.7.242.54 - - [08/Jul/2026:08:31:24 -0400] "GET /?_g=139049368 HTTP/1.1" 200 5279 "https://bioredox.cl/sitemap957.xml" "Mozilla/5.0 AppleWebKit/537.36 (KHTML, like Gecko; compatible; GPTBot/1.4; +https://openai.com/gptbot)"
74.7.242.54 - - [08/Jul/2026:08:31:24 -0400] "GET /?_v=262041175 HTTP/1.1" 200 5279 "https://bioredox.cl/sitemap893.xml" "Mozilla/5.0 AppleWebKit/537.36 (KHTML, like Gecko; compatible; GPTBot/1.4; +https://openai.com/gptbot)"
74.7.242.54 - - [08/Jul/2026:08:31:25 -0400] "GET /?_a=260034583 HTTP/1.1" 200 5279 "https://bioredox.cl/sitemap893.xml" "Mozilla/5.0 AppleWebKit/537.36 (KHTML, like Gecko; compatible; GPTBot/1.4; +https://openai.com/gptbot)"
66.249.70.1 - - [08/Jul/2026:08:31:24 -0400] "GET /?items/M63611282198/ HTTP/1.1" 200 40095 "-" "Mozilla/5.0 (Linux; Android 6.0.1; Nexus 5X Build/MMB29P) AppleWebKit/537.36 (KHTML, like Gecko) Chrome/150.0.7871.46 Mobile Safari/537.36 (compatible; Googlebot/2.1; +http://www.google.com/bot.html)"
136.243.228.177 - - [08/Jul/2026:08:31:25 -0400] "GET /commoditys/021033439 HTTP/1.1" 200 5279 "-" "Mozilla/5.0 (compatible; DataForSeoBot/1.0; +https://dataforseo.com/dataforseo-bot)"
74.7.242.54 - - [08/Jul/2026:08:31:25 -0400] "GET /?_e=231004688 HTTP/1.1" 200 5279 "https://bioredox.cl/sitemap852.xml" "Mozilla/5.0 AppleWebKit/537.36 (KHTML, like Gecko; compatible; GPTBot/1.4; +https://openai.com/gptbot)"
74.7.242.54 - - [08/Jul/2026:08:31:26 -0400] "GET /?_m=217035728 HTTP/1.1" 200 5279 "https://bioredox.cl/sitemap852.xml" "Mozilla/5.0 AppleWebKit/537.36 (KHTML, like Gecko; compatible; GPTBot/1.4; +https://openai.com/gptbot)"
74.7.242.54 - - [08/Jul/2026:08:31:27 -0400] "GET /?_z=175023154 HTTP/1.1" 200 5279 "https://bioredox.cl/sitemap893.xml" "Mozilla/5.0 AppleWebKit/537.36 (KHTML, like Gecko; compatible; GPTBot/1.4; +https://openai.com/gptbot)"
74.7.242.54 - - [08/Jul/2026:08:31:27 -0400] "GET /?_n=180047653 HTTP/1.1" 200 5279 "https://bioredox.cl/sitemap394.xml" "Mozilla/5.0 AppleWebKit/537.36 (KHTML, like Gecko; compatible; GPTBot/1.4; +https://openai.com/gptbot)"
74.7.242.54 - - [08/Jul/2026:08:31:28 -0400] "GET /?_p=143042926 HTTP/1.1" 200 5279 "https://bioredox.cl/sitemap861.xml" "Mozilla/5.0 AppleWebKit/537.36 (KHTML, like Gecko; compatible; GPTBot/1.4; +https://openai.com/gptbot)"
74.7.242.54 - - [08/Jul/2026:08:31:28 -0400] "GET /?_s=024026137 HTTP/1.1" 200 5279 "https://bioredox.cl/sitemap248.xml" "Mozilla/5.0 AppleWebKit/537.36 (KHTML, like Gecko; compatible; GPTBot/1.4; +https://openai.com/gptbot)"
66.249.70.1 - - [08/Jul/2026:08:31:28 -0400] "GET /?items/M63621760013/ HTTP/1.1" 200 40144 "-" "Mozilla/5.0 (Linux; Android 6.0.1; Nexus 5X Build/MMB29P) AppleWebKit/537.36 (KHTML, like Gecko) Chrome/150.0.7871.46 Mobile Safari/537.36 (compatible; Googlebot/2.1; +http://www.google.com/bot.html)"
74.7.242.54 - - [08/Jul/2026:08:31:29 -0400] "GET /?_o=024016635 HTTP/1.1" 200 5279 "https://bioredox.cl/sitemap852.xml" "Mozilla/5.0 AppleWebKit/537.36 (KHTML, like Gecko; compatible; GPTBot/1.4; +https://openai.com/gptbot)"
74.7.242.54 - - [08/Jul/2026:08:31:29 -0400] "GET /?_y=236035961 HTTP/1.1" 200 5279 "https://bioredox.cl/sitemap307.xml" "Mozilla/5.0 AppleWebKit/537.36 (KHTML, like Gecko; compatible; GPTBot/1.4; +https://openai.com/gptbot)"
74.7.242.54 - - [08/Jul/2026:08:31:30 -0400] "GET /?_a=208031349 HTTP/1.1" 200 5279 "https://bioredox.cl/sitemap861.xml" "Mozilla/5.0 AppleWebKit/537.36 (KHTML, like Gecko; compatible; GPTBot/1.4; +https://openai.com/gptbot)"
74.7.242.54 - - [08/Jul/2026:08:31:30 -0400] "GET /?_l=213039766 HTTP/1.1" 200 5279 "https://bioredox.cl/sitemap472.xml" "Mozilla/5.0 AppleWebKit/537.36 (KHTML, like Gecko; compatible; GPTBot/1.4; +https://openai.com/gptbot)"
74.7.242.54 - - [08/Jul/2026:08:31:31 -0400] "GET /?_e=164031525 HTTP/1.1" 200 5279 "https://bioredox.cl/sitemap248.xml" "Mozilla/5.0 AppleWebKit/537.36 (KHTML, like Gecko; compatible; GPTBot/1.4; +https://openai.com/gptbot)"
74.7.242.54 - - [08/Jul/2026:08:31:31 -0400] "GET /?_f=248019065 HTTP/1.1" 200 5279 "https://bioredox.cl/sitemap957.xml" "Mozilla/5.0 AppleWebKit/537.36 (KHTML, like Gecko; compatible; GPTBot/1.4; +https://openai.com/gptbot)"
136.243.228.177 - - [08/Jul/2026:08:31:31 -0400] "GET /commoditys/180021312 HTTP/1.1" 200 5279 "-" "Mozilla/5.0 (compatible; DataForSeoBot/1.0; +https://dataforseo.com/dataforseo-bot)"
74.7.242.54 - - [08/Jul/2026:08:31:32 -0400] "GET /?_m=059026432 HTTP/1.1" 200 5279 "https://bioredox.cl/sitemap893.xml" "Mozilla/5.0 AppleWebKit/537.36 (KHTML, like Gecko; compatible; GPTBot/1.4; +https://openai.com/gptbot)"
66.249.70.1 - - [08/Jul/2026:08:31:31 -0400] "GET /?items/B6359351813/ HTTP/1.1" 200 39071 "-" "Mozilla/5.0 (Linux; Android 6.0.1; Nexus 5X Build/MMB29P) AppleWebKit/537.36 (KHTML, like Gecko) Chrome/150.0.7871.46 Mobile Safari/537.36 (compatible; Googlebot/2.1; +http://www.google.com/bot.html)"
74.7.242.54 - - [08/Jul/2026:08:31:32 -0400] "GET /?_v=232047685 HTTP/1.1" 200 5279 "https://bioredox.cl/sitemap957.xml" "Mozilla/5.0 AppleWebKit/537.36 (KHTML, like Gecko; compatible; GPTBot/1.4; +https://openai.com/gptbot)"
74.7.242.54 - - [08/Jul/2026:08:31:33 -0400] "GET /?_y=135007496 HTTP/1.1" 200 5279 "https://bioredox.cl/sitemap957.xml" "Mozilla/5.0 AppleWebKit/537.36 (KHTML, like Gecko; compatible; GPTBot/1.4; +https://openai.com/gptbot)"
74.7.242.54 - - [08/Jul/2026:08:31:33 -0400] "GET /?_n=291018356 HTTP/1.1" 200 5279 "https://bioredox.cl/sitemap957.xml" "Mozilla/5.0 AppleWebKit/537.36 (KHTML, like Gecko; compatible; GPTBot/1.4; +https://openai.com/gptbot)"
74.7.242.54 - - [08/Jul/2026:08:31:34 -0400] "GET /?_l=276013847 HTTP/1.1" 200 5279 "https://bioredox.cl/sitemap836.xml" "Mozilla/5.0 AppleWebKit/537.36 (KHTML, like Gecko; compatible; GPTBot/1.4; +https://openai.com/gptbot)"
74.7.242.54 - - [08/Jul/2026:08:31:34 -0400] "GET /?_o=196037863 HTTP/1.1" 200 5279 "https://bioredox.cl/sitemap307.xml" "Mozilla/5.0 AppleWebKit/537.36 (KHTML, like Gecko; compatible; GPTBot/1.4; +https://openai.com/gptbot)"
74.7.242.54 - - [08/Jul/2026:08:31:35 -0400] "GET /?_l=134032959 HTTP/1.1" 200 5279 "https://bioredox.cl/sitemap957.xml" "Mozilla/5.0 AppleWebKit/537.36 (KHTML, like Gecko; compatible; GPTBot/1.4; +https://openai.com/gptbot)"
66.249.70.1 - - [08/Jul/2026:08:31:34 -0400] "GET /?items/B6359296263/ HTTP/1.1" 200 39794 "-" "Mozilla/5.0 (Linux; Android 6.0.1; Nexus 5X Build/MMB29P) AppleWebKit/537.36 (KHTML, like Gecko) Chrome/150.0.7871.46 Mobile Safari/537.36 (compatible; Googlebot/2.1; +http://www.google.com/bot.html)"
74.7.242.54 - - [08/Jul/2026:08:31:35 -0400] "GET /?_s=068012567 HTTP/1.1" 200 5279 "https://bioredox.cl/sitemap248.xml" "Mozilla/5.0 AppleWebKit/537.36 (KHTML, like Gecko; compatible; GPTBot/1.4; +https://openai.com/gptbot)"
136.243.228.177 - - [08/Jul/2026:08:31:36 -0400] "GET /?_r=222002861 HTTP/1.1" 200 5279 "-" "Mozilla/5.0 (compatible; DataForSeoBot/1.0; +https://dataforseo.com/dataforseo-bot)"
74.7.242.54 - - [08/Jul/2026:08:31:36 -0400] "GET /?_h=274004653 HTTP/1.1" 200 5279 "https://bioredox.cl/sitemap893.xml" "Mozilla/5.0 AppleWebKit/537.36 (KHTML, like Gecko; compatible; GPTBot/1.4; +https://openai.com/gptbot)"
74.7.242.54 - - [08/Jul/2026:08:31:37 -0400] "GET /?_k=172047265 HTTP/1.1" 200 5279 "https://bioredox.cl/sitemap836.xml" "Mozilla/5.0 AppleWebKit/537.36 (KHTML, like Gecko; compatible; GPTBot/1.4; +https://openai.com/gptbot)"
74.7.242.54 - - [08/Jul/2026:08:31:37 -0400] "GET /?_z=245027116 HTTP/1.1" 200 5279 "https://bioredox.cl/sitemap852.xml" "Mozilla/5.0 AppleWebKit/537.36 (KHTML, like Gecko; compatible; GPTBot/1.4; +https://openai.com/gptbot)"
74.7.242.54 - - [08/Jul/2026:08:31:38 -0400] "GET /?_b=177023368 HTTP/1.1" 200 5279 "https://bioredox.cl/sitemap893.xml" "Mozilla/5.0 AppleWebKit/537.36 (KHTML, like Gecko; compatible; GPTBot/1.4; +https://openai.com/gptbot)"
74.7.242.54 - - [08/Jul/2026:08:31:38 -0400] "GET /?_z=246008493 HTTP/1.1" 200 5279 "https://bioredox.cl/sitemap957.xml" "Mozilla/5.0 AppleWebKit/537.36 (KHTML, like Gecko; compatible; GPTBot/1.4; +https://openai.com/gptbot)"
74.7.242.54 - - [08/Jul/2026:08:31:39 -0400] "GET /?_r=183049806 HTTP/1.1" 200 5279 "https://bioredox.cl/sitemap836.xml" "Mozilla/5.0 AppleWebKit/537.36 (KHTML, like Gecko; compatible; GPTBot/1.4; +https://openai.com/gptbot)"
74.7.242.54 - - [08/Jul/2026:08:31:39 -0400] "GET /?_q=261035698 HTTP/1.1" 200 5279 "https://bioredox.cl/sitemap957.xml" "Mozilla/5.0 AppleWebKit/537.36 (KHTML, like Gecko; compatible; GPTBot/1.4; +https://openai.com/gptbot)"
74.7.242.54 - - [08/Jul/2026:08:31:40 -0400] "GET /?_v=263014558 HTTP/1.1" 200 5279 "https://bioredox.cl/sitemap852.xml" "Mozilla/5.0 AppleWebKit/537.36 (KHTML, like Gecko; compatible; GPTBot/1.4; +https://openai.com/gptbot)"
46.149.160.201 - - [08/Jul/2026:08:31:40 -0400] "GET /in/Tratamiento HTTP/1.1" 301 283 "-" "Mozilla/5.0 (Windows NT 10.0; Win64; x64) AppleWebKit/537.36 (KHTML, like Gecko) Chrome/142.0.7444.175 Safari/537.36"
66.249.70.2 - - [08/Jul/2026:08:31:39 -0400] "GET /?items/M63611395193/ HTTP/1.1" 200 41626 "-" "Mozilla/5.0 (Linux; Android 6.0.1; Nexus 5X Build/MMB29P) AppleWebKit/537.36 (KHTML, like Gecko) Chrome/150.0.7871.46 Mobile Safari/537.36 (compatible; Googlebot/2.1; +http://www.google.com/bot.html)"
74.7.242.54 - - [08/Jul/2026:08:31:40 -0400] "GET /?_e=288031735 HTTP/1.1" 200 5279 "https://bioredox.cl/sitemap194.xml" "Mozilla/5.0 AppleWebKit/537.36 (KHTML, like Gecko; compatible; GPTBot/1.4; +https://openai.com/gptbot)"
74.7.242.54 - - [08/Jul/2026:08:31:41 -0400] "GET /?_t=196028963 HTTP/1.1" 200 5279 "https://bioredox.cl/sitemap852.xml" "Mozilla/5.0 AppleWebKit/537.36 (KHTML, like Gecko; compatible; GPTBot/1.4; +https://openai.com/gptbot)"
136.243.228.177 - - [08/Jul/2026:08:31:41 -0400] "GET /commoditys/273037935 HTTP/1.1" 200 5279 "-" "Mozilla/5.0 (compatible; DataForSeoBot/1.0; +https://dataforseo.com/dataforseo-bot)"
74.7.242.54 - - [08/Jul/2026:08:31:41 -0400] "GET /?_v=124035721 HTTP/1.1" 200 5279 "https://bioredox.cl/sitemap472.xml" "Mozilla/5.0 AppleWebKit/537.36 (KHTML, like Gecko; compatible; GPTBot/1.4; +https://openai.com/gptbot)"
74.7.242.54 - - [08/Jul/2026:08:31:42 -0400] "GET /?_l=224009865 HTTP/1.1" 200 5279 "https://bioredox.cl/sitemap836.xml" "Mozilla/5.0 AppleWebKit/537.36 (KHTML, like Gecko; compatible; GPTBot/1.4; +https://openai.com/gptbot)"
74.7.242.54 - - [08/Jul/2026:08:31:42 -0400] "GET /?_m=134012579 HTTP/1.1" 200 5279 "https://bioredox.cl/sitemap861.xml" "Mozilla/5.0 AppleWebKit/537.36 (KHTML, like Gecko; compatible; GPTBot/1.4; +https://openai.com/gptbot)"
74.7.242.54 - - [08/Jul/2026:08:31:43 -0400] "GET /?_r=245016810 HTTP/1.1" 200 5279 "https://bioredox.cl/sitemap861.xml" "Mozilla/5.0 AppleWebKit/537.36 (KHTML, like Gecko; compatible; GPTBot/1.4; +https://openai.com/gptbot)"
46.149.160.201 - - [08/Jul/2026:08:31:43 -0400] "GET /in/Tratamiento/ HTTP/1.1" 302 - "-" "Mozilla/5.0 (Windows NT 10.0; Win64; x64) AppleWebKit/537.36 (KHTML, like Gecko) Chrome/142.0.7444.175 Safari/537.36"
74.7.242.54 - - [08/Jul/2026:08:31:43 -0400] "GET /?_o=189046560 HTTP/1.1" 200 5279 "https://bioredox.cl/sitemap394.xml" "Mozilla/5.0 AppleWebKit/537.36 (KHTML, like Gecko; compatible; GPTBot/1.4; +https://openai.com/gptbot)"
74.7.242.54 - - [08/Jul/2026:08:31:44 -0400] "GET /?_u=161027368 HTTP/1.1" 200 5279 "https://bioredox.cl/sitemap394.xml" "Mozilla/5.0 AppleWebKit/537.36 (KHTML, like Gecko; compatible; GPTBot/1.4; +https://openai.com/gptbot)"
66.249.70.2 - - [08/Jul/2026:08:31:43 -0400] "GET /?items/R6359485265/ HTTP/1.1" 200 39074 "-" "Mozilla/5.0 (Linux; Android 6.0.1; Nexus 5X Build/MMB29P) AppleWebKit/537.36 (KHTML, like Gecko) Chrome/150.0.7871.46 Mobile Safari/537.36 (compatible; Googlebot/2.1; +http://www.google.com/bot.html)"
74.7.242.54 - - [08/Jul/2026:08:31:44 -0400] "GET /?_g=157014890 HTTP/1.1" 200 5279 "https://bioredox.cl/sitemap472.xml" "Mozilla/5.0 AppleWebKit/537.36 (KHTML, like Gecko; compatible; GPTBot/1.4; +https://openai.com/gptbot)"
74.7.242.54 - - [08/Jul/2026:08:31:45 -0400] "GET /?_f=254039701 HTTP/1.1" 200 5279 "https://bioredox.cl/sitemap394.xml" "Mozilla/5.0 AppleWebKit/537.36 (KHTML, like Gecko; compatible; GPTBot/1.4; +https://openai.com/gptbot)"
136.243.228.177 - - [08/Jul/2026:08:31:45 -0400] "GET /?_a=143039924 HTTP/1.1" 200 5279 "-" "Mozilla/5.0 (compatible; DataForSeoBot/1.0; +https://dataforseo.com/dataforseo-bot)"
74.7.242.54 - - [08/Jul/2026:08:31:45 -0400] "GET /?_o=166022783 HTTP/1.1" 200 5279 "https://bioredox.cl/sitemap689.xml" "Mozilla/5.0 AppleWebKit/537.36 (KHTML, like Gecko; compatible; GPTBot/1.4; +https://openai.com/gptbot)"
74.7.242.54 - - [08/Jul/2026:08:31:46 -0400] "GET /?_r=292018975 HTTP/1.1" 200 5279 "https://bioredox.cl/sitemap893.xml" "Mozilla/5.0 AppleWebKit/537.36 (KHTML, like Gecko; compatible; GPTBot/1.4; +https://openai.com/gptbot)"
74.7.242.54 - - [08/Jul/2026:08:31:47 -0400] "GET /?_k=161007452 HTTP/1.1" 200 5279 "https://bioredox.cl/sitemap893.xml" "Mozilla/5.0 AppleWebKit/537.36 (KHTML, like Gecko; compatible; GPTBot/1.4; +https://openai.com/gptbot)"
74.7.242.54 - - [08/Jul/2026:08:31:47 -0400] "GET /?_b=247011856 HTTP/1.1" 200 5279 "https://bioredox.cl/sitemap893.xml" "Mozilla/5.0 AppleWebKit/537.36 (KHTML, like Gecko; compatible; GPTBot/1.4; +https://openai.com/gptbot)"
74.7.242.54 - - [08/Jul/2026:08:31:48 -0400] "GET /?_s=135004528 HTTP/1.1" 200 5279 "https://bioredox.cl/sitemap689.xml" "Mozilla/5.0 AppleWebKit/537.36 (KHTML, like Gecko; compatible; GPTBot/1.4; +https://openai.com/gptbot)"
74.7.242.54 - - [08/Jul/2026:08:31:48 -0400] "GET /?_a=157009216 HTTP/1.1" 200 5279 "https://bioredox.cl/sitemap893.xml" "Mozilla/5.0 AppleWebKit/537.36 (KHTML, like Gecko; compatible; GPTBot/1.4; +https://openai.com/gptbot)"
74.7.242.54 - - [08/Jul/2026:08:31:49 -0400] "GET /?_c=258040367 HTTP/1.1" 200 5279 "https://bioredox.cl/sitemap836.xml" "Mozilla/5.0 AppleWebKit/537.36 (KHTML, like Gecko; compatible; GPTBot/1.4; +https://openai.com/gptbot)"
66.249.70.2 - - [08/Jul/2026:08:31:48 -0400] "GET /?items/M63632069226/ HTTP/1.1" 200 39923 "-" "Mozilla/5.0 (Linux; Android 6.0.1; Nexus 5X Build/MMB29P) AppleWebKit/537.36 (KHTML, like Gecko) Chrome/150.0.7871.46 Mobile Safari/537.36 (compatible; Googlebot/2.1; +http://www.google.com/bot.html)"
74.7.242.54 - - [08/Jul/2026:08:31:49 -0400] "GET /?_q=162006859 HTTP/1.1" 200 5279 "https://bioredox.cl/sitemap861.xml" "Mozilla/5.0 AppleWebKit/537.36 (KHTML, like Gecko; compatible; GPTBot/1.4; +https://openai.com/gptbot)"
74.7.242.54 - - [08/Jul/2026:08:31:50 -0400] "GET /?_j=084045719 HTTP/1.1" 200 5279 "https://bioredox.cl/sitemap957.xml" "Mozilla/5.0 AppleWebKit/537.36 (KHTML, like Gecko; compatible; GPTBot/1.4; +https://openai.com/gptbot)"
74.7.242.54 - - [08/Jul/2026:08:31:50 -0400] "GET /?_q=137030462 HTTP/1.1" 200 5279 "https://bioredox.cl/sitemap893.xml" "Mozilla/5.0 AppleWebKit/537.36 (KHTML, like Gecko; compatible; GPTBot/1.4; +https://openai.com/gptbot)"
74.7.242.54 - - [08/Jul/2026:08:31:51 -0400] "GET /?_l=236013497 HTTP/1.1" 200 5279 "https://bioredox.cl/sitemap394.xml" "Mozilla/5.0 AppleWebKit/537.36 (KHTML, like Gecko; compatible; GPTBot/1.4; +https://openai.com/gptbot)"
74.7.242.54 - - [08/Jul/2026:08:31:51 -0400] "GET /?_h=045029862 HTTP/1.1" 200 5279 "https://bioredox.cl/sitemap394.xml" "Mozilla/5.0 AppleWebKit/537.36 (KHTML, like Gecko; compatible; GPTBot/1.4; +https://openai.com/gptbot)"
74.7.242.54 - - [08/Jul/2026:08:31:52 -0400] "GET /?_b=258031239 HTTP/1.1" 200 5279 "https://bioredox.cl/sitemap893.xml" "Mozilla/5.0 AppleWebKit/537.36 (KHTML, like Gecko; compatible; GPTBot/1.4; +https://openai.com/gptbot)"
136.243.228.177 - - [08/Jul/2026:08:31:52 -0400] "GET /commoditys/292035076 HTTP/1.1" 200 5279 "-" "Mozilla/5.0 (compatible; DataForSeoBot/1.0; +https://dataforseo.com/dataforseo-bot)"
74.7.242.54 - - [08/Jul/2026:08:31:52 -0400] "GET /?_m=273041674 HTTP/1.1" 200 5279 "https://bioredox.cl/sitemap689.xml" "Mozilla/5.0 AppleWebKit/537.36 (KHTML, like Gecko; compatible; GPTBot/1.4; +https://openai.com/gptbot)"
74.7.242.54 - - [08/Jul/2026:08:31:53 -0400] "GET /?_i=128014347 HTTP/1.1" 200 5279 "https://bioredox.cl/sitemap194.xml" "Mozilla/5.0 AppleWebKit/537.36 (KHTML, like Gecko; compatible; GPTBot/1.4; +https://openai.com/gptbot)"
74.7.242.54 - - [08/Jul/2026:08:31:53 -0400] "GET /?_a=170042735 HTTP/1.1" 200 5279 "https://bioredox.cl/sitemap836.xml" "Mozilla/5.0 AppleWebKit/537.36 (KHTML, like Gecko; compatible; GPTBot/1.4; +https://openai.com/gptbot)"
74.7.242.54 - - [08/Jul/2026:08:31:54 -0400] "GET /?_i=158043395 HTTP/1.1" 200 5279 "https://bioredox.cl/sitemap248.xml" "Mozilla/5.0 AppleWebKit/537.36 (KHTML, like Gecko; compatible; GPTBot/1.4; +https://openai.com/gptbot)"
74.7.242.54 - - [08/Jul/2026:08:31:54 -0400] "GET /?_s=051044276 HTTP/1.1" 200 5279 "https://bioredox.cl/sitemap852.xml" "Mozilla/5.0 AppleWebKit/537.36 (KHTML, like Gecko; compatible; GPTBot/1.4; +https://openai.com/gptbot)"
74.7.242.54 - - [08/Jul/2026:08:31:55 -0400] "GET /?_e=246015185 HTTP/1.1" 200 5279 "https://bioredox.cl/sitemap836.xml" "Mozilla/5.0 AppleWebKit/537.36 (KHTML, like Gecko; compatible; GPTBot/1.4; +https://openai.com/gptbot)"
66.249.70.1 - - [08/Jul/2026:08:31:55 -0400] "GET /?items/K63632138980/ HTTP/1.1" 200 40530 "-" "Mozilla/5.0 (Linux; Android 6.0.1; Nexus 5X Build/MMB29P) AppleWebKit/537.36 (KHTML, like Gecko) Chrome/150.0.7871.46 Mobile Safari/537.36 (compatible; Googlebot/2.1; +http://www.google.com/bot.html)"
74.7.242.54 - - [08/Jul/2026:08:31:56 -0400] "GET /?_o=279037526 HTTP/1.1" 200 5279 "https://bioredox.cl/sitemap957.xml" "Mozilla/5.0 AppleWebKit/537.36 (KHTML, like Gecko; compatible; GPTBot/1.4; +https://openai.com/gptbot)"
74.7.242.54 - - [08/Jul/2026:08:31:56 -0400] "GET /?_o=156018235 HTTP/1.1" 200 5279 "https://bioredox.cl/sitemap836.xml" "Mozilla/5.0 AppleWebKit/537.36 (KHTML, like Gecko; compatible; GPTBot/1.4; +https://openai.com/gptbot)"
74.7.242.54 - - [08/Jul/2026:08:31:57 -0400] "GET /?_q=148005323 HTTP/1.1" 200 5279 "https://bioredox.cl/sitemap852.xml" "Mozilla/5.0 AppleWebKit/537.36 (KHTML, like Gecko; compatible; GPTBot/1.4; +https://openai.com/gptbot)"
74.7.242.54 - - [08/Jul/2026:08:31:57 -0400] "GET /?_m=075018132 HTTP/1.1" 200 5279 "https://bioredox.cl/sitemap689.xml" "Mozilla/5.0 AppleWebKit/537.36 (KHTML, like Gecko; compatible; GPTBot/1.4; +https://openai.com/gptbot)"
136.243.228.177 - - [08/Jul/2026:08:31:57 -0400] "GET /commoditys/014030072 HTTP/1.1" 200 5279 "-" "Mozilla/5.0 (compatible; DataForSeoBot/1.0; +https://dataforseo.com/dataforseo-bot)"
74.7.242.54 - - [08/Jul/2026:08:31:58 -0400] "GET /?_q=201044978 HTTP/1.1" 200 5279 "https://bioredox.cl/sitemap307.xml" "Mozilla/5.0 AppleWebKit/537.36 (KHTML, like Gecko; compatible; GPTBot/1.4; +https://openai.com/gptbot)"
74.7.242.54 - - [08/Jul/2026:08:31:58 -0400] "GET /?_s=120014895 HTTP/1.1" 200 5279 "https://bioredox.cl/sitemap248.xml" "Mozilla/5.0 AppleWebKit/537.36 (KHTML, like Gecko; compatible; GPTBot/1.4; +https://openai.com/gptbot)"
74.7.242.54 - - [08/Jul/2026:08:31:59 -0400] "GET /?_k=156024975 HTTP/1.1" 200 5279 "https://bioredox.cl/sitemap472.xml" "Mozilla/5.0 AppleWebKit/537.36 (KHTML, like Gecko; compatible; GPTBot/1.4; +https://openai.com/gptbot)"
74.7.242.54 - - [08/Jul/2026:08:31:59 -0400] "GET /?_z=041039558 HTTP/1.1" 200 5279 "https://bioredox.cl/sitemap957.xml" "Mozilla/5.0 AppleWebKit/537.36 (KHTML, like Gecko; compatible; GPTBot/1.4; +https://openai.com/gptbot)"
66.249.70.3 - - [08/Jul/2026:08:31:59 -0400] "GET /?items/R63621641978/ HTTP/1.1" 200 40604 "-" "Mozilla/5.0 (Linux; Android 6.0.1; Nexus 5X Build/MMB29P) AppleWebKit/537.36 (KHTML, like Gecko) Chrome/150.0.7871.46 Mobile Safari/537.36 (compatible; Googlebot/2.1; +http://www.google.com/bot.html)"
74.7.242.54 - - [08/Jul/2026:08:32:00 -0400] "GET /?_o=023035178 HTTP/1.1" 200 5279 "https://bioredox.cl/sitemap689.xml" "Mozilla/5.0 AppleWebKit/537.36 (KHTML, like Gecko; compatible; GPTBot/1.4; +https://openai.com/gptbot)"
74.7.242.54 - - [08/Jul/2026:08:32:00 -0400] "GET /?_p=054018529 HTTP/1.1" 200 5279 "https://bioredox.cl/sitemap307.xml" "Mozilla/5.0 AppleWebKit/537.36 (KHTML, like Gecko; compatible; GPTBot/1.4; +https://openai.com/gptbot)"
74.7.242.54 - - [08/Jul/2026:08:32:01 -0400] "GET /?_y=182049789 HTTP/1.1" 200 5279 "https://bioredox.cl/sitemap307.xml" "Mozilla/5.0 AppleWebKit/537.36 (KHTML, like Gecko; compatible; GPTBot/1.4; +https://openai.com/gptbot)"
136.243.228.177 - - [08/Jul/2026:08:32:01 -0400] "GET /?_i=122031043 HTTP/1.1" 200 5279 "-" "Mozilla/5.0 (compatible; DataForSeoBot/1.0; +https://dataforseo.com/dataforseo-bot)"
74.7.242.54 - - [08/Jul/2026:08:32:01 -0400] "GET /?_q=279018462 HTTP/1.1" 200 5279 "https://bioredox.cl/sitemap852.xml" "Mozilla/5.0 AppleWebKit/537.36 (KHTML, like Gecko; compatible; GPTBot/1.4; +https://openai.com/gptbot)"
74.7.242.54 - - [08/Jul/2026:08:32:02 -0400] "GET /?_b=047038922 HTTP/1.1" 200 5279 "https://bioredox.cl/sitemap307.xml" "Mozilla/5.0 AppleWebKit/537.36 (KHTML, like Gecko; compatible; GPTBot/1.4; +https://openai.com/gptbot)"
74.7.242.54 - - [08/Jul/2026:08:32:02 -0400] "GET /?_j=113035496 HTTP/1.1" 200 5279 "https://bioredox.cl/sitemap861.xml" "Mozilla/5.0 AppleWebKit/537.36 (KHTML, like Gecko; compatible; GPTBot/1.4; +https://openai.com/gptbot)"
74.7.242.54 - - [08/Jul/2026:08:32:03 -0400] "GET /?_t=123015886 HTTP/1.1" 200 5279 "https://bioredox.cl/sitemap472.xml" "Mozilla/5.0 AppleWebKit/537.36 (KHTML, like Gecko; compatible; GPTBot/1.4; +https://openai.com/gptbot)"
74.7.242.54 - - [08/Jul/2026:08:32:03 -0400] "GET /?_p=173029052 HTTP/1.1" 200 5279 "https://bioredox.cl/sitemap957.xml" "Mozilla/5.0 AppleWebKit/537.36 (KHTML, like Gecko; compatible; GPTBot/1.4; +https://openai.com/gptbot)"
74.7.242.54 - - [08/Jul/2026:08:32:04 -0400] "GET /?_r=193006978 HTTP/1.1" 200 5279 "https://bioredox.cl/sitemap957.xml" "Mozilla/5.0 AppleWebKit/537.36 (KHTML, like Gecko; compatible; GPTBot/1.4; +https://openai.com/gptbot)"
66.249.70.2 - - [08/Jul/2026:08:32:03 -0400] "GET /?items/A63632040395/ HTTP/1.1" 200 38957 "-" "Mozilla/5.0 (Linux; Android 6.0.1; Nexus 5X Build/MMB29P) AppleWebKit/537.36 (KHTML, like Gecko) Chrome/150.0.7871.46 Mobile Safari/537.36 (compatible; Googlebot/2.1; +http://www.google.com/bot.html)"
74.7.242.54 - - [08/Jul/2026:08:32:05 -0400] "GET /?_i=096028941 HTTP/1.1" 200 5279 "https://bioredox.cl/sitemap689.xml" "Mozilla/5.0 AppleWebKit/537.36 (KHTML, like Gecko; compatible; GPTBot/1.4; +https://openai.com/gptbot)"
74.7.242.54 - - [08/Jul/2026:08:32:05 -0400] "GET /?_j=292047663 HTTP/1.1" 200 5279 "https://bioredox.cl/sitemap248.xml" "Mozilla/5.0 AppleWebKit/537.36 (KHTML, like Gecko; compatible; GPTBot/1.4; +https://openai.com/gptbot)"
52.167.144.183 - - [08/Jul/2026:08:32:05 -0400] "GET /?1a85d6875005102.html HTTP/1.1" 200 33 "-" "Mozilla/5.0 AppleWebKit/537.36 (KHTML, like Gecko; compatible; bingbot/2.0; +http://www.bing.com/bingbot.htm) Chrome/116.0.1938.76 Safari/537.36"
74.7.242.54 - - [08/Jul/2026:08:32:06 -0400] "GET /?_h=159034232 HTTP/1.1" 200 5279 "https://bioredox.cl/sitemap861.xml" "Mozilla/5.0 AppleWebKit/537.36 (KHTML, like Gecko; compatible; GPTBot/1.4; +https://openai.com/gptbot)"
74.7.242.54 - - [08/Jul/2026:08:32:06 -0400] "GET /?_z=187049138 HTTP/1.1" 200 5279 "https://bioredox.cl/sitemap194.xml" "Mozilla/5.0 AppleWebKit/537.36 (KHTML, like Gecko; compatible; GPTBot/1.4; +https://openai.com/gptbot)"
74.7.242.54 - - [08/Jul/2026:08:32:07 -0400] "GET /?_w=130016975 HTTP/1.1" 200 5279 "https://bioredox.cl/sitemap194.xml" "Mozilla/5.0 AppleWebKit/537.36 (KHTML, like Gecko; compatible; GPTBot/1.4; +https://openai.com/gptbot)"
74.7.242.54 - - [08/Jul/2026:08:32:07 -0400] "GET /?_k=197045162 HTTP/1.1" 200 5279 "https://bioredox.cl/sitemap893.xml" "Mozilla/5.0 AppleWebKit/537.36 (KHTML, like Gecko; compatible; GPTBot/1.4; +https://openai.com/gptbot)"
66.249.70.2 - - [08/Jul/2026:08:32:07 -0400] "GET /?items/J63621516865/ HTTP/1.1" 200 39936 "-" "Mozilla/5.0 (Linux; Android 6.0.1; Nexus 5X Build/MMB29P) AppleWebKit/537.36 (KHTML, like Gecko) Chrome/150.0.7871.46 Mobile Safari/537.36 (compatible; Googlebot/2.1; +http://www.google.com/bot.html)"
74.7.242.54 - - [08/Jul/2026:08:32:08 -0400] "GET /?_h=176041493 HTTP/1.1" 200 5279 "https://bioredox.cl/sitemap194.xml" "Mozilla/5.0 AppleWebKit/537.36 (KHTML, like Gecko; compatible; GPTBot/1.4; +https://openai.com/gptbot)"
136.243.228.177 - - [08/Jul/2026:08:32:08 -0400] "GET /commoditys/216026048 HTTP/1.1" 200 5279 "-" "Mozilla/5.0 (compatible; DataForSeoBot/1.0; +https://dataforseo.com/dataforseo-bot)"
74.7.242.54 - - [08/Jul/2026:08:32:08 -0400] "GET /?_v=127035428 HTTP/1.1" 200 5279 "https://bioredox.cl/sitemap689.xml" "Mozilla/5.0 AppleWebKit/537.36 (KHTML, like Gecko; compatible; GPTBot/1.4; +https://openai.com/gptbot)"
74.7.242.54 - - [08/Jul/2026:08:32:09 -0400] "GET /?_a=296034547 HTTP/1.1" 200 5279 "https://bioredox.cl/sitemap893.xml" "Mozilla/5.0 AppleWebKit/537.36 (KHTML, like Gecko; compatible; GPTBot/1.4; +https://openai.com/gptbot)"
74.7.242.54 - - [08/Jul/2026:08:32:09 -0400] "GET /?_u=109039286 HTTP/1.1" 200 5279 "https://bioredox.cl/sitemap852.xml" "Mozilla/5.0 AppleWebKit/537.36 (KHTML, like Gecko; compatible; GPTBot/1.4; +https://openai.com/gptbot)"
74.7.242.54 - - [08/Jul/2026:08:32:10 -0400] "GET /?_b=148008275 HTTP/1.1" 200 5279 "https://bioredox.cl/sitemap248.xml" "Mozilla/5.0 AppleWebKit/537.36 (KHTML, like Gecko; compatible; GPTBot/1.4; +https://openai.com/gptbot)"
74.7.242.54 - - [08/Jul/2026:08:32:10 -0400] "GET /?_z=189040564 HTTP/1.1" 200 5279 "https://bioredox.cl/sitemap248.xml" "Mozilla/5.0 AppleWebKit/537.36 (KHTML, like Gecko; compatible; GPTBot/1.4; +https://openai.com/gptbot)"
74.7.242.54 - - [08/Jul/2026:08:32:11 -0400] "GET /?_d=073022146 HTTP/1.1" 200 5279 "https://bioredox.cl/sitemap852.xml" "Mozilla/5.0 AppleWebKit/537.36 (KHTML, like Gecko; compatible; GPTBot/1.4; +https://openai.com/gptbot)"
74.7.242.54 - - [08/Jul/2026:08:32:11 -0400] "GET /?_z=196018053 HTTP/1.1" 200 5279 "https://bioredox.cl/sitemap307.xml" "Mozilla/5.0 AppleWebKit/537.36 (KHTML, like Gecko; compatible; GPTBot/1.4; +https://openai.com/gptbot)"
95.129.101.177 - - [08/Jul/2026:08:32:12 -0400] "GET /?_l=163016046 HTTP/1.1" 200 5279 "-" "Mozilla/5.0 (compatible; SpiderLing; +https://nlp.fi.muni.cz/projects/biwec/)"
74.7.242.54 - - [08/Jul/2026:08:32:12 -0400] "GET /?_v=258009497 HTTP/1.1" 200 5279 "https://bioredox.cl/sitemap307.xml" "Mozilla/5.0 AppleWebKit/537.36 (KHTML, like Gecko; compatible; GPTBot/1.4; +https://openai.com/gptbot)"
74.7.242.54 - - [08/Jul/2026:08:32:12 -0400] "GET /?_j=273039160 HTTP/1.1" 200 5279 "https://bioredox.cl/sitemap836.xml" "Mozilla/5.0 AppleWebKit/537.36 (KHTML, like Gecko; compatible; GPTBot/1.4; +https://openai.com/gptbot)"
74.7.242.54 - - [08/Jul/2026:08:32:13 -0400] "GET /?_b=254039301 HTTP/1.1" 200 5279 "https://bioredox.cl/sitemap836.xml" "Mozilla/5.0 AppleWebKit/537.36 (KHTML, like Gecko; compatible; GPTBot/1.4; +https://openai.com/gptbot)"
66.249.70.1 - - [08/Jul/2026:08:32:12 -0400] "GET /?items/H63632154055/ HTTP/1.1" 200 39183 "-" "Mozilla/5.0 (Linux; Android 6.0.1; Nexus 5X Build/MMB29P) AppleWebKit/537.36 (KHTML, like Gecko) Chrome/150.0.7871.46 Mobile Safari/537.36 (compatible; Googlebot/2.1; +http://www.google.com/bot.html)"
74.7.242.54 - - [08/Jul/2026:08:32:14 -0400] "GET /?_c=230019879 HTTP/1.1" 200 5279 "https://bioredox.cl/sitemap248.xml" "Mozilla/5.0 AppleWebKit/537.36 (KHTML, like Gecko; compatible; GPTBot/1.4; +https://openai.com/gptbot)"
74.7.242.54 - - [08/Jul/2026:08:32:14 -0400] "GET /?_e=097039248 HTTP/1.1" 200 5279 "https://bioredox.cl/sitemap893.xml" "Mozilla/5.0 AppleWebKit/537.36 (KHTML, like Gecko; compatible; GPTBot/1.4; +https://openai.com/gptbot)"
74.7.242.54 - - [08/Jul/2026:08:32:15 -0400] "GET /?_x=129040636 HTTP/1.1" 200 5279 "https://bioredox.cl/sitemap248.xml" "Mozilla/5.0 AppleWebKit/537.36 (KHTML, like Gecko; compatible; GPTBot/1.4; +https://openai.com/gptbot)"
74.7.242.54 - - [08/Jul/2026:08:32:15 -0400] "GET /?_p=190048553 HTTP/1.1" 200 5279 "https://bioredox.cl/sitemap836.xml" "Mozilla/5.0 AppleWebKit/537.36 (KHTML, like Gecko; compatible; GPTBot/1.4; +https://openai.com/gptbot)"
74.7.242.54 - - [08/Jul/2026:08:32:16 -0400] "GET /?_p=159030582 HTTP/1.1" 200 5279 "https://bioredox.cl/sitemap852.xml" "Mozilla/5.0 AppleWebKit/537.36 (KHTML, like Gecko; compatible; GPTBot/1.4; +https://openai.com/gptbot)"
74.7.242.54 - - [08/Jul/2026:08:32:16 -0400] "GET /?_w=150037419 HTTP/1.1" 200 5279 "https://bioredox.cl/sitemap689.xml" "Mozilla/5.0 AppleWebKit/537.36 (KHTML, like Gecko; compatible; GPTBot/1.4; +https://openai.com/gptbot)"
74.7.242.54 - - [08/Jul/2026:08:32:17 -0400] "GET /?_i=275006178 HTTP/1.1" 200 5279 "https://bioredox.cl/sitemap307.xml" "Mozilla/5.0 AppleWebKit/537.36 (KHTML, like Gecko; compatible; GPTBot/1.4; +https://openai.com/gptbot)"
74.7.242.54 - - [08/Jul/2026:08:32:17 -0400] "GET /?_v=249012588 HTTP/1.1" 200 5279 "https://bioredox.cl/sitemap307.xml" "Mozilla/5.0 AppleWebKit/537.36 (KHTML, like Gecko; compatible; GPTBot/1.4; +https://openai.com/gptbot)"
66.249.70.1 - - [08/Jul/2026:08:32:16 -0400] "GET /?items/R63621772758/ HTTP/1.1" 200 38959 "-" "Mozilla/5.0 (Linux; Android 6.0.1; Nexus 5X Build/MMB29P) AppleWebKit/537.36 (KHTML, like Gecko) Chrome/150.0.7871.46 Mobile Safari/537.36 (compatible; Googlebot/2.1; +http://www.google.com/bot.html)"
114.119.145.36 - - [08/Jul/2026:08:32:18 -0400] "GET /commoditys/240000350 HTTP/1.1" 200 5279 "https://bioredox.cl/?sitemap638.xml" "Mozilla/5.0 (Linux; Android 7.0;) AppleWebKit/537.36 (HTML, like Gecko) Mobile Safari/537.36 (compatible; PetalBot;+https://webmaster.petalsearch.com/site/petalbot)"
74.7.242.54 - - [08/Jul/2026:08:32:18 -0400] "GET /?_k=139048678 HTTP/1.1" 200 5279 "https://bioredox.cl/sitemap394.xml" "Mozilla/5.0 AppleWebKit/537.36 (KHTML, like Gecko; compatible; GPTBot/1.4; +https://openai.com/gptbot)"
74.7.242.54 - - [08/Jul/2026:08:32:18 -0400] "GET /?_k=182040595 HTTP/1.1" 200 5279 "https://bioredox.cl/sitemap248.xml" "Mozilla/5.0 AppleWebKit/537.36 (KHTML, like Gecko; compatible; GPTBot/1.4; +https://openai.com/gptbot)"
74.7.242.54 - - [08/Jul/2026:08:32:19 -0400] "GET /?_h=094031167 HTTP/1.1" 200 5279 "https://bioredox.cl/sitemap689.xml" "Mozilla/5.0 AppleWebKit/537.36 (KHTML, like Gecko; compatible; GPTBot/1.4; +https://openai.com/gptbot)"
74.7.242.54 - - [08/Jul/2026:08:32:19 -0400] "GET /?_t=257021958 HTTP/1.1" 200 5279 "https://bioredox.cl/sitemap394.xml" "Mozilla/5.0 AppleWebKit/537.36 (KHTML, like Gecko; compatible; GPTBot/1.4; +https://openai.com/gptbot)"
74.7.242.54 - - [08/Jul/2026:08:32:20 -0400] "GET /?_k=058042723 HTTP/1.1" 200 5279 "https://bioredox.cl/sitemap893.xml" "Mozilla/5.0 AppleWebKit/537.36 (KHTML, like Gecko; compatible; GPTBot/1.4; +https://openai.com/gptbot)"
74.7.242.54 - - [08/Jul/2026:08:32:20 -0400] "GET /?_d=149043962 HTTP/1.1" 200 5279 "https://bioredox.cl/sitemap689.xml" "Mozilla/5.0 AppleWebKit/537.36 (KHTML, like Gecko; compatible; GPTBot/1.4; +https://openai.com/gptbot)"
74.7.242.54 - - [08/Jul/2026:08:32:21 -0400] "GET /?_v=114033967 HTTP/1.1" 200 5279 "https://bioredox.cl/sitemap472.xml" "Mozilla/5.0 AppleWebKit/537.36 (KHTML, like Gecko; compatible; GPTBot/1.4; +https://openai.com/gptbot)"
74.7.242.54 - - [08/Jul/2026:08:32:22 -0400] "GET /?_z=169021372 HTTP/1.1" 200 5279 "https://bioredox.cl/sitemap394.xml" "Mozilla/5.0 AppleWebKit/537.36 (KHTML, like Gecko; compatible; GPTBot/1.4; +https://openai.com/gptbot)"
74.7.242.54 - - [08/Jul/2026:08:32:22 -0400] "GET /?_a=053024958 HTTP/1.1" 200 5279 "https://bioredox.cl/sitemap893.xml" "Mozilla/5.0 AppleWebKit/537.36 (KHTML, like Gecko; compatible; GPTBot/1.4; +https://openai.com/gptbot)"
74.7.242.54 - - [08/Jul/2026:08:32:23 -0400] "GET /?_u=172036149 HTTP/1.1" 200 5279 "https://bioredox.cl/sitemap394.xml" "Mozilla/5.0 AppleWebKit/537.36 (KHTML, like Gecko; compatible; GPTBot/1.4; +https://openai.com/gptbot)"
74.7.242.54 - - [08/Jul/2026:08:32:23 -0400] "GET /?_w=265019682 HTTP/1.1" 200 5279 "https://bioredox.cl/sitemap861.xml" "Mozilla/5.0 AppleWebKit/537.36 (KHTML, like Gecko; compatible; GPTBot/1.4; +https://openai.com/gptbot)"
74.7.242.54 - - [08/Jul/2026:08:32:24 -0400] "GET /?_c=216048533 HTTP/1.1" 200 5279 "https://bioredox.cl/sitemap472.xml" "Mozilla/5.0 AppleWebKit/537.36 (KHTML, like Gecko; compatible; GPTBot/1.4; +https://openai.com/gptbot)"
66.249.70.1 - - [08/Jul/2026:08:32:23 -0400] "GET /?items/H63621928379/ HTTP/1.1" 200 39442 "-" "Mozilla/5.0 (Linux; Android 6.0.1; Nexus 5X Build/MMB29P) AppleWebKit/537.36 (KHTML, like Gecko) Chrome/150.0.7871.46 Mobile Safari/537.36 (compatible; Googlebot/2.1; +http://www.google.com/bot.html)"
74.7.242.54 - - [08/Jul/2026:08:32:24 -0400] "GET /?_n=047019578 HTTP/1.1" 200 5279 "https://bioredox.cl/sitemap472.xml" "Mozilla/5.0 AppleWebKit/537.36 (KHTML, like Gecko; compatible; GPTBot/1.4; +https://openai.com/gptbot)"
74.7.242.54 - - [08/Jul/2026:08:32:25 -0400] "GET /?_z=195007934 HTTP/1.1" 200 5279 "https://bioredox.cl/sitemap836.xml" "Mozilla/5.0 AppleWebKit/537.36 (KHTML, like Gecko; compatible; GPTBot/1.4; +https://openai.com/gptbot)"
66.249.70.1 - - [08/Jul/2026:08:32:24 -0400] "GET /?items/Y63632076562/ HTTP/1.1" 200 38884 "-" "Mozilla/5.0 (Linux; Android 6.0.1; Nexus 5X Build/MMB29P) AppleWebKit/537.36 (KHTML, like Gecko) Chrome/150.0.7871.46 Mobile Safari/537.36 (compatible; Googlebot/2.1; +http://www.google.com/bot.html)"
74.7.242.54 - - [08/Jul/2026:08:32:25 -0400] "GET /?_o=252018907 HTTP/1.1" 200 5279 "https://bioredox.cl/sitemap893.xml" "Mozilla/5.0 AppleWebKit/537.36 (KHTML, like Gecko; compatible; GPTBot/1.4; +https://openai.com/gptbot)"
74.7.242.54 - - [08/Jul/2026:08:32:26 -0400] "GET /?_t=029011538 HTTP/1.1" 200 5279 "https://bioredox.cl/sitemap852.xml" "Mozilla/5.0 AppleWebKit/537.36 (KHTML, like Gecko; compatible; GPTBot/1.4; +https://openai.com/gptbot)"
74.7.242.54 - - [08/Jul/2026:08:32:26 -0400] "GET /?_l=163015796 HTTP/1.1" 200 5279 "https://bioredox.cl/sitemap307.xml" "Mozilla/5.0 AppleWebKit/537.36 (KHTML, like Gecko; compatible; GPTBot/1.4; +https://openai.com/gptbot)"
74.7.242.54 - - [08/Jul/2026:08:32:27 -0400] "GET /?_g=262043679 HTTP/1.1" 200 5279 "https://bioredox.cl/sitemap689.xml" "Mozilla/5.0 AppleWebKit/537.36 (KHTML, like Gecko; compatible; GPTBot/1.4; +https://openai.com/gptbot)"
74.7.242.54 - - [08/Jul/2026:08:32:27 -0400] "GET /?_j=187019324 HTTP/1.1" 200 5279 "https://bioredox.cl/sitemap307.xml" "Mozilla/5.0 AppleWebKit/537.36 (KHTML, like Gecko; compatible; GPTBot/1.4; +https://openai.com/gptbot)"
74.7.242.54 - - [08/Jul/2026:08:32:28 -0400] "GET /?_z=234007789 HTTP/1.1" 200 5279 "https://bioredox.cl/sitemap472.xml" "Mozilla/5.0 AppleWebKit/537.36 (KHTML, like Gecko; compatible; GPTBot/1.4; +https://openai.com/gptbot)"
74.7.242.54 - - [08/Jul/2026:08:32:29 -0400] "GET /?_x=254031847 HTTP/1.1" 200 5279 "https://bioredox.cl/sitemap394.xml" "Mozilla/5.0 AppleWebKit/537.36 (KHTML, like Gecko; compatible; GPTBot/1.4; +https://openai.com/gptbot)"
74.7.242.54 - - [08/Jul/2026:08:32:30 -0400] "GET /?_q=180049251 HTTP/1.1" 200 5279 "https://bioredox.cl/sitemap836.xml" "Mozilla/5.0 AppleWebKit/537.36 (KHTML, like Gecko; compatible; GPTBot/1.4; +https://openai.com/gptbot)"
74.7.242.54 - - [08/Jul/2026:08:32:30 -0400] "GET /?_e=178004935 HTTP/1.1" 200 5279 "https://bioredox.cl/sitemap689.xml" "Mozilla/5.0 AppleWebKit/537.36 (KHTML, like Gecko; compatible; GPTBot/1.4; +https://openai.com/gptbot)"
74.7.242.54 - - [08/Jul/2026:08:32:31 -0400] "GET /?_u=139048710 HTTP/1.1" 200 5279 "https://bioredox.cl/sitemap957.xml" "Mozilla/5.0 AppleWebKit/537.36 (KHTML, like Gecko; compatible; GPTBot/1.4; +https://openai.com/gptbot)"
74.7.242.54 - - [08/Jul/2026:08:32:31 -0400] "GET /?_f=198041823 HTTP/1.1" 200 5279 "https://bioredox.cl/sitemap861.xml" "Mozilla/5.0 AppleWebKit/537.36 (KHTML, like Gecko; compatible; GPTBot/1.4; +https://openai.com/gptbot)"
74.7.242.54 - - [08/Jul/2026:08:32:32 -0400] "GET /?_p=136005179 HTTP/1.1" 200 5279 "https://bioredox.cl/sitemap893.xml" "Mozilla/5.0 AppleWebKit/537.36 (KHTML, like Gecko; compatible; GPTBot/1.4; +https://openai.com/gptbot)"
74.7.242.54 - - [08/Jul/2026:08:32:32 -0400] "GET /?_k=258019271 HTTP/1.1" 200 5279 "https://bioredox.cl/sitemap852.xml" "Mozilla/5.0 AppleWebKit/537.36 (KHTML, like Gecko; compatible; GPTBot/1.4; +https://openai.com/gptbot)"
66.249.70.1 - - [08/Jul/2026:08:32:30 -0400] "GET /?items/Z63621677954/ HTTP/1.1" 200 41127 "-" "Mozilla/5.0 (Linux; Android 6.0.1; Nexus 5X Build/MMB29P) AppleWebKit/537.36 (KHTML, like Gecko) Chrome/150.0.7871.46 Mobile Safari/537.36 (compatible; Googlebot/2.1; +http://www.google.com/bot.html)"
74.7.242.54 - - [08/Jul/2026:08:32:33 -0400] "GET /?_c=262037419 HTTP/1.1" 200 5279 "https://bioredox.cl/sitemap194.xml" "Mozilla/5.0 AppleWebKit/537.36 (KHTML, like Gecko; compatible; GPTBot/1.4; +https://openai.com/gptbot)"
74.7.242.54 - - [08/Jul/2026:08:32:33 -0400] "GET /?_i=078016925 HTTP/1.1" 200 5279 "https://bioredox.cl/sitemap394.xml" "Mozilla/5.0 AppleWebKit/537.36 (KHTML, like Gecko; compatible; GPTBot/1.4; +https://openai.com/gptbot)"
74.7.242.54 - - [08/Jul/2026:08:32:34 -0400] "GET /?_l=164012569 HTTP/1.1" 200 5279 "https://bioredox.cl/sitemap689.xml" "Mozilla/5.0 AppleWebKit/537.36 (KHTML, like Gecko; compatible; GPTBot/1.4; +https://openai.com/gptbot)"
74.7.242.54 - - [08/Jul/2026:08:32:34 -0400] "GET /?_q=255036314 HTTP/1.1" 200 5279 "https://bioredox.cl/sitemap689.xml" "Mozilla/5.0 AppleWebKit/537.36 (KHTML, like Gecko; compatible; GPTBot/1.4; +https://openai.com/gptbot)"
74.7.242.54 - - [08/Jul/2026:08:32:35 -0400] "GET /?_b=156047849 HTTP/1.1" 200 5279 "https://bioredox.cl/sitemap248.xml" "Mozilla/5.0 AppleWebKit/537.36 (KHTML, like Gecko; compatible; GPTBot/1.4; +https://openai.com/gptbot)"
74.7.242.54 - - [08/Jul/2026:08:32:35 -0400] "GET /?_k=259010346 HTTP/1.1" 200 5279 "https://bioredox.cl/sitemap194.xml" "Mozilla/5.0 AppleWebKit/537.36 (KHTML, like Gecko; compatible; GPTBot/1.4; +https://openai.com/gptbot)"
74.7.242.54 - - [08/Jul/2026:08:32:36 -0400] "GET /?_y=031028794 HTTP/1.1" 200 5279 "https://bioredox.cl/sitemap194.xml" "Mozilla/5.0 AppleWebKit/537.36 (KHTML, like Gecko; compatible; GPTBot/1.4; +https://openai.com/gptbot)"
74.7.242.54 - - [08/Jul/2026:08:32:36 -0400] "GET /?_u=293026948 HTTP/1.1" 200 5279 "https://bioredox.cl/sitemap836.xml" "Mozilla/5.0 AppleWebKit/537.36 (KHTML, like Gecko; compatible; GPTBot/1.4; +https://openai.com/gptbot)"
66.249.70.2 - - [08/Jul/2026:08:32:36 -0400] "GET /?items/Z63611088157/ HTTP/1.1" 200 39280 "-" "Mozilla/5.0 (Linux; Android 6.0.1; Nexus 5X Build/MMB29P) AppleWebKit/537.36 (KHTML, like Gecko) Chrome/150.0.7871.46 Mobile Safari/537.36 (compatible; Googlebot/2.1; +http://www.google.com/bot.html)"
74.7.242.54 - - [08/Jul/2026:08:32:37 -0400] "GET /?_h=291046380 HTTP/1.1" 200 5279 "https://bioredox.cl/sitemap394.xml" "Mozilla/5.0 AppleWebKit/537.36 (KHTML, like Gecko; compatible; GPTBot/1.4; +https://openai.com/gptbot)"
74.7.242.54 - - [08/Jul/2026:08:32:37 -0400] "GET /?_e=180035637 HTTP/1.1" 200 5279 "https://bioredox.cl/sitemap852.xml" "Mozilla/5.0 AppleWebKit/537.36 (KHTML, like Gecko; compatible; GPTBot/1.4; +https://openai.com/gptbot)"
74.7.242.54 - - [08/Jul/2026:08:32:38 -0400] "GET /?_j=056017895 HTTP/1.1" 200 5279 "https://bioredox.cl/sitemap689.xml" "Mozilla/5.0 AppleWebKit/537.36 (KHTML, like Gecko; compatible; GPTBot/1.4; +https://openai.com/gptbot)"
74.7.242.54 - - [08/Jul/2026:08:32:38 -0400] "GET /?_t=156035781 HTTP/1.1" 200 5279 "https://bioredox.cl/sitemap852.xml" "Mozilla/5.0 AppleWebKit/537.36 (KHTML, like Gecko; compatible; GPTBot/1.4; +https://openai.com/gptbot)"
74.7.242.54 - - [08/Jul/2026:08:32:39 -0400] "GET /?_e=189033466 HTTP/1.1" 200 5279 "https://bioredox.cl/sitemap836.xml" "Mozilla/5.0 AppleWebKit/537.36 (KHTML, like Gecko; compatible; GPTBot/1.4; +https://openai.com/gptbot)"
74.7.242.54 - - [08/Jul/2026:08:32:39 -0400] "GET /?_u=074013915 HTTP/1.1" 200 5279 "https://bioredox.cl/sitemap394.xml" "Mozilla/5.0 AppleWebKit/537.36 (KHTML, like Gecko; compatible; GPTBot/1.4; +https://openai.com/gptbot)"
