74.7.242.54 - - [08/Jul/2026:08:36:02 -0400] "GET /?_e=152008729 HTTP/1.1" 200 5279 "https://bioredox.cl/sitemap861.xml" "Mozilla/5.0 AppleWebKit/537.36 (KHTML, like Gecko; compatible; GPTBot/1.4; +https://openai.com/gptbot)"
74.7.242.54 - - [08/Jul/2026:08:36:03 -0400] "GET /?_w=254048327 HTTP/1.1" 200 5279 "https://bioredox.cl/sitemap836.xml" "Mozilla/5.0 AppleWebKit/537.36 (KHTML, like Gecko; compatible; GPTBot/1.4; +https://openai.com/gptbot)"
74.7.242.54 - - [08/Jul/2026:08:36:03 -0400] "GET /?_w=074049183 HTTP/1.1" 200 5279 "https://bioredox.cl/sitemap248.xml" "Mozilla/5.0 AppleWebKit/537.36 (KHTML, like Gecko; compatible; GPTBot/1.4; +https://openai.com/gptbot)"
74.7.242.54 - - [08/Jul/2026:08:36:04 -0400] "GET /?_k=076032943 HTTP/1.1" 200 5279 "https://bioredox.cl/sitemap893.xml" "Mozilla/5.0 AppleWebKit/537.36 (KHTML, like Gecko; compatible; GPTBot/1.4; +https://openai.com/gptbot)"
74.7.242.54 - - [08/Jul/2026:08:36:04 -0400] "GET /?_n=291008672 HTTP/1.1" 200 5279 "https://bioredox.cl/sitemap689.xml" "Mozilla/5.0 AppleWebKit/537.36 (KHTML, like Gecko; compatible; GPTBot/1.4; +https://openai.com/gptbot)"
74.7.242.54 - - [08/Jul/2026:08:36:05 -0400] "GET /?_g=234028647 HTTP/1.1" 200 5279 "https://bioredox.cl/sitemap194.xml" "Mozilla/5.0 AppleWebKit/537.36 (KHTML, like Gecko; compatible; GPTBot/1.4; +https://openai.com/gptbot)"
74.7.242.54 - - [08/Jul/2026:08:36:05 -0400] "GET /?_c=238042371 HTTP/1.1" 200 5279 "https://bioredox.cl/sitemap248.xml" "Mozilla/5.0 AppleWebKit/537.36 (KHTML, like Gecko; compatible; GPTBot/1.4; +https://openai.com/gptbot)"
74.7.242.54 - - [08/Jul/2026:08:36:06 -0400] "GET /?_o=282041773 HTTP/1.1" 200 5279 "https://bioredox.cl/sitemap394.xml" "Mozilla/5.0 AppleWebKit/537.36 (KHTML, like Gecko; compatible; GPTBot/1.4; +https://openai.com/gptbot)"
74.7.242.54 - - [08/Jul/2026:08:36:07 -0400] "GET /?_i=257039438 HTTP/1.1" 200 5279 "https://bioredox.cl/sitemap472.xml" "Mozilla/5.0 AppleWebKit/537.36 (KHTML, like Gecko; compatible; GPTBot/1.4; +https://openai.com/gptbot)"
74.7.242.54 - - [08/Jul/2026:08:36:07 -0400] "GET /?_l=043022956 HTTP/1.1" 200 5279 "https://bioredox.cl/sitemap472.xml" "Mozilla/5.0 AppleWebKit/537.36 (KHTML, like Gecko; compatible; GPTBot/1.4; +https://openai.com/gptbot)"
136.243.228.177 - - [08/Jul/2026:08:36:08 -0400] "GET /commoditys/200027438 HTTP/1.1" 200 5279 "-" "Mozilla/5.0 (compatible; DataForSeoBot/1.0; +https://dataforseo.com/dataforseo-bot)"
74.7.242.54 - - [08/Jul/2026:08:36:08 -0400] "GET /?_j=042019465 HTTP/1.1" 200 5279 "https://bioredox.cl/sitemap893.xml" "Mozilla/5.0 AppleWebKit/537.36 (KHTML, like Gecko; compatible; GPTBot/1.4; +https://openai.com/gptbot)"
74.7.242.54 - - [08/Jul/2026:08:36:08 -0400] "GET /?_w=147033218 HTTP/1.1" 200 5279 "https://bioredox.cl/sitemap893.xml" "Mozilla/5.0 AppleWebKit/537.36 (KHTML, like Gecko; compatible; GPTBot/1.4; +https://openai.com/gptbot)"
74.7.242.54 - - [08/Jul/2026:08:36:09 -0400] "GET /?_r=134023675 HTTP/1.1" 200 5279 "https://bioredox.cl/sitemap472.xml" "Mozilla/5.0 AppleWebKit/537.36 (KHTML, like Gecko; compatible; GPTBot/1.4; +https://openai.com/gptbot)"
74.7.242.54 - - [08/Jul/2026:08:36:09 -0400] "GET /?_b=170035261 HTTP/1.1" 200 5279 "https://bioredox.cl/sitemap861.xml" "Mozilla/5.0 AppleWebKit/537.36 (KHTML, like Gecko; compatible; GPTBot/1.4; +https://openai.com/gptbot)"
74.7.242.54 - - [08/Jul/2026:08:36:10 -0400] "GET /?_q=243011762 HTTP/1.1" 200 5279 "https://bioredox.cl/sitemap248.xml" "Mozilla/5.0 AppleWebKit/537.36 (KHTML, like Gecko; compatible; GPTBot/1.4; +https://openai.com/gptbot)"
74.7.242.54 - - [08/Jul/2026:08:36:10 -0400] "GET /?_z=289046256 HTTP/1.1" 200 5279 "https://bioredox.cl/sitemap472.xml" "Mozilla/5.0 AppleWebKit/537.36 (KHTML, like Gecko; compatible; GPTBot/1.4; +https://openai.com/gptbot)"
74.7.242.54 - - [08/Jul/2026:08:36:11 -0400] "GET /?_w=042018597 HTTP/1.1" 200 5279 "https://bioredox.cl/sitemap836.xml" "Mozilla/5.0 AppleWebKit/537.36 (KHTML, like Gecko; compatible; GPTBot/1.4; +https://openai.com/gptbot)"
74.7.242.54 - - [08/Jul/2026:08:36:11 -0400] "GET /?_q=097031368 HTTP/1.1" 200 5279 "https://bioredox.cl/sitemap307.xml" "Mozilla/5.0 AppleWebKit/537.36 (KHTML, like Gecko; compatible; GPTBot/1.4; +https://openai.com/gptbot)"
74.7.242.54 - - [08/Jul/2026:08:36:12 -0400] "GET /?_l=245010838 HTTP/1.1" 200 5279 "https://bioredox.cl/sitemap836.xml" "Mozilla/5.0 AppleWebKit/537.36 (KHTML, like Gecko; compatible; GPTBot/1.4; +https://openai.com/gptbot)"
74.7.242.54 - - [08/Jul/2026:08:36:12 -0400] "GET /?_m=142015797 HTTP/1.1" 200 5279 "https://bioredox.cl/sitemap852.xml" "Mozilla/5.0 AppleWebKit/537.36 (KHTML, like Gecko; compatible; GPTBot/1.4; +https://openai.com/gptbot)"
74.7.242.54 - - [08/Jul/2026:08:36:13 -0400] "GET /?_u=138009541 HTTP/1.1" 200 5279 "https://bioredox.cl/sitemap861.xml" "Mozilla/5.0 AppleWebKit/537.36 (KHTML, like Gecko; compatible; GPTBot/1.4; +https://openai.com/gptbot)"
74.7.242.54 - - [08/Jul/2026:08:36:13 -0400] "GET /?_d=281034472 HTTP/1.1" 200 5279 "https://bioredox.cl/sitemap472.xml" "Mozilla/5.0 AppleWebKit/537.36 (KHTML, like Gecko; compatible; GPTBot/1.4; +https://openai.com/gptbot)"
136.243.228.177 - - [08/Jul/2026:08:36:14 -0400] "GET /?_l=222011433 HTTP/1.1" 200 5279 "-" "Mozilla/5.0 (compatible; DataForSeoBot/1.0; +https://dataforseo.com/dataforseo-bot)"
74.7.242.54 - - [08/Jul/2026:08:36:14 -0400] "GET /?_u=056012877 HTTP/1.1" 200 5279 "https://bioredox.cl/sitemap307.xml" "Mozilla/5.0 AppleWebKit/537.36 (KHTML, like Gecko; compatible; GPTBot/1.4; +https://openai.com/gptbot)"
74.7.242.54 - - [08/Jul/2026:08:36:15 -0400] "GET /?_h=297045152 HTTP/1.1" 200 5279 "https://bioredox.cl/sitemap861.xml" "Mozilla/5.0 AppleWebKit/537.36 (KHTML, like Gecko; compatible; GPTBot/1.4; +https://openai.com/gptbot)"
74.7.242.54 - - [08/Jul/2026:08:36:15 -0400] "GET /?_a=241017528 HTTP/1.1" 200 5279 "https://bioredox.cl/sitemap836.xml" "Mozilla/5.0 AppleWebKit/537.36 (KHTML, like Gecko; compatible; GPTBot/1.4; +https://openai.com/gptbot)"
74.7.242.54 - - [08/Jul/2026:08:36:16 -0400] "GET /?_e=156038985 HTTP/1.1" 200 5279 "https://bioredox.cl/sitemap861.xml" "Mozilla/5.0 AppleWebKit/537.36 (KHTML, like Gecko; compatible; GPTBot/1.4; +https://openai.com/gptbot)"
74.7.242.54 - - [08/Jul/2026:08:36:16 -0400] "GET /?_o=056017481 HTTP/1.1" 200 5279 "https://bioredox.cl/sitemap248.xml" "Mozilla/5.0 AppleWebKit/537.36 (KHTML, like Gecko; compatible; GPTBot/1.4; +https://openai.com/gptbot)"
74.7.242.54 - - [08/Jul/2026:08:36:17 -0400] "GET /?_z=251019274 HTTP/1.1" 200 5279 "https://bioredox.cl/sitemap194.xml" "Mozilla/5.0 AppleWebKit/537.36 (KHTML, like Gecko; compatible; GPTBot/1.4; +https://openai.com/gptbot)"
74.7.242.54 - - [08/Jul/2026:08:36:17 -0400] "GET /?_k=261023848 HTTP/1.1" 200 5279 "https://bioredox.cl/sitemap689.xml" "Mozilla/5.0 AppleWebKit/537.36 (KHTML, like Gecko; compatible; GPTBot/1.4; +https://openai.com/gptbot)"
66.249.70.2 - - [08/Jul/2026:08:36:16 -0400] "GET /?items/U63632309095/ HTTP/1.1" 200 39976 "-" "Mozilla/5.0 (Linux; Android 6.0.1; Nexus 5X Build/MMB29P) AppleWebKit/537.36 (KHTML, like Gecko) Chrome/150.0.7871.46 Mobile Safari/537.36 (compatible; Googlebot/2.1; +http://www.google.com/bot.html)"
74.7.242.54 - - [08/Jul/2026:08:36:18 -0400] "GET /?_y=170039451 HTTP/1.1" 200 5279 "https://bioredox.cl/sitemap394.xml" "Mozilla/5.0 AppleWebKit/537.36 (KHTML, like Gecko; compatible; GPTBot/1.4; +https://openai.com/gptbot)"
74.7.242.54 - - [08/Jul/2026:08:36:18 -0400] "GET /?_y=036017281 HTTP/1.1" 200 5279 "https://bioredox.cl/sitemap307.xml" "Mozilla/5.0 AppleWebKit/537.36 (KHTML, like Gecko; compatible; GPTBot/1.4; +https://openai.com/gptbot)"
74.7.242.54 - - [08/Jul/2026:08:36:19 -0400] "GET /?_f=248038177 HTTP/1.1" 200 5279 "https://bioredox.cl/sitemap893.xml" "Mozilla/5.0 AppleWebKit/537.36 (KHTML, like Gecko; compatible; GPTBot/1.4; +https://openai.com/gptbot)"
74.7.242.54 - - [08/Jul/2026:08:36:19 -0400] "GET /?_l=177006392 HTTP/1.1" 200 5279 "https://bioredox.cl/sitemap194.xml" "Mozilla/5.0 AppleWebKit/537.36 (KHTML, like Gecko; compatible; GPTBot/1.4; +https://openai.com/gptbot)"
74.7.242.54 - - [08/Jul/2026:08:36:20 -0400] "GET /?_y=191028706 HTTP/1.1" 200 5279 "https://bioredox.cl/sitemap689.xml" "Mozilla/5.0 AppleWebKit/537.36 (KHTML, like Gecko; compatible; GPTBot/1.4; +https://openai.com/gptbot)"
74.7.242.54 - - [08/Jul/2026:08:36:20 -0400] "GET /?_l=071036352 HTTP/1.1" 200 5279 "https://bioredox.cl/sitemap248.xml" "Mozilla/5.0 AppleWebKit/537.36 (KHTML, like Gecko; compatible; GPTBot/1.4; +https://openai.com/gptbot)"
74.7.242.54 - - [08/Jul/2026:08:36:21 -0400] "GET /?_w=178001243 HTTP/1.1" 200 5279 "https://bioredox.cl/sitemap836.xml" "Mozilla/5.0 AppleWebKit/537.36 (KHTML, like Gecko; compatible; GPTBot/1.4; +https://openai.com/gptbot)"
74.7.242.54 - - [08/Jul/2026:08:36:21 -0400] "GET /?_z=214048931 HTTP/1.1" 200 5279 "https://bioredox.cl/sitemap394.xml" "Mozilla/5.0 AppleWebKit/537.36 (KHTML, like Gecko; compatible; GPTBot/1.4; +https://openai.com/gptbot)"
74.7.242.54 - - [08/Jul/2026:08:36:22 -0400] "GET /?_f=206035379 HTTP/1.1" 200 5279 "https://bioredox.cl/sitemap394.xml" "Mozilla/5.0 AppleWebKit/537.36 (KHTML, like Gecko; compatible; GPTBot/1.4; +https://openai.com/gptbot)"
74.7.242.54 - - [08/Jul/2026:08:36:22 -0400] "GET /?_l=199043764 HTTP/1.1" 200 5279 "https://bioredox.cl/sitemap307.xml" "Mozilla/5.0 AppleWebKit/537.36 (KHTML, like Gecko; compatible; GPTBot/1.4; +https://openai.com/gptbot)"
74.7.242.54 - - [08/Jul/2026:08:36:23 -0400] "GET /?_o=298033515 HTTP/1.1" 200 5279 "https://bioredox.cl/sitemap194.xml" "Mozilla/5.0 AppleWebKit/537.36 (KHTML, like Gecko; compatible; GPTBot/1.4; +https://openai.com/gptbot)"
136.243.228.177 - - [08/Jul/2026:08:36:23 -0400] "GET /commoditys/163045559 HTTP/1.1" 200 5279 "-" "Mozilla/5.0 (compatible; DataForSeoBot/1.0; +https://dataforseo.com/dataforseo-bot)"
74.7.242.54 - - [08/Jul/2026:08:36:24 -0400] "GET /?_e=126037199 HTTP/1.1" 200 5279 "https://bioredox.cl/sitemap861.xml" "Mozilla/5.0 AppleWebKit/537.36 (KHTML, like Gecko; compatible; GPTBot/1.4; +https://openai.com/gptbot)"
74.7.242.54 - - [08/Jul/2026:08:36:24 -0400] "GET /?_g=235040126 HTTP/1.1" 200 5279 "https://bioredox.cl/sitemap957.xml" "Mozilla/5.0 AppleWebKit/537.36 (KHTML, like Gecko; compatible; GPTBot/1.4; +https://openai.com/gptbot)"
74.7.242.54 - - [08/Jul/2026:08:36:25 -0400] "GET /?_v=295011766 HTTP/1.1" 200 5279 "https://bioredox.cl/sitemap861.xml" "Mozilla/5.0 AppleWebKit/537.36 (KHTML, like Gecko; compatible; GPTBot/1.4; +https://openai.com/gptbot)"
74.7.242.54 - - [08/Jul/2026:08:36:25 -0400] "GET /?_p=263045878 HTTP/1.1" 200 5279 "https://bioredox.cl/sitemap893.xml" "Mozilla/5.0 AppleWebKit/537.36 (KHTML, like Gecko; compatible; GPTBot/1.4; +https://openai.com/gptbot)"
74.7.242.54 - - [08/Jul/2026:08:36:26 -0400] "GET /?_k=135023466 HTTP/1.1" 200 5279 "https://bioredox.cl/sitemap861.xml" "Mozilla/5.0 AppleWebKit/537.36 (KHTML, like Gecko; compatible; GPTBot/1.4; +https://openai.com/gptbot)"
74.7.242.54 - - [08/Jul/2026:08:36:26 -0400] "GET /?_k=142043779 HTTP/1.1" 200 5279 "https://bioredox.cl/sitemap893.xml" "Mozilla/5.0 AppleWebKit/537.36 (KHTML, like Gecko; compatible; GPTBot/1.4; +https://openai.com/gptbot)"
74.7.242.54 - - [08/Jul/2026:08:36:27 -0400] "GET /?_w=159027058 HTTP/1.1" 200 5279 "https://bioredox.cl/sitemap689.xml" "Mozilla/5.0 AppleWebKit/537.36 (KHTML, like Gecko; compatible; GPTBot/1.4; +https://openai.com/gptbot)"
74.7.242.54 - - [08/Jul/2026:08:36:27 -0400] "GET /?_k=227036150 HTTP/1.1" 200 5279 "https://bioredox.cl/sitemap836.xml" "Mozilla/5.0 AppleWebKit/537.36 (KHTML, like Gecko; compatible; GPTBot/1.4; +https://openai.com/gptbot)"
74.7.242.54 - - [08/Jul/2026:08:36:28 -0400] "GET /?_g=133044698 HTTP/1.1" 200 5279 "https://bioredox.cl/sitemap957.xml" "Mozilla/5.0 AppleWebKit/537.36 (KHTML, like Gecko; compatible; GPTBot/1.4; +https://openai.com/gptbot)"
74.7.242.54 - - [08/Jul/2026:08:36:28 -0400] "GET /?_q=068012975 HTTP/1.1" 200 5279 "https://bioredox.cl/sitemap957.xml" "Mozilla/5.0 AppleWebKit/537.36 (KHTML, like Gecko; compatible; GPTBot/1.4; +https://openai.com/gptbot)"
74.7.242.54 - - [08/Jul/2026:08:36:29 -0400] "GET /?_o=186015549 HTTP/1.1" 200 5279 "https://bioredox.cl/sitemap194.xml" "Mozilla/5.0 AppleWebKit/537.36 (KHTML, like Gecko; compatible; GPTBot/1.4; +https://openai.com/gptbot)"
66.249.70.1 - - [08/Jul/2026:08:36:28 -0400] "GET /?items/L63632477408/ HTTP/1.1" 200 38868 "-" "Mozilla/5.0 (Linux; Android 6.0.1; Nexus 5X Build/MMB29P) AppleWebKit/537.36 (KHTML, like Gecko) Chrome/150.0.7871.46 Mobile Safari/537.36 (compatible; Googlebot/2.1; +http://www.google.com/bot.html)"
74.7.242.54 - - [08/Jul/2026:08:36:29 -0400] "GET /?_k=206034749 HTTP/1.1" 200 5279 "https://bioredox.cl/sitemap957.xml" "Mozilla/5.0 AppleWebKit/537.36 (KHTML, like Gecko; compatible; GPTBot/1.4; +https://openai.com/gptbot)"
136.243.228.177 - - [08/Jul/2026:08:36:30 -0400] "GET /commoditys/168017176 HTTP/1.1" 200 5279 "-" "Mozilla/5.0 (compatible; DataForSeoBot/1.0; +https://dataforseo.com/dataforseo-bot)"
74.7.242.54 - - [08/Jul/2026:08:36:30 -0400] "GET /?_m=231017976 HTTP/1.1" 200 5279 "https://bioredox.cl/sitemap307.xml" "Mozilla/5.0 AppleWebKit/537.36 (KHTML, like Gecko; compatible; GPTBot/1.4; +https://openai.com/gptbot)"
74.7.242.54 - - [08/Jul/2026:08:36:30 -0400] "GET /?_h=053046612 HTTP/1.1" 200 5279 "https://bioredox.cl/sitemap248.xml" "Mozilla/5.0 AppleWebKit/537.36 (KHTML, like Gecko; compatible; GPTBot/1.4; +https://openai.com/gptbot)"
114.119.150.254 - - [08/Jul/2026:08:36:31 -0400] "GET /commoditys/239049601 HTTP/1.1" 200 5279 "https://bioredox.cl/?sitemap638.xml" "Mozilla/5.0 (Linux; Android 7.0;) AppleWebKit/537.36 (HTML, like Gecko) Mobile Safari/537.36 (compatible; PetalBot;+https://webmaster.petalsearch.com/site/petalbot)"
74.7.242.54 - - [08/Jul/2026:08:36:31 -0400] "GET /?_i=198045175 HTTP/1.1" 200 5279 "https://bioredox.cl/sitemap861.xml" "Mozilla/5.0 AppleWebKit/537.36 (KHTML, like Gecko; compatible; GPTBot/1.4; +https://openai.com/gptbot)"
74.7.242.54 - - [08/Jul/2026:08:36:32 -0400] "GET /?_j=154017463 HTTP/1.1" 200 5279 "https://bioredox.cl/sitemap689.xml" "Mozilla/5.0 AppleWebKit/537.36 (KHTML, like Gecko; compatible; GPTBot/1.4; +https://openai.com/gptbot)"
74.7.242.54 - - [08/Jul/2026:08:36:32 -0400] "GET /?_d=122048645 HTTP/1.1" 200 5279 "https://bioredox.cl/sitemap852.xml" "Mozilla/5.0 AppleWebKit/537.36 (KHTML, like Gecko; compatible; GPTBot/1.4; +https://openai.com/gptbot)"
74.7.242.54 - - [08/Jul/2026:08:36:33 -0400] "GET /?_c=192014589 HTTP/1.1" 200 5279 "https://bioredox.cl/sitemap248.xml" "Mozilla/5.0 AppleWebKit/537.36 (KHTML, like Gecko; compatible; GPTBot/1.4; +https://openai.com/gptbot)"
74.7.242.54 - - [08/Jul/2026:08:36:33 -0400] "GET /?_j=208034465 HTTP/1.1" 200 5279 "https://bioredox.cl/sitemap307.xml" "Mozilla/5.0 AppleWebKit/537.36 (KHTML, like Gecko; compatible; GPTBot/1.4; +https://openai.com/gptbot)"
74.7.242.54 - - [08/Jul/2026:08:36:34 -0400] "GET /?_m=219038036 HTTP/1.1" 200 5279 "https://bioredox.cl/sitemap893.xml" "Mozilla/5.0 AppleWebKit/537.36 (KHTML, like Gecko; compatible; GPTBot/1.4; +https://openai.com/gptbot)"
74.7.242.54 - - [08/Jul/2026:08:36:34 -0400] "GET /?_u=163035442 HTTP/1.1" 200 5279 "https://bioredox.cl/sitemap472.xml" "Mozilla/5.0 AppleWebKit/537.36 (KHTML, like Gecko; compatible; GPTBot/1.4; +https://openai.com/gptbot)"
74.7.242.54 - - [08/Jul/2026:08:36:35 -0400] "GET /?_u=259019304 HTTP/1.1" 200 5279 "https://bioredox.cl/sitemap852.xml" "Mozilla/5.0 AppleWebKit/537.36 (KHTML, like Gecko; compatible; GPTBot/1.4; +https://openai.com/gptbot)"
74.7.242.54 - - [08/Jul/2026:08:36:35 -0400] "GET /?_w=158037643 HTTP/1.1" 200 5279 "https://bioredox.cl/sitemap472.xml" "Mozilla/5.0 AppleWebKit/537.36 (KHTML, like Gecko; compatible; GPTBot/1.4; +https://openai.com/gptbot)"
74.7.242.54 - - [08/Jul/2026:08:36:36 -0400] "GET /?_p=296043055 HTTP/1.1" 200 5279 "https://bioredox.cl/sitemap472.xml" "Mozilla/5.0 AppleWebKit/537.36 (KHTML, like Gecko; compatible; GPTBot/1.4; +https://openai.com/gptbot)"
74.7.242.54 - - [08/Jul/2026:08:36:36 -0400] "GET /?_c=297012584 HTTP/1.1" 200 5279 "https://bioredox.cl/sitemap893.xml" "Mozilla/5.0 AppleWebKit/537.36 (KHTML, like Gecko; compatible; GPTBot/1.4; +https://openai.com/gptbot)"
136.243.228.177 - - [08/Jul/2026:08:36:37 -0400] "GET /?_c=269019612 HTTP/1.1" 200 5279 "-" "Mozilla/5.0 (compatible; DataForSeoBot/1.0; +https://dataforseo.com/dataforseo-bot)"
74.7.242.54 - - [08/Jul/2026:08:36:37 -0400] "GET /?_v=259049586 HTTP/1.1" 200 5279 "https://bioredox.cl/sitemap852.xml" "Mozilla/5.0 AppleWebKit/537.36 (KHTML, like Gecko; compatible; GPTBot/1.4; +https://openai.com/gptbot)"
74.7.242.54 - - [08/Jul/2026:08:36:37 -0400] "GET /?_n=185043730 HTTP/1.1" 200 5279 "https://bioredox.cl/sitemap852.xml" "Mozilla/5.0 AppleWebKit/537.36 (KHTML, like Gecko; compatible; GPTBot/1.4; +https://openai.com/gptbot)"
74.7.242.54 - - [08/Jul/2026:08:36:38 -0400] "GET /?_w=054038139 HTTP/1.1" 200 5279 "https://bioredox.cl/sitemap394.xml" "Mozilla/5.0 AppleWebKit/537.36 (KHTML, like Gecko; compatible; GPTBot/1.4; +https://openai.com/gptbot)"
74.7.242.54 - - [08/Jul/2026:08:36:38 -0400] "GET /?_m=103035864 HTTP/1.1" 200 5279 "https://bioredox.cl/sitemap248.xml" "Mozilla/5.0 AppleWebKit/537.36 (KHTML, like Gecko; compatible; GPTBot/1.4; +https://openai.com/gptbot)"
74.7.242.54 - - [08/Jul/2026:08:36:39 -0400] "GET /?_a=285047118 HTTP/1.1" 200 5279 "https://bioredox.cl/sitemap893.xml" "Mozilla/5.0 AppleWebKit/537.36 (KHTML, like Gecko; compatible; GPTBot/1.4; +https://openai.com/gptbot)"
74.7.242.54 - - [08/Jul/2026:08:36:40 -0400] "GET /?_a=132024879 HTTP/1.1" 200 5279 "https://bioredox.cl/sitemap957.xml" "Mozilla/5.0 AppleWebKit/537.36 (KHTML, like Gecko; compatible; GPTBot/1.4; +https://openai.com/gptbot)"
74.7.242.54 - - [08/Jul/2026:08:36:40 -0400] "GET /?_h=033014672 HTTP/1.1" 200 5279 "https://bioredox.cl/sitemap893.xml" "Mozilla/5.0 AppleWebKit/537.36 (KHTML, like Gecko; compatible; GPTBot/1.4; +https://openai.com/gptbot)"
74.7.242.54 - - [08/Jul/2026:08:36:41 -0400] "GET /?_a=042038971 HTTP/1.1" 200 5279 "https://bioredox.cl/sitemap307.xml" "Mozilla/5.0 AppleWebKit/537.36 (KHTML, like Gecko; compatible; GPTBot/1.4; +https://openai.com/gptbot)"
74.7.242.54 - - [08/Jul/2026:08:36:41 -0400] "GET /?_i=082034661 HTTP/1.1" 200 5279 "https://bioredox.cl/sitemap861.xml" "Mozilla/5.0 AppleWebKit/537.36 (KHTML, like Gecko; compatible; GPTBot/1.4; +https://openai.com/gptbot)"
74.7.242.54 - - [08/Jul/2026:08:36:42 -0400] "GET /?_j=065017372 HTTP/1.1" 200 5279 "https://bioredox.cl/sitemap194.xml" "Mozilla/5.0 AppleWebKit/537.36 (KHTML, like Gecko; compatible; GPTBot/1.4; +https://openai.com/gptbot)"
74.7.242.54 - - [08/Jul/2026:08:36:42 -0400] "GET /?_x=231035824 HTTP/1.1" 200 5279 "https://bioredox.cl/sitemap861.xml" "Mozilla/5.0 AppleWebKit/537.36 (KHTML, like Gecko; compatible; GPTBot/1.4; +https://openai.com/gptbot)"
74.7.242.54 - - [08/Jul/2026:08:36:43 -0400] "GET /?_u=293004278 HTTP/1.1" 200 5279 "https://bioredox.cl/sitemap861.xml" "Mozilla/5.0 AppleWebKit/537.36 (KHTML, like Gecko; compatible; GPTBot/1.4; +https://openai.com/gptbot)"
74.7.242.54 - - [08/Jul/2026:08:36:43 -0400] "GET /?_p=127031608 HTTP/1.1" 200 5279 "https://bioredox.cl/sitemap861.xml" "Mozilla/5.0 AppleWebKit/537.36 (KHTML, like Gecko; compatible; GPTBot/1.4; +https://openai.com/gptbot)"
74.7.242.54 - - [08/Jul/2026:08:36:44 -0400] "GET /?_v=067033428 HTTP/1.1" 200 5279 "https://bioredox.cl/sitemap893.xml" "Mozilla/5.0 AppleWebKit/537.36 (KHTML, like Gecko; compatible; GPTBot/1.4; +https://openai.com/gptbot)"
74.7.242.54 - - [08/Jul/2026:08:36:44 -0400] "GET /?_s=286030419 HTTP/1.1" 200 5279 "https://bioredox.cl/sitemap394.xml" "Mozilla/5.0 AppleWebKit/537.36 (KHTML, like Gecko; compatible; GPTBot/1.4; +https://openai.com/gptbot)"
66.249.70.1 - - [08/Jul/2026:08:36:44 -0400] "GET /?items/D63595172/ HTTP/1.1" 200 39753 "-" "Mozilla/5.0 (Linux; Android 6.0.1; Nexus 5X Build/MMB29P) AppleWebKit/537.36 (KHTML, like Gecko) Chrome/150.0.7871.46 Mobile Safari/537.36 (compatible; Googlebot/2.1; +http://www.google.com/bot.html)"
74.7.242.54 - - [08/Jul/2026:08:36:45 -0400] "GET /?_d=196015027 HTTP/1.1" 200 5279 "https://bioredox.cl/sitemap957.xml" "Mozilla/5.0 AppleWebKit/537.36 (KHTML, like Gecko; compatible; GPTBot/1.4; +https://openai.com/gptbot)"
74.7.242.54 - - [08/Jul/2026:08:36:45 -0400] "GET /?_y=097036216 HTTP/1.1" 200 5279 "https://bioredox.cl/sitemap472.xml" "Mozilla/5.0 AppleWebKit/537.36 (KHTML, like Gecko; compatible; GPTBot/1.4; +https://openai.com/gptbot)"
136.243.228.177 - - [08/Jul/2026:08:36:45 -0400] "GET /commoditys/150000202 HTTP/1.1" 200 5279 "-" "Mozilla/5.0 (compatible; DataForSeoBot/1.0; +https://dataforseo.com/dataforseo-bot)"
74.7.242.54 - - [08/Jul/2026:08:36:46 -0400] "GET /?_f=273031994 HTTP/1.1" 200 5279 "https://bioredox.cl/sitemap852.xml" "Mozilla/5.0 AppleWebKit/537.36 (KHTML, like Gecko; compatible; GPTBot/1.4; +https://openai.com/gptbot)"
74.7.242.54 - - [08/Jul/2026:08:36:46 -0400] "GET /?_j=015047672 HTTP/1.1" 200 5279 "https://bioredox.cl/sitemap861.xml" "Mozilla/5.0 AppleWebKit/537.36 (KHTML, like Gecko; compatible; GPTBot/1.4; +https://openai.com/gptbot)"
74.7.242.54 - - [08/Jul/2026:08:36:47 -0400] "GET /?_q=074036859 HTTP/1.1" 200 5279 "https://bioredox.cl/sitemap472.xml" "Mozilla/5.0 AppleWebKit/537.36 (KHTML, like Gecko; compatible; GPTBot/1.4; +https://openai.com/gptbot)"
74.7.242.54 - - [08/Jul/2026:08:36:47 -0400] "GET /?_t=035019662 HTTP/1.1" 200 5279 "https://bioredox.cl/sitemap194.xml" "Mozilla/5.0 AppleWebKit/537.36 (KHTML, like Gecko; compatible; GPTBot/1.4; +https://openai.com/gptbot)"
66.249.70.1 - - [08/Jul/2026:08:36:46 -0400] "GET /?items/K6360722402/ HTTP/1.1" 200 39728 "-" "Mozilla/5.0 (Linux; Android 6.0.1; Nexus 5X Build/MMB29P) AppleWebKit/537.36 (KHTML, like Gecko) Chrome/150.0.7871.46 Mobile Safari/537.36 (compatible; Googlebot/2.1; +http://www.google.com/bot.html)"
74.7.242.54 - - [08/Jul/2026:08:36:48 -0400] "GET /?_w=126034405 HTTP/1.1" 200 5279 "https://bioredox.cl/sitemap893.xml" "Mozilla/5.0 AppleWebKit/537.36 (KHTML, like Gecko; compatible; GPTBot/1.4; +https://openai.com/gptbot)"
74.7.242.54 - - [08/Jul/2026:08:36:48 -0400] "GET /?_o=117009852 HTTP/1.1" 200 5279 "https://bioredox.cl/sitemap307.xml" "Mozilla/5.0 AppleWebKit/537.36 (KHTML, like Gecko; compatible; GPTBot/1.4; +https://openai.com/gptbot)"
74.7.242.54 - - [08/Jul/2026:08:36:49 -0400] "GET /?_n=086041657 HTTP/1.1" 200 5279 "https://bioredox.cl/sitemap307.xml" "Mozilla/5.0 AppleWebKit/537.36 (KHTML, like Gecko; compatible; GPTBot/1.4; +https://openai.com/gptbot)"
74.7.242.54 - - [08/Jul/2026:08:36:49 -0400] "GET /?_j=046032357 HTTP/1.1" 200 5279 "https://bioredox.cl/sitemap194.xml" "Mozilla/5.0 AppleWebKit/537.36 (KHTML, like Gecko; compatible; GPTBot/1.4; +https://openai.com/gptbot)"
74.7.242.54 - - [08/Jul/2026:08:36:50 -0400] "GET /?_g=260041495 HTTP/1.1" 200 5279 "https://bioredox.cl/sitemap893.xml" "Mozilla/5.0 AppleWebKit/537.36 (KHTML, like Gecko; compatible; GPTBot/1.4; +https://openai.com/gptbot)"
74.7.242.54 - - [08/Jul/2026:08:36:50 -0400] "GET /?_a=196036243 HTTP/1.1" 200 5279 "https://bioredox.cl/sitemap852.xml" "Mozilla/5.0 AppleWebKit/537.36 (KHTML, like Gecko; compatible; GPTBot/1.4; +https://openai.com/gptbot)"
74.7.242.54 - - [08/Jul/2026:08:36:51 -0400] "GET /?_b=119027540 HTTP/1.1" 200 5279 "https://bioredox.cl/sitemap689.xml" "Mozilla/5.0 AppleWebKit/537.36 (KHTML, like Gecko; compatible; GPTBot/1.4; +https://openai.com/gptbot)"
74.7.242.54 - - [08/Jul/2026:08:36:51 -0400] "GET /?_p=246031825 HTTP/1.1" 200 5279 "https://bioredox.cl/sitemap248.xml" "Mozilla/5.0 AppleWebKit/537.36 (KHTML, like Gecko; compatible; GPTBot/1.4; +https://openai.com/gptbot)"
136.243.228.177 - - [08/Jul/2026:08:36:52 -0400] "GET /?_p=293018178 HTTP/1.1" 200 5279 "-" "Mozilla/5.0 (compatible; DataForSeoBot/1.0; +https://dataforseo.com/dataforseo-bot)"
74.7.242.54 - - [08/Jul/2026:08:36:52 -0400] "GET /?_w=213045670 HTTP/1.1" 200 5279 "https://bioredox.cl/sitemap194.xml" "Mozilla/5.0 AppleWebKit/537.36 (KHTML, like Gecko; compatible; GPTBot/1.4; +https://openai.com/gptbot)"
74.7.242.54 - - [08/Jul/2026:08:36:52 -0400] "GET /?_f=096042125 HTTP/1.1" 200 5279 "https://bioredox.cl/sitemap689.xml" "Mozilla/5.0 AppleWebKit/537.36 (KHTML, like Gecko; compatible; GPTBot/1.4; +https://openai.com/gptbot)"
74.7.242.54 - - [08/Jul/2026:08:36:53 -0400] "GET /?_m=127040936 HTTP/1.1" 200 5279 "https://bioredox.cl/sitemap893.xml" "Mozilla/5.0 AppleWebKit/537.36 (KHTML, like Gecko; compatible; GPTBot/1.4; +https://openai.com/gptbot)"
74.7.242.54 - - [08/Jul/2026:08:36:53 -0400] "GET /?_b=226037395 HTTP/1.1" 200 5279 "https://bioredox.cl/sitemap248.xml" "Mozilla/5.0 AppleWebKit/537.36 (KHTML, like Gecko; compatible; GPTBot/1.4; +https://openai.com/gptbot)"
74.7.242.54 - - [08/Jul/2026:08:36:54 -0400] "GET /?_w=256002849 HTTP/1.1" 200 5279 "https://bioredox.cl/sitemap248.xml" "Mozilla/5.0 AppleWebKit/537.36 (KHTML, like Gecko; compatible; GPTBot/1.4; +https://openai.com/gptbot)"
74.7.242.54 - - [08/Jul/2026:08:36:55 -0400] "GET /?_n=123046092 HTTP/1.1" 200 5279 "https://bioredox.cl/sitemap472.xml" "Mozilla/5.0 AppleWebKit/537.36 (KHTML, like Gecko; compatible; GPTBot/1.4; +https://openai.com/gptbot)"
74.7.242.54 - - [08/Jul/2026:08:36:55 -0400] "GET /?_y=184022857 HTTP/1.1" 200 5279 "https://bioredox.cl/sitemap957.xml" "Mozilla/5.0 AppleWebKit/537.36 (KHTML, like Gecko; compatible; GPTBot/1.4; +https://openai.com/gptbot)"
74.7.242.54 - - [08/Jul/2026:08:36:56 -0400] "GET /?_z=231016988 HTTP/1.1" 200 5279 "https://bioredox.cl/sitemap836.xml" "Mozilla/5.0 AppleWebKit/537.36 (KHTML, like Gecko; compatible; GPTBot/1.4; +https://openai.com/gptbot)"
74.7.242.54 - - [08/Jul/2026:08:36:56 -0400] "GET /?_m=115027668 HTTP/1.1" 200 5279 "https://bioredox.cl/sitemap472.xml" "Mozilla/5.0 AppleWebKit/537.36 (KHTML, like Gecko; compatible; GPTBot/1.4; +https://openai.com/gptbot)"
74.7.242.54 - - [08/Jul/2026:08:36:57 -0400] "GET /?_r=114029677 HTTP/1.1" 200 5279 "https://bioredox.cl/sitemap394.xml" "Mozilla/5.0 AppleWebKit/537.36 (KHTML, like Gecko; compatible; GPTBot/1.4; +https://openai.com/gptbot)"
74.7.242.54 - - [08/Jul/2026:08:36:57 -0400] "GET /?_z=283012094 HTTP/1.1" 200 5279 "https://bioredox.cl/sitemap194.xml" "Mozilla/5.0 AppleWebKit/537.36 (KHTML, like Gecko; compatible; GPTBot/1.4; +https://openai.com/gptbot)"
74.7.242.54 - - [08/Jul/2026:08:36:58 -0400] "GET /?_h=085023796 HTTP/1.1" 200 5279 "https://bioredox.cl/sitemap957.xml" "Mozilla/5.0 AppleWebKit/537.36 (KHTML, like Gecko; compatible; GPTBot/1.4; +https://openai.com/gptbot)"
74.7.242.54 - - [08/Jul/2026:08:36:58 -0400] "GET /?_t=170048239 HTTP/1.1" 200 5279 "https://bioredox.cl/sitemap194.xml" "Mozilla/5.0 AppleWebKit/537.36 (KHTML, like Gecko; compatible; GPTBot/1.4; +https://openai.com/gptbot)"
74.7.242.54 - - [08/Jul/2026:08:36:59 -0400] "GET /?_q=274039953 HTTP/1.1" 200 5279 "https://bioredox.cl/sitemap852.xml" "Mozilla/5.0 AppleWebKit/537.36 (KHTML, like Gecko; compatible; GPTBot/1.4; +https://openai.com/gptbot)"
74.7.242.54 - - [08/Jul/2026:08:36:59 -0400] "GET /?_q=026049715 HTTP/1.1" 200 5279 "https://bioredox.cl/sitemap248.xml" "Mozilla/5.0 AppleWebKit/537.36 (KHTML, like Gecko; compatible; GPTBot/1.4; +https://openai.com/gptbot)"
136.243.228.177 - - [08/Jul/2026:08:36:59 -0400] "GET /commoditys/223027919 HTTP/1.1" 200 5279 "-" "Mozilla/5.0 (compatible; DataForSeoBot/1.0; +https://dataforseo.com/dataforseo-bot)"
74.7.242.54 - - [08/Jul/2026:08:37:00 -0400] "GET /?_r=205041948 HTTP/1.1" 200 5279 "https://bioredox.cl/sitemap472.xml" "Mozilla/5.0 AppleWebKit/537.36 (KHTML, like Gecko; compatible; GPTBot/1.4; +https://openai.com/gptbot)"
74.7.242.54 - - [08/Jul/2026:08:37:00 -0400] "GET /?_p=126037897 HTTP/1.1" 200 5279 "https://bioredox.cl/sitemap689.xml" "Mozilla/5.0 AppleWebKit/537.36 (KHTML, like Gecko; compatible; GPTBot/1.4; +https://openai.com/gptbot)"
66.249.70.1 - - [08/Jul/2026:08:36:59 -0400] "GET /?items/A63621952023/ HTTP/1.1" 200 39716 "-" "Mozilla/5.0 (Linux; Android 6.0.1; Nexus 5X Build/MMB29P) AppleWebKit/537.36 (KHTML, like Gecko) Chrome/150.0.7871.46 Mobile Safari/537.36 (compatible; Googlebot/2.1; +http://www.google.com/bot.html)"
74.7.242.54 - - [08/Jul/2026:08:37:01 -0400] "GET /?_j=206037289 HTTP/1.1" 200 5279 "https://bioredox.cl/sitemap852.xml" "Mozilla/5.0 AppleWebKit/537.36 (KHTML, like Gecko; compatible; GPTBot/1.4; +https://openai.com/gptbot)"
74.7.242.54 - - [08/Jul/2026:08:37:01 -0400] "GET /?_k=257019948 HTTP/1.1" 200 5279 "https://bioredox.cl/sitemap852.xml" "Mozilla/5.0 AppleWebKit/537.36 (KHTML, like Gecko; compatible; GPTBot/1.4; +https://openai.com/gptbot)"
74.7.242.54 - - [08/Jul/2026:08:37:02 -0400] "GET /?_m=123031894 HTTP/1.1" 200 5279 "https://bioredox.cl/sitemap248.xml" "Mozilla/5.0 AppleWebKit/537.36 (KHTML, like Gecko; compatible; GPTBot/1.4; +https://openai.com/gptbot)"
74.7.242.54 - - [08/Jul/2026:08:37:02 -0400] "GET /?_z=169038634 HTTP/1.1" 200 5279 "https://bioredox.cl/sitemap957.xml" "Mozilla/5.0 AppleWebKit/537.36 (KHTML, like Gecko; compatible; GPTBot/1.4; +https://openai.com/gptbot)"
74.7.242.54 - - [08/Jul/2026:08:37:03 -0400] "GET /?_m=248042719 HTTP/1.1" 200 5279 "https://bioredox.cl/sitemap248.xml" "Mozilla/5.0 AppleWebKit/537.36 (KHTML, like Gecko; compatible; GPTBot/1.4; +https://openai.com/gptbot)"
74.7.242.54 - - [08/Jul/2026:08:37:03 -0400] "GET /?_s=159018230 HTTP/1.1" 200 5279 "https://bioredox.cl/sitemap689.xml" "Mozilla/5.0 AppleWebKit/537.36 (KHTML, like Gecko; compatible; GPTBot/1.4; +https://openai.com/gptbot)"
74.7.242.54 - - [08/Jul/2026:08:37:04 -0400] "GET /?_d=052039247 HTTP/1.1" 200 5279 "https://bioredox.cl/sitemap852.xml" "Mozilla/5.0 AppleWebKit/537.36 (KHTML, like Gecko; compatible; GPTBot/1.4; +https://openai.com/gptbot)"
136.243.228.177 - - [08/Jul/2026:08:37:04 -0400] "GET /?_z=164003487 HTTP/1.1" 200 5279 "-" "Mozilla/5.0 (compatible; DataForSeoBot/1.0; +https://dataforseo.com/dataforseo-bot)"
74.7.242.54 - - [08/Jul/2026:08:37:04 -0400] "GET /?_s=096012427 HTTP/1.1" 200 5279 "https://bioredox.cl/sitemap194.xml" "Mozilla/5.0 AppleWebKit/537.36 (KHTML, like Gecko; compatible; GPTBot/1.4; +https://openai.com/gptbot)"
74.7.242.54 - - [08/Jul/2026:08:37:05 -0400] "GET /?_s=160015293 HTTP/1.1" 200 5279 "https://bioredox.cl/sitemap689.xml" "Mozilla/5.0 AppleWebKit/537.36 (KHTML, like Gecko; compatible; GPTBot/1.4; +https://openai.com/gptbot)"
66.249.70.1 - - [08/Jul/2026:08:37:04 -0400] "GET /?items/V6359120689/ HTTP/1.1" 200 39975 "-" "Mozilla/5.0 (Linux; Android 6.0.1; Nexus 5X Build/MMB29P) AppleWebKit/537.36 (KHTML, like Gecko) Chrome/150.0.7871.46 Mobile Safari/537.36 (compatible; Googlebot/2.1; +http://www.google.com/bot.html)"
74.7.242.54 - - [08/Jul/2026:08:37:06 -0400] "GET /?_c=185029456 HTTP/1.1" 200 5279 "https://bioredox.cl/sitemap861.xml" "Mozilla/5.0 AppleWebKit/537.36 (KHTML, like Gecko; compatible; GPTBot/1.4; +https://openai.com/gptbot)"
74.7.242.54 - - [08/Jul/2026:08:37:06 -0400] "GET /?_j=264016385 HTTP/1.1" 200 5279 "https://bioredox.cl/sitemap852.xml" "Mozilla/5.0 AppleWebKit/537.36 (KHTML, like Gecko; compatible; GPTBot/1.4; +https://openai.com/gptbot)"
216.73.216.186 - - [08/Jul/2026:08:37:07 -0400] "GET /robots.txt HTTP/1.1" 200 125 "-" "Mozilla/5.0 AppleWebKit/537.36 (KHTML, like Gecko; compatible; ClaudeBot/1.0; +claudebot@anthropic.com)"
74.7.242.54 - - [08/Jul/2026:08:37:07 -0400] "GET /?_e=284007993 HTTP/1.1" 200 5279 "https://bioredox.cl/sitemap957.xml" "Mozilla/5.0 AppleWebKit/537.36 (KHTML, like Gecko; compatible; GPTBot/1.4; +https://openai.com/gptbot)"
74.7.242.54 - - [08/Jul/2026:08:37:07 -0400] "GET /?_k=129038814 HTTP/1.1" 200 5279 "https://bioredox.cl/sitemap861.xml" "Mozilla/5.0 AppleWebKit/537.36 (KHTML, like Gecko; compatible; GPTBot/1.4; +https://openai.com/gptbot)"
74.7.242.54 - - [08/Jul/2026:08:37:08 -0400] "GET /?_i=084013245 HTTP/1.1" 200 5279 "https://bioredox.cl/sitemap689.xml" "Mozilla/5.0 AppleWebKit/537.36 (KHTML, like Gecko; compatible; GPTBot/1.4; +https://openai.com/gptbot)"
74.7.242.54 - - [08/Jul/2026:08:37:08 -0400] "GET /?_g=169047182 HTTP/1.1" 200 5279 "https://bioredox.cl/sitemap307.xml" "Mozilla/5.0 AppleWebKit/537.36 (KHTML, like Gecko; compatible; GPTBot/1.4; +https://openai.com/gptbot)"
74.7.242.54 - - [08/Jul/2026:08:37:09 -0400] "GET /?_y=249021788 HTTP/1.1" 200 5279 "https://bioredox.cl/sitemap194.xml" "Mozilla/5.0 AppleWebKit/537.36 (KHTML, like Gecko; compatible; GPTBot/1.4; +https://openai.com/gptbot)"
74.7.242.54 - - [08/Jul/2026:08:37:09 -0400] "GET /?_n=216013549 HTTP/1.1" 200 5279 "https://bioredox.cl/sitemap689.xml" "Mozilla/5.0 AppleWebKit/537.36 (KHTML, like Gecko; compatible; GPTBot/1.4; +https://openai.com/gptbot)"
74.7.242.54 - - [08/Jul/2026:08:37:10 -0400] "GET /?_y=169027506 HTTP/1.1" 200 5279 "https://bioredox.cl/sitemap861.xml" "Mozilla/5.0 AppleWebKit/537.36 (KHTML, like Gecko; compatible; GPTBot/1.4; +https://openai.com/gptbot)"
74.7.242.54 - - [08/Jul/2026:08:37:10 -0400] "GET /?_y=042013793 HTTP/1.1" 200 5279 "https://bioredox.cl/sitemap852.xml" "Mozilla/5.0 AppleWebKit/537.36 (KHTML, like Gecko; compatible; GPTBot/1.4; +https://openai.com/gptbot)"
74.7.242.54 - - [08/Jul/2026:08:37:11 -0400] "GET /?_o=095012886 HTTP/1.1" 200 5279 "https://bioredox.cl/sitemap194.xml" "Mozilla/5.0 AppleWebKit/537.36 (KHTML, like Gecko; compatible; GPTBot/1.4; +https://openai.com/gptbot)"
66.249.70.1 - - [08/Jul/2026:08:37:10 -0400] "GET /?items/P63632183109/ HTTP/1.1" 200 39285 "-" "Mozilla/5.0 (Linux; Android 6.0.1; Nexus 5X Build/MMB29P) AppleWebKit/537.36 (KHTML, like Gecko) Chrome/150.0.7871.46 Mobile Safari/537.36 (compatible; Googlebot/2.1; +http://www.google.com/bot.html)"
74.7.242.54 - - [08/Jul/2026:08:37:11 -0400] "GET /?_u=184019557 HTTP/1.1" 200 5279 "https://bioredox.cl/sitemap836.xml" "Mozilla/5.0 AppleWebKit/537.36 (KHTML, like Gecko; compatible; GPTBot/1.4; +https://openai.com/gptbot)"
74.7.242.54 - - [08/Jul/2026:08:37:12 -0400] "GET /?_i=198023941 HTTP/1.1" 200 5279 "https://bioredox.cl/sitemap248.xml" "Mozilla/5.0 AppleWebKit/537.36 (KHTML, like Gecko; compatible; GPTBot/1.4; +https://openai.com/gptbot)"
74.7.242.54 - - [08/Jul/2026:08:37:12 -0400] "GET /?_q=197041260 HTTP/1.1" 200 5279 "https://bioredox.cl/sitemap836.xml" "Mozilla/5.0 AppleWebKit/537.36 (KHTML, like Gecko; compatible; GPTBot/1.4; +https://openai.com/gptbot)"
74.7.242.54 - - [08/Jul/2026:08:37:13 -0400] "GET /?_r=098025973 HTTP/1.1" 200 5279 "https://bioredox.cl/sitemap307.xml" "Mozilla/5.0 AppleWebKit/537.36 (KHTML, like Gecko; compatible; GPTBot/1.4; +https://openai.com/gptbot)"
74.7.242.54 - - [08/Jul/2026:08:37:14 -0400] "GET /?_n=172026985 HTTP/1.1" 200 5279 "https://bioredox.cl/sitemap472.xml" "Mozilla/5.0 AppleWebKit/537.36 (KHTML, like Gecko; compatible; GPTBot/1.4; +https://openai.com/gptbot)"
74.7.242.54 - - [08/Jul/2026:08:37:14 -0400] "GET /?_w=163034712 HTTP/1.1" 200 5279 "https://bioredox.cl/sitemap852.xml" "Mozilla/5.0 AppleWebKit/537.36 (KHTML, like Gecko; compatible; GPTBot/1.4; +https://openai.com/gptbot)"
74.7.242.54 - - [08/Jul/2026:08:37:15 -0400] "GET /?_p=149025816 HTTP/1.1" 200 5279 "https://bioredox.cl/sitemap861.xml" "Mozilla/5.0 AppleWebKit/537.36 (KHTML, like Gecko; compatible; GPTBot/1.4; +https://openai.com/gptbot)"
95.129.101.177 - - [08/Jul/2026:08:37:15 -0400] "GET /?_l=164014717 HTTP/1.1" 200 5279 "-" "Mozilla/5.0 (compatible; SpiderLing; +https://nlp.fi.muni.cz/projects/biwec/)"
74.7.242.54 - - [08/Jul/2026:08:37:15 -0400] "GET /?_y=153048706 HTTP/1.1" 200 5279 "https://bioredox.cl/sitemap194.xml" "Mozilla/5.0 AppleWebKit/537.36 (KHTML, like Gecko; compatible; GPTBot/1.4; +https://openai.com/gptbot)"
74.7.242.54 - - [08/Jul/2026:08:37:16 -0400] "GET /?_z=188026559 HTTP/1.1" 200 5279 "https://bioredox.cl/sitemap861.xml" "Mozilla/5.0 AppleWebKit/537.36 (KHTML, like Gecko; compatible; GPTBot/1.4; +https://openai.com/gptbot)"
74.7.242.54 - - [08/Jul/2026:08:37:16 -0400] "GET /?_y=256047803 HTTP/1.1" 200 5279 "https://bioredox.cl/sitemap472.xml" "Mozilla/5.0 AppleWebKit/537.36 (KHTML, like Gecko; compatible; GPTBot/1.4; +https://openai.com/gptbot)"
74.7.242.54 - - [08/Jul/2026:08:37:17 -0400] "GET /?_w=169045988 HTTP/1.1" 200 5279 "https://bioredox.cl/sitemap472.xml" "Mozilla/5.0 AppleWebKit/537.36 (KHTML, like Gecko; compatible; GPTBot/1.4; +https://openai.com/gptbot)"
74.7.242.54 - - [08/Jul/2026:08:37:17 -0400] "GET /?_l=248005463 HTTP/1.1" 200 5279 "https://bioredox.cl/sitemap893.xml" "Mozilla/5.0 AppleWebKit/537.36 (KHTML, like Gecko; compatible; GPTBot/1.4; +https://openai.com/gptbot)"
74.7.242.54 - - [08/Jul/2026:08:37:18 -0400] "GET /?_y=196027235 HTTP/1.1" 200 5279 "https://bioredox.cl/sitemap893.xml" "Mozilla/5.0 AppleWebKit/537.36 (KHTML, like Gecko; compatible; GPTBot/1.4; +https://openai.com/gptbot)"
74.7.242.54 - - [08/Jul/2026:08:37:18 -0400] "GET /?_g=142027763 HTTP/1.1" 200 5279 "https://bioredox.cl/sitemap689.xml" "Mozilla/5.0 AppleWebKit/537.36 (KHTML, like Gecko; compatible; GPTBot/1.4; +https://openai.com/gptbot)"
74.7.242.54 - - [08/Jul/2026:08:37:19 -0400] "GET /?_u=076012315 HTTP/1.1" 200 5279 "https://bioredox.cl/sitemap194.xml" "Mozilla/5.0 AppleWebKit/537.36 (KHTML, like Gecko; compatible; GPTBot/1.4; +https://openai.com/gptbot)"
74.7.242.54 - - [08/Jul/2026:08:37:19 -0400] "GET /?_b=278029641 HTTP/1.1" 200 5279 "https://bioredox.cl/sitemap957.xml" "Mozilla/5.0 AppleWebKit/537.36 (KHTML, like Gecko; compatible; GPTBot/1.4; +https://openai.com/gptbot)"
66.249.70.1 - - [08/Jul/2026:08:37:18 -0400] "GET /?items/C63621537726/ HTTP/1.1" 200 40027 "-" "Mozilla/5.0 (Linux; Android 6.0.1; Nexus 5X Build/MMB29P) AppleWebKit/537.36 (KHTML, like Gecko) Chrome/150.0.7871.46 Mobile Safari/537.36 (compatible; Googlebot/2.1; +http://www.google.com/bot.html)"
74.7.242.54 - - [08/Jul/2026:08:37:20 -0400] "GET /?_m=156033845 HTTP/1.1" 200 5279 "https://bioredox.cl/sitemap307.xml" "Mozilla/5.0 AppleWebKit/537.36 (KHTML, like Gecko; compatible; GPTBot/1.4; +https://openai.com/gptbot)"
74.7.242.54 - - [08/Jul/2026:08:37:20 -0400] "GET /?_t=137045488 HTTP/1.1" 200 5279 "https://bioredox.cl/sitemap307.xml" "Mozilla/5.0 AppleWebKit/537.36 (KHTML, like Gecko; compatible; GPTBot/1.4; +https://openai.com/gptbot)"
74.7.242.54 - - [08/Jul/2026:08:37:21 -0400] "GET /?_y=140039677 HTTP/1.1" 200 5279 "https://bioredox.cl/sitemap852.xml" "Mozilla/5.0 AppleWebKit/537.36 (KHTML, like Gecko; compatible; GPTBot/1.4; +https://openai.com/gptbot)"
74.7.242.54 - - [08/Jul/2026:08:37:21 -0400] "GET /?_z=126047033 HTTP/1.1" 200 5279 "https://bioredox.cl/sitemap861.xml" "Mozilla/5.0 AppleWebKit/537.36 (KHTML, like Gecko; compatible; GPTBot/1.4; +https://openai.com/gptbot)"
74.7.242.54 - - [08/Jul/2026:08:37:22 -0400] "GET /?_k=295003586 HTTP/1.1" 200 5279 "https://bioredox.cl/sitemap861.xml" "Mozilla/5.0 AppleWebKit/537.36 (KHTML, like Gecko; compatible; GPTBot/1.4; +https://openai.com/gptbot)"
74.7.242.54 - - [08/Jul/2026:08:37:22 -0400] "GET /?_q=262015349 HTTP/1.1" 200 5279 "https://bioredox.cl/sitemap307.xml" "Mozilla/5.0 AppleWebKit/537.36 (KHTML, like Gecko; compatible; GPTBot/1.4; +https://openai.com/gptbot)"
74.7.242.54 - - [08/Jul/2026:08:37:23 -0400] "GET /?_y=166022875 HTTP/1.1" 200 5279 "https://bioredox.cl/sitemap248.xml" "Mozilla/5.0 AppleWebKit/537.36 (KHTML, like Gecko; compatible; GPTBot/1.4; +https://openai.com/gptbot)"
74.7.242.54 - - [08/Jul/2026:08:37:23 -0400] "GET /?_q=180044765 HTTP/1.1" 200 5279 "https://bioredox.cl/sitemap689.xml" "Mozilla/5.0 AppleWebKit/537.36 (KHTML, like Gecko; compatible; GPTBot/1.4; +https://openai.com/gptbot)"
74.7.242.54 - - [08/Jul/2026:08:37:24 -0400] "GET /?_x=228039635 HTTP/1.1" 200 5279 "https://bioredox.cl/sitemap893.xml" "Mozilla/5.0 AppleWebKit/537.36 (KHTML, like Gecko; compatible; GPTBot/1.4; +https://openai.com/gptbot)"
74.7.242.54 - - [08/Jul/2026:08:37:24 -0400] "GET /?_p=269013590 HTTP/1.1" 200 5279 "https://bioredox.cl/sitemap194.xml" "Mozilla/5.0 AppleWebKit/537.36 (KHTML, like Gecko; compatible; GPTBot/1.4; +https://openai.com/gptbot)"
74.7.242.54 - - [08/Jul/2026:08:37:25 -0400] "GET /?_k=212045883 HTTP/1.1" 200 5279 "https://bioredox.cl/sitemap248.xml" "Mozilla/5.0 AppleWebKit/537.36 (KHTML, like Gecko; compatible; GPTBot/1.4; +https://openai.com/gptbot)"
74.7.242.54 - - [08/Jul/2026:08:37:26 -0400] "GET /?_m=214035989 HTTP/1.1" 200 5279 "https://bioredox.cl/sitemap861.xml" "Mozilla/5.0 AppleWebKit/537.36 (KHTML, like Gecko; compatible; GPTBot/1.4; +https://openai.com/gptbot)"
74.7.242.54 - - [08/Jul/2026:08:37:26 -0400] "GET /?_k=124016337 HTTP/1.1" 200 5279 "https://bioredox.cl/sitemap307.xml" "Mozilla/5.0 AppleWebKit/537.36 (KHTML, like Gecko; compatible; GPTBot/1.4; +https://openai.com/gptbot)"
74.7.242.54 - - [08/Jul/2026:08:37:27 -0400] "GET /?_x=234003615 HTTP/1.1" 200 5279 "https://bioredox.cl/sitemap248.xml" "Mozilla/5.0 AppleWebKit/537.36 (KHTML, like Gecko; compatible; GPTBot/1.4; +https://openai.com/gptbot)"
74.7.242.54 - - [08/Jul/2026:08:37:27 -0400] "GET /?_w=106043935 HTTP/1.1" 200 5279 "https://bioredox.cl/sitemap852.xml" "Mozilla/5.0 AppleWebKit/537.36 (KHTML, like Gecko; compatible; GPTBot/1.4; +https://openai.com/gptbot)"
74.7.242.54 - - [08/Jul/2026:08:37:28 -0400] "GET /?_i=175003748 HTTP/1.1" 200 5279 "https://bioredox.cl/sitemap307.xml" "Mozilla/5.0 AppleWebKit/537.36 (KHTML, like Gecko; compatible; GPTBot/1.4; +https://openai.com/gptbot)"
74.7.242.54 - - [08/Jul/2026:08:37:28 -0400] "GET /?_h=025046328 HTTP/1.1" 200 5279 "https://bioredox.cl/sitemap852.xml" "Mozilla/5.0 AppleWebKit/537.36 (KHTML, like Gecko; compatible; GPTBot/1.4; +https://openai.com/gptbot)"
74.7.242.54 - - [08/Jul/2026:08:37:29 -0400] "GET /?_e=120039165 HTTP/1.1" 200 5279 "https://bioredox.cl/sitemap472.xml" "Mozilla/5.0 AppleWebKit/537.36 (KHTML, like Gecko; compatible; GPTBot/1.4; +https://openai.com/gptbot)"
66.249.70.1 - - [08/Jul/2026:08:37:28 -0400] "GET /?items/Z63642626668/ HTTP/1.1" 200 39648 "-" "Mozilla/5.0 (Linux; Android 6.0.1; Nexus 5X Build/MMB29P) AppleWebKit/537.36 (KHTML, like Gecko) Chrome/150.0.7871.46 Mobile Safari/537.36 (compatible; Googlebot/2.1; +http://www.google.com/bot.html)"
74.7.242.54 - - [08/Jul/2026:08:37:29 -0400] "GET /?_m=037018696 HTTP/1.1" 200 5279 "https://bioredox.cl/sitemap852.xml" "Mozilla/5.0 AppleWebKit/537.36 (KHTML, like Gecko; compatible; GPTBot/1.4; +https://openai.com/gptbot)"
74.7.242.54 - - [08/Jul/2026:08:37:30 -0400] "GET /?_e=238014851 HTTP/1.1" 200 5279 "https://bioredox.cl/sitemap248.xml" "Mozilla/5.0 AppleWebKit/537.36 (KHTML, like Gecko; compatible; GPTBot/1.4; +https://openai.com/gptbot)"
74.7.242.54 - - [08/Jul/2026:08:37:30 -0400] "GET /?_z=275019602 HTTP/1.1" 200 5279 "https://bioredox.cl/sitemap394.xml" "Mozilla/5.0 AppleWebKit/537.36 (KHTML, like Gecko; compatible; GPTBot/1.4; +https://openai.com/gptbot)"
74.7.242.54 - - [08/Jul/2026:08:37:31 -0400] "GET /?_i=225047836 HTTP/1.1" 200 5279 "https://bioredox.cl/sitemap307.xml" "Mozilla/5.0 AppleWebKit/537.36 (KHTML, like Gecko; compatible; GPTBot/1.4; +https://openai.com/gptbot)"
74.7.242.54 - - [08/Jul/2026:08:37:31 -0400] "GET /?_c=279016886 HTTP/1.1" 200 5279 "https://bioredox.cl/sitemap194.xml" "Mozilla/5.0 AppleWebKit/537.36 (KHTML, like Gecko; compatible; GPTBot/1.4; +https://openai.com/gptbot)"
74.7.242.54 - - [08/Jul/2026:08:37:32 -0400] "GET /?_v=162017897 HTTP/1.1" 200 5279 "https://bioredox.cl/sitemap472.xml" "Mozilla/5.0 AppleWebKit/537.36 (KHTML, like Gecko; compatible; GPTBot/1.4; +https://openai.com/gptbot)"
74.7.242.54 - - [08/Jul/2026:08:37:32 -0400] "GET /?_a=189004856 HTTP/1.1" 200 5279 "https://bioredox.cl/sitemap957.xml" "Mozilla/5.0 AppleWebKit/537.36 (KHTML, like Gecko; compatible; GPTBot/1.4; +https://openai.com/gptbot)"
74.7.242.54 - - [08/Jul/2026:08:37:33 -0400] "GET /?_c=279042356 HTTP/1.1" 200 5279 "https://bioredox.cl/sitemap472.xml" "Mozilla/5.0 AppleWebKit/537.36 (KHTML, like Gecko; compatible; GPTBot/1.4; +https://openai.com/gptbot)"
74.7.242.54 - - [08/Jul/2026:08:37:33 -0400] "GET /?_x=235016574 HTTP/1.1" 200 5279 "https://bioredox.cl/sitemap248.xml" "Mozilla/5.0 AppleWebKit/537.36 (KHTML, like Gecko; compatible; GPTBot/1.4; +https://openai.com/gptbot)"
74.7.242.54 - - [08/Jul/2026:08:37:34 -0400] "GET /?_q=038028451 HTTP/1.1" 200 5279 "https://bioredox.cl/sitemap689.xml" "Mozilla/5.0 AppleWebKit/537.36 (KHTML, like Gecko; compatible; GPTBot/1.4; +https://openai.com/gptbot)"
74.7.242.54 - - [08/Jul/2026:08:37:34 -0400] "GET /?_q=160012597 HTTP/1.1" 200 5279 "https://bioredox.cl/sitemap472.xml" "Mozilla/5.0 AppleWebKit/537.36 (KHTML, like Gecko; compatible; GPTBot/1.4; +https://openai.com/gptbot)"
66.249.70.1 - - [08/Jul/2026:08:37:34 -0400] "GET /?items/L63642929836/ HTTP/1.1" 200 40753 "-" "Mozilla/5.0 (Linux; Android 6.0.1; Nexus 5X Build/MMB29P) AppleWebKit/537.36 (KHTML, like Gecko) Chrome/150.0.7871.46 Mobile Safari/537.36 (compatible; Googlebot/2.1; +http://www.google.com/bot.html)"
74.7.242.54 - - [08/Jul/2026:08:37:35 -0400] "GET /?_d=044027185 HTTP/1.1" 200 5279 "https://bioredox.cl/sitemap836.xml" "Mozilla/5.0 AppleWebKit/537.36 (KHTML, like Gecko; compatible; GPTBot/1.4; +https://openai.com/gptbot)"
74.7.242.54 - - [08/Jul/2026:08:37:36 -0400] "GET /?_u=098037591 HTTP/1.1" 200 5279 "https://bioredox.cl/sitemap248.xml" "Mozilla/5.0 AppleWebKit/537.36 (KHTML, like Gecko; compatible; GPTBot/1.4; +https://openai.com/gptbot)"
74.7.242.54 - - [08/Jul/2026:08:37:36 -0400] "GET /?_z=025038198 HTTP/1.1" 200 5279 "https://bioredox.cl/sitemap394.xml" "Mozilla/5.0 AppleWebKit/537.36 (KHTML, like Gecko; compatible; GPTBot/1.4; +https://openai.com/gptbot)"
74.7.242.54 - - [08/Jul/2026:08:37:37 -0400] "GET /?_n=067048412 HTTP/1.1" 200 5279 "https://bioredox.cl/sitemap861.xml" "Mozilla/5.0 AppleWebKit/537.36 (KHTML, like Gecko; compatible; GPTBot/1.4; +https://openai.com/gptbot)"
74.7.242.54 - - [08/Jul/2026:08:37:37 -0400] "GET /?_t=126006489 HTTP/1.1" 200 5279 "https://bioredox.cl/sitemap836.xml" "Mozilla/5.0 AppleWebKit/537.36 (KHTML, like Gecko; compatible; GPTBot/1.4; +https://openai.com/gptbot)"
74.7.242.54 - - [08/Jul/2026:08:37:38 -0400] "GET /?_c=202036519 HTTP/1.1" 200 5279 "https://bioredox.cl/sitemap861.xml" "Mozilla/5.0 AppleWebKit/537.36 (KHTML, like Gecko; compatible; GPTBot/1.4; +https://openai.com/gptbot)"
74.7.242.54 - - [08/Jul/2026:08:37:38 -0400] "GET /?_l=151039262 HTTP/1.1" 200 5279 "https://bioredox.cl/sitemap248.xml" "Mozilla/5.0 AppleWebKit/537.36 (KHTML, like Gecko; compatible; GPTBot/1.4; +https://openai.com/gptbot)"
74.7.242.54 - - [08/Jul/2026:08:37:39 -0400] "GET /?_h=054041687 HTTP/1.1" 200 5279 "https://bioredox.cl/sitemap248.xml" "Mozilla/5.0 AppleWebKit/537.36 (KHTML, like Gecko; compatible; GPTBot/1.4; +https://openai.com/gptbot)"
74.7.242.54 - - [08/Jul/2026:08:37:39 -0400] "GET /?_k=072044185 HTTP/1.1" 200 5279 "https://bioredox.cl/sitemap194.xml" "Mozilla/5.0 AppleWebKit/537.36 (KHTML, like Gecko; compatible; GPTBot/1.4; +https://openai.com/gptbot)"
74.7.242.54 - - [08/Jul/2026:08:37:40 -0400] "GET /?_t=232016747 HTTP/1.1" 200 5279 "https://bioredox.cl/sitemap194.xml" "Mozilla/5.0 AppleWebKit/537.36 (KHTML, like Gecko; compatible; GPTBot/1.4; +https://openai.com/gptbot)"
74.7.242.54 - - [08/Jul/2026:08:37:40 -0400] "GET /?_d=133005724 HTTP/1.1" 200 5279 "https://bioredox.cl/sitemap307.xml" "Mozilla/5.0 AppleWebKit/537.36 (KHTML, like Gecko; compatible; GPTBot/1.4; +https://openai.com/gptbot)"
74.7.242.54 - - [08/Jul/2026:08:37:41 -0400] "GET /?_f=250026183 HTTP/1.1" 200 5279 "https://bioredox.cl/sitemap689.xml" "Mozilla/5.0 AppleWebKit/537.36 (KHTML, like Gecko; compatible; GPTBot/1.4; +https://openai.com/gptbot)"
74.7.242.54 - - [08/Jul/2026:08:37:41 -0400] "GET /?_j=103028564 HTTP/1.1" 200 5279 "https://bioredox.cl/sitemap194.xml" "Mozilla/5.0 AppleWebKit/537.36 (KHTML, like Gecko; compatible; GPTBot/1.4; +https://openai.com/gptbot)"
74.7.242.54 - - [08/Jul/2026:08:37:42 -0400] "GET /?_b=095012974 HTTP/1.1" 200 5279 "https://bioredox.cl/sitemap852.xml" "Mozilla/5.0 AppleWebKit/537.36 (KHTML, like Gecko; compatible; GPTBot/1.4; +https://openai.com/gptbot)"
74.7.242.54 - - [08/Jul/2026:08:37:42 -0400] "GET /?_a=206047925 HTTP/1.1" 200 5279 "https://bioredox.cl/sitemap861.xml" "Mozilla/5.0 AppleWebKit/537.36 (KHTML, like Gecko; compatible; GPTBot/1.4; +https://openai.com/gptbot)"
74.7.242.54 - - [08/Jul/2026:08:37:43 -0400] "GET /?_o=265013828 HTTP/1.1" 200 5279 "https://bioredox.cl/sitemap307.xml" "Mozilla/5.0 AppleWebKit/537.36 (KHTML, like Gecko; compatible; GPTBot/1.4; +https://openai.com/gptbot)"
66.249.70.1 - - [08/Jul/2026:08:37:42 -0400] "GET /?items/O6360572926/ HTTP/1.1" 200 41014 "-" "Mozilla/5.0 (Linux; Android 6.0.1; Nexus 5X Build/MMB29P) AppleWebKit/537.36 (KHTML, like Gecko) Chrome/150.0.7871.46 Mobile Safari/537.36 (compatible; Googlebot/2.1; +http://www.google.com/bot.html)"
74.7.242.54 - - [08/Jul/2026:08:37:43 -0400] "GET /?_s=051035926 HTTP/1.1" 200 5279 "https://bioredox.cl/sitemap689.xml" "Mozilla/5.0 AppleWebKit/537.36 (KHTML, like Gecko; compatible; GPTBot/1.4; +https://openai.com/gptbot)"
66.249.70.1 - - [08/Jul/2026:08:37:41 -0400] "GET /?items/P6359261908/ HTTP/1.1" 200 39733 "-" "Mozilla/5.0 (Linux; Android 6.0.1; Nexus 5X Build/MMB29P) AppleWebKit/537.36 (KHTML, like Gecko) Chrome/150.0.7871.46 Mobile Safari/537.36 (compatible; Googlebot/2.1; +http://www.google.com/bot.html)"
74.7.242.54 - - [08/Jul/2026:08:37:44 -0400] "GET /?_x=226041977 HTTP/1.1" 200 5279 "https://bioredox.cl/sitemap394.xml" "Mozilla/5.0 AppleWebKit/537.36 (KHTML, like Gecko; compatible; GPTBot/1.4; +https://openai.com/gptbot)"
74.7.242.54 - - [08/Jul/2026:08:37:44 -0400] "GET /?_p=124032675 HTTP/1.1" 200 5279 "https://bioredox.cl/sitemap194.xml" "Mozilla/5.0 AppleWebKit/537.36 (KHTML, like Gecko; compatible; GPTBot/1.4; +https://openai.com/gptbot)"
