74.7.242.54 - - [08/Jul/2026:09:14:08 -0400] "GET /commoditys/259044449 HTTP/1.1" 200 5279 "https://bioredox.cl/sitemap307.xml" "Mozilla/5.0 AppleWebKit/537.36 (KHTML, like Gecko; compatible; GPTBot/1.4; +https://openai.com/gptbot)"
74.7.242.54 - - [08/Jul/2026:09:14:09 -0400] "GET /commoditys/300007156 HTTP/1.1" 200 5279 "https://bioredox.cl/sitemap194.xml" "Mozilla/5.0 AppleWebKit/537.36 (KHTML, like Gecko; compatible; GPTBot/1.4; +https://openai.com/gptbot)"
74.7.242.54 - - [08/Jul/2026:09:14:09 -0400] "GET /commoditys/140000548 HTTP/1.1" 200 5279 "https://bioredox.cl/sitemap307.xml" "Mozilla/5.0 AppleWebKit/537.36 (KHTML, like Gecko; compatible; GPTBot/1.4; +https://openai.com/gptbot)"
74.7.242.54 - - [08/Jul/2026:09:14:10 -0400] "GET /commoditys/012046666 HTTP/1.1" 200 5279 "https://bioredox.cl/sitemap957.xml" "Mozilla/5.0 AppleWebKit/537.36 (KHTML, like Gecko; compatible; GPTBot/1.4; +https://openai.com/gptbot)"
74.7.242.54 - - [08/Jul/2026:09:14:11 -0400] "GET /commoditys/300009566 HTTP/1.1" 200 5279 "https://bioredox.cl/sitemap957.xml" "Mozilla/5.0 AppleWebKit/537.36 (KHTML, like Gecko; compatible; GPTBot/1.4; +https://openai.com/gptbot)"
66.249.70.1 - - [08/Jul/2026:09:14:10 -0400] "GET /?items/I63611319804/ HTTP/1.1" 200 40328 "-" "Mozilla/5.0 (Linux; Android 6.0.1; Nexus 5X Build/MMB29P) AppleWebKit/537.36 (KHTML, like Gecko) Chrome/150.0.7871.46 Mobile Safari/537.36 (compatible; Googlebot/2.1; +http://www.google.com/bot.html)"
74.7.242.54 - - [08/Jul/2026:09:14:11 -0400] "GET /commoditys/259000077 HTTP/1.1" 200 5279 "https://bioredox.cl/sitemap248.xml" "Mozilla/5.0 AppleWebKit/537.36 (KHTML, like Gecko; compatible; GPTBot/1.4; +https://openai.com/gptbot)"
74.7.242.54 - - [08/Jul/2026:09:14:12 -0400] "GET /commoditys/150000352 HTTP/1.1" 200 5279 "https://bioredox.cl/sitemap861.xml" "Mozilla/5.0 AppleWebKit/537.36 (KHTML, like Gecko; compatible; GPTBot/1.4; +https://openai.com/gptbot)"
74.7.242.54 - - [08/Jul/2026:09:14:13 -0400] "GET /commoditys/300005346 HTTP/1.1" 200 5279 "https://bioredox.cl/sitemap194.xml" "Mozilla/5.0 AppleWebKit/537.36 (KHTML, like Gecko; compatible; GPTBot/1.4; +https://openai.com/gptbot)"
74.7.242.54 - - [08/Jul/2026:09:14:13 -0400] "GET /commoditys/128000014 HTTP/1.1" 200 5279 "https://bioredox.cl/sitemap893.xml" "Mozilla/5.0 AppleWebKit/537.36 (KHTML, like Gecko; compatible; GPTBot/1.4; +https://openai.com/gptbot)"
74.7.242.54 - - [08/Jul/2026:09:14:14 -0400] "GET /commoditys/289000021 HTTP/1.1" 200 5279 "https://bioredox.cl/sitemap893.xml" "Mozilla/5.0 AppleWebKit/537.36 (KHTML, like Gecko; compatible; GPTBot/1.4; +https://openai.com/gptbot)"
74.7.242.54 - - [08/Jul/2026:09:14:14 -0400] "GET /commoditys/300007528 HTTP/1.1" 200 5279 "https://bioredox.cl/sitemap852.xml" "Mozilla/5.0 AppleWebKit/537.36 (KHTML, like Gecko; compatible; GPTBot/1.4; +https://openai.com/gptbot)"
74.7.242.54 - - [08/Jul/2026:09:14:15 -0400] "GET /commoditys/269027777 HTTP/1.1" 200 5279 "https://bioredox.cl/sitemap248.xml" "Mozilla/5.0 AppleWebKit/537.36 (KHTML, like Gecko; compatible; GPTBot/1.4; +https://openai.com/gptbot)"
136.243.228.177 - - [08/Jul/2026:09:14:15 -0400] "GET /?_x=297028580 HTTP/1.1" 200 5279 "-" "Mozilla/5.0 (compatible; DataForSeoBot/1.0; +https://dataforseo.com/dataforseo-bot)"
74.7.242.54 - - [08/Jul/2026:09:14:15 -0400] "GET /commoditys/200001684 HTTP/1.1" 200 5279 "https://bioredox.cl/sitemap689.xml" "Mozilla/5.0 AppleWebKit/537.36 (KHTML, like Gecko; compatible; GPTBot/1.4; +https://openai.com/gptbot)"
74.7.242.54 - - [08/Jul/2026:09:14:15 -0400] "GET /commoditys/159000035 HTTP/1.1" 200 5279 "https://bioredox.cl/sitemap893.xml" "Mozilla/5.0 AppleWebKit/537.36 (KHTML, like Gecko; compatible; GPTBot/1.4; +https://openai.com/gptbot)"
74.7.242.54 - - [08/Jul/2026:09:14:16 -0400] "GET /commoditys/242036666 HTTP/1.1" 200 5279 "https://bioredox.cl/sitemap307.xml" "Mozilla/5.0 AppleWebKit/537.36 (KHTML, like Gecko; compatible; GPTBot/1.4; +https://openai.com/gptbot)"
74.7.242.54 - - [08/Jul/2026:09:14:16 -0400] "GET /commoditys/256000058 HTTP/1.1" 200 5279 "https://bioredox.cl/sitemap248.xml" "Mozilla/5.0 AppleWebKit/537.36 (KHTML, like Gecko; compatible; GPTBot/1.4; +https://openai.com/gptbot)"
74.7.242.54 - - [08/Jul/2026:09:14:17 -0400] "GET /commoditys/150000266 HTTP/1.1" 200 5279 "https://bioredox.cl/sitemap893.xml" "Mozilla/5.0 AppleWebKit/537.36 (KHTML, like Gecko; compatible; GPTBot/1.4; +https://openai.com/gptbot)"
74.7.242.54 - - [08/Jul/2026:09:14:18 -0400] "GET /commoditys/200005812 HTTP/1.1" 200 5279 "https://bioredox.cl/sitemap836.xml" "Mozilla/5.0 AppleWebKit/537.36 (KHTML, like Gecko; compatible; GPTBot/1.4; +https://openai.com/gptbot)"
74.7.242.54 - - [08/Jul/2026:09:14:18 -0400] "GET /commoditys/271000047 HTTP/1.1" 200 5279 "https://bioredox.cl/sitemap836.xml" "Mozilla/5.0 AppleWebKit/537.36 (KHTML, like Gecko; compatible; GPTBot/1.4; +https://openai.com/gptbot)"
74.7.242.54 - - [08/Jul/2026:09:14:19 -0400] "GET /commoditys/190000326 HTTP/1.1" 200 5279 "https://bioredox.cl/sitemap957.xml" "Mozilla/5.0 AppleWebKit/537.36 (KHTML, like Gecko; compatible; GPTBot/1.4; +https://openai.com/gptbot)"
74.7.242.54 - - [08/Jul/2026:09:14:19 -0400] "GET /commoditys/180000358 HTTP/1.1" 200 5279 "https://bioredox.cl/sitemap957.xml" "Mozilla/5.0 AppleWebKit/537.36 (KHTML, like Gecko; compatible; GPTBot/1.4; +https://openai.com/gptbot)"
74.7.242.54 - - [08/Jul/2026:09:14:20 -0400] "GET /commoditys/230000382 HTTP/1.1" 200 5279 "https://bioredox.cl/sitemap852.xml" "Mozilla/5.0 AppleWebKit/537.36 (KHTML, like Gecko; compatible; GPTBot/1.4; +https://openai.com/gptbot)"
74.7.242.54 - - [08/Jul/2026:09:14:20 -0400] "GET /commoditys/300003990 HTTP/1.1" 200 5279 "https://bioredox.cl/sitemap852.xml" "Mozilla/5.0 AppleWebKit/537.36 (KHTML, like Gecko; compatible; GPTBot/1.4; +https://openai.com/gptbot)"
74.7.242.54 - - [08/Jul/2026:09:14:21 -0400] "GET /commoditys/006000626 HTTP/1.1" 200 5279 "https://bioredox.cl/sitemap689.xml" "Mozilla/5.0 AppleWebKit/537.36 (KHTML, like Gecko; compatible; GPTBot/1.4; +https://openai.com/gptbot)"
136.243.228.177 - - [08/Jul/2026:09:14:21 -0400] "GET /?_v=023009824 HTTP/1.1" 200 5279 "-" "Mozilla/5.0 (compatible; DataForSeoBot/1.0; +https://dataforseo.com/dataforseo-bot)"
74.7.242.54 - - [08/Jul/2026:09:14:21 -0400] "GET /commoditys/290008290 HTTP/1.1" 200 5279 "https://bioredox.cl/sitemap472.xml" "Mozilla/5.0 AppleWebKit/537.36 (KHTML, like Gecko; compatible; GPTBot/1.4; +https://openai.com/gptbot)"
74.7.242.54 - - [08/Jul/2026:09:14:22 -0400] "GET /commoditys/006000674 HTTP/1.1" 200 5279 "https://bioredox.cl/sitemap852.xml" "Mozilla/5.0 AppleWebKit/537.36 (KHTML, like Gecko; compatible; GPTBot/1.4; +https://openai.com/gptbot)"
66.249.70.1 - - [08/Jul/2026:09:14:21 -0400] "GET /?items/F63632120492/ HTTP/1.1" 200 39315 "-" "Mozilla/5.0 (Linux; Android 6.0.1; Nexus 5X Build/MMB29P) AppleWebKit/537.36 (KHTML, like Gecko) Chrome/150.0.7871.46 Mobile Safari/537.36 (compatible; Googlebot/2.1; +http://www.google.com/bot.html)"
74.7.242.54 - - [08/Jul/2026:09:14:22 -0400] "GET /commoditys/199000061 HTTP/1.1" 200 5279 "https://bioredox.cl/sitemap957.xml" "Mozilla/5.0 AppleWebKit/537.36 (KHTML, like Gecko; compatible; GPTBot/1.4; +https://openai.com/gptbot)"
74.7.242.54 - - [08/Jul/2026:09:14:23 -0400] "GET /commoditys/170000112 HTTP/1.1" 200 5279 "https://bioredox.cl/sitemap852.xml" "Mozilla/5.0 AppleWebKit/537.36 (KHTML, like Gecko; compatible; GPTBot/1.4; +https://openai.com/gptbot)"
74.7.242.54 - - [08/Jul/2026:09:14:23 -0400] "GET /commoditys/111010145 HTTP/1.1" 200 5279 "https://bioredox.cl/sitemap852.xml" "Mozilla/5.0 AppleWebKit/537.36 (KHTML, like Gecko; compatible; GPTBot/1.4; +https://openai.com/gptbot)"
74.7.242.54 - - [08/Jul/2026:09:14:24 -0400] "GET /commoditys/100007406 HTTP/1.1" 200 5279 "https://bioredox.cl/sitemap394.xml" "Mozilla/5.0 AppleWebKit/537.36 (KHTML, like Gecko; compatible; GPTBot/1.4; +https://openai.com/gptbot)"
74.7.242.54 - - [08/Jul/2026:09:14:24 -0400] "GET /commoditys/218022220 HTTP/1.1" 200 5279 "https://bioredox.cl/sitemap307.xml" "Mozilla/5.0 AppleWebKit/537.36 (KHTML, like Gecko; compatible; GPTBot/1.4; +https://openai.com/gptbot)"
74.7.242.54 - - [08/Jul/2026:09:14:25 -0400] "GET /commoditys/100009084 HTTP/1.1" 200 5279 "https://bioredox.cl/sitemap893.xml" "Mozilla/5.0 AppleWebKit/537.36 (KHTML, like Gecko; compatible; GPTBot/1.4; +https://openai.com/gptbot)"
74.7.242.54 - - [08/Jul/2026:09:14:25 -0400] "GET /commoditys/050001000 HTTP/1.1" 200 5279 "https://bioredox.cl/sitemap836.xml" "Mozilla/5.0 AppleWebKit/537.36 (KHTML, like Gecko; compatible; GPTBot/1.4; +https://openai.com/gptbot)"
74.7.242.54 - - [08/Jul/2026:09:14:26 -0400] "GET /commoditys/131043333 HTTP/1.1" 200 5279 "https://bioredox.cl/sitemap307.xml" "Mozilla/5.0 AppleWebKit/537.36 (KHTML, like Gecko; compatible; GPTBot/1.4; +https://openai.com/gptbot)"
74.7.242.54 - - [08/Jul/2026:09:14:26 -0400] "GET /commoditys/190000116 HTTP/1.1" 200 5279 "https://bioredox.cl/sitemap893.xml" "Mozilla/5.0 AppleWebKit/537.36 (KHTML, like Gecko; compatible; GPTBot/1.4; +https://openai.com/gptbot)"
74.7.242.54 - - [08/Jul/2026:09:14:27 -0400] "GET /commoditys/120016666 HTTP/1.1" 200 5279 "https://bioredox.cl/sitemap861.xml" "Mozilla/5.0 AppleWebKit/537.36 (KHTML, like Gecko; compatible; GPTBot/1.4; +https://openai.com/gptbot)"
74.7.242.54 - - [08/Jul/2026:09:14:27 -0400] "GET /commoditys/200004540 HTTP/1.1" 200 5279 "https://bioredox.cl/sitemap893.xml" "Mozilla/5.0 AppleWebKit/537.36 (KHTML, like Gecko; compatible; GPTBot/1.4; +https://openai.com/gptbot)"
74.7.242.54 - - [08/Jul/2026:09:14:28 -0400] "GET /commoditys/100009666 HTTP/1.1" 200 5279 "https://bioredox.cl/sitemap689.xml" "Mozilla/5.0 AppleWebKit/537.36 (KHTML, like Gecko; compatible; GPTBot/1.4; +https://openai.com/gptbot)"
74.7.242.54 - - [08/Jul/2026:09:14:29 -0400] "GET /commoditys/109000097 HTTP/1.1" 200 5279 "https://bioredox.cl/sitemap394.xml" "Mozilla/5.0 AppleWebKit/537.36 (KHTML, like Gecko; compatible; GPTBot/1.4; +https://openai.com/gptbot)"
74.7.242.54 - - [08/Jul/2026:09:14:29 -0400] "GET /commoditys/100006008 HTTP/1.1" 200 5279 "https://bioredox.cl/sitemap836.xml" "Mozilla/5.0 AppleWebKit/537.36 (KHTML, like Gecko; compatible; GPTBot/1.4; +https://openai.com/gptbot)"
136.243.228.177 - - [08/Jul/2026:09:14:29 -0400] "GET /?_g=185046890 HTTP/1.1" 200 5279 "-" "Mozilla/5.0 (compatible; DataForSeoBot/1.0; +https://dataforseo.com/dataforseo-bot)"
74.7.242.54 - - [08/Jul/2026:09:14:30 -0400] "GET /commoditys/189000099 HTTP/1.1" 200 5279 "https://bioredox.cl/sitemap861.xml" "Mozilla/5.0 AppleWebKit/537.36 (KHTML, like Gecko; compatible; GPTBot/1.4; +https://openai.com/gptbot)"
74.7.242.54 - - [08/Jul/2026:09:14:30 -0400] "GET /commoditys/180012222 HTTP/1.1" 200 5279 "https://bioredox.cl/sitemap689.xml" "Mozilla/5.0 AppleWebKit/537.36 (KHTML, like Gecko; compatible; GPTBot/1.4; +https://openai.com/gptbot)"
74.7.242.54 - - [08/Jul/2026:09:14:31 -0400] "GET /commoditys/017000175 HTTP/1.1" 200 5279 "https://bioredox.cl/sitemap861.xml" "Mozilla/5.0 AppleWebKit/537.36 (KHTML, like Gecko; compatible; GPTBot/1.4; +https://openai.com/gptbot)"
74.7.242.54 - - [08/Jul/2026:09:14:31 -0400] "GET /commoditys/036000024 HTTP/1.1" 200 5279 "https://bioredox.cl/sitemap689.xml" "Mozilla/5.0 AppleWebKit/537.36 (KHTML, like Gecko; compatible; GPTBot/1.4; +https://openai.com/gptbot)"
74.7.242.54 - - [08/Jul/2026:09:14:32 -0400] "GET /commoditys/100001136 HTTP/1.1" 200 5279 "https://bioredox.cl/sitemap689.xml" "Mozilla/5.0 AppleWebKit/537.36 (KHTML, like Gecko; compatible; GPTBot/1.4; +https://openai.com/gptbot)"
74.7.242.54 - - [08/Jul/2026:09:14:32 -0400] "GET /commoditys/037000065 HTTP/1.1" 200 5279 "https://bioredox.cl/sitemap957.xml" "Mozilla/5.0 AppleWebKit/537.36 (KHTML, like Gecko; compatible; GPTBot/1.4; +https://openai.com/gptbot)"
74.7.242.54 - - [08/Jul/2026:09:14:33 -0400] "GET /commoditys/184044448 HTTP/1.1" 200 5279 "https://bioredox.cl/sitemap861.xml" "Mozilla/5.0 AppleWebKit/537.36 (KHTML, like Gecko; compatible; GPTBot/1.4; +https://openai.com/gptbot)"
74.7.242.54 - - [08/Jul/2026:09:14:34 -0400] "GET /commoditys/080000764 HTTP/1.1" 200 5279 "https://bioredox.cl/sitemap689.xml" "Mozilla/5.0 AppleWebKit/537.36 (KHTML, like Gecko; compatible; GPTBot/1.4; +https://openai.com/gptbot)"
74.7.242.54 - - [08/Jul/2026:09:14:34 -0400] "GET /commoditys/043000045 HTTP/1.1" 200 5279 "https://bioredox.cl/sitemap836.xml" "Mozilla/5.0 AppleWebKit/537.36 (KHTML, like Gecko; compatible; GPTBot/1.4; +https://openai.com/gptbot)"
74.7.242.54 - - [08/Jul/2026:09:14:35 -0400] "GET /commoditys/022000016 HTTP/1.1" 200 5279 "https://bioredox.cl/sitemap248.xml" "Mozilla/5.0 AppleWebKit/537.36 (KHTML, like Gecko; compatible; GPTBot/1.4; +https://openai.com/gptbot)"
74.7.242.54 - - [08/Jul/2026:09:14:35 -0400] "GET /commoditys/014011114 HTTP/1.1" 200 5279 "https://bioredox.cl/sitemap861.xml" "Mozilla/5.0 AppleWebKit/537.36 (KHTML, like Gecko; compatible; GPTBot/1.4; +https://openai.com/gptbot)"
74.7.242.54 - - [08/Jul/2026:09:14:35 -0400] "GET /commoditys/300009960 HTTP/1.1" 200 5279 "https://bioredox.cl/sitemap861.xml" "Mozilla/5.0 AppleWebKit/537.36 (KHTML, like Gecko; compatible; GPTBot/1.4; +https://openai.com/gptbot)"
74.7.242.54 - - [08/Jul/2026:09:14:36 -0400] "GET /commoditys/138030000 HTTP/1.1" 200 5279 "https://bioredox.cl/sitemap836.xml" "Mozilla/5.0 AppleWebKit/537.36 (KHTML, like Gecko; compatible; GPTBot/1.4; +https://openai.com/gptbot)"
136.243.228.177 - - [08/Jul/2026:09:14:36 -0400] "GET /?_n=117039740 HTTP/1.1" 200 5279 "-" "Mozilla/5.0 (compatible; DataForSeoBot/1.0; +https://dataforseo.com/dataforseo-bot)"
74.7.242.54 - - [08/Jul/2026:09:14:37 -0400] "GET /commoditys/212014444 HTTP/1.1" 200 5279 "https://bioredox.cl/sitemap861.xml" "Mozilla/5.0 AppleWebKit/537.36 (KHTML, like Gecko; compatible; GPTBot/1.4; +https://openai.com/gptbot)"
74.7.242.54 - - [08/Jul/2026:09:14:37 -0400] "GET /commoditys/300008650 HTTP/1.1" 200 5279 "https://bioredox.cl/sitemap394.xml" "Mozilla/5.0 AppleWebKit/537.36 (KHTML, like Gecko; compatible; GPTBot/1.4; +https://openai.com/gptbot)"
74.7.242.54 - - [08/Jul/2026:09:14:38 -0400] "GET /commoditys/160000176 HTTP/1.1" 200 5279 "https://bioredox.cl/sitemap689.xml" "Mozilla/5.0 AppleWebKit/537.36 (KHTML, like Gecko; compatible; GPTBot/1.4; +https://openai.com/gptbot)"
74.7.242.54 - - [08/Jul/2026:09:14:38 -0400] "GET /commoditys/010000348 HTTP/1.1" 200 5279 "https://bioredox.cl/sitemap689.xml" "Mozilla/5.0 AppleWebKit/537.36 (KHTML, like Gecko; compatible; GPTBot/1.4; +https://openai.com/gptbot)"
74.7.242.54 - - [08/Jul/2026:09:14:39 -0400] "GET /commoditys/264000046 HTTP/1.1" 200 5279 "https://bioredox.cl/sitemap836.xml" "Mozilla/5.0 AppleWebKit/537.36 (KHTML, like Gecko; compatible; GPTBot/1.4; +https://openai.com/gptbot)"
74.7.242.54 - - [08/Jul/2026:09:14:39 -0400] "GET /commoditys/050000386 HTTP/1.1" 200 5279 "https://bioredox.cl/sitemap689.xml" "Mozilla/5.0 AppleWebKit/537.36 (KHTML, like Gecko; compatible; GPTBot/1.4; +https://openai.com/gptbot)"
74.7.242.54 - - [08/Jul/2026:09:14:40 -0400] "GET /commoditys/049000061 HTTP/1.1" 200 5279 "https://bioredox.cl/sitemap861.xml" "Mozilla/5.0 AppleWebKit/537.36 (KHTML, like Gecko; compatible; GPTBot/1.4; +https://openai.com/gptbot)"
74.7.242.54 - - [08/Jul/2026:09:14:40 -0400] "GET /commoditys/109000043 HTTP/1.1" 200 5279 "https://bioredox.cl/sitemap394.xml" "Mozilla/5.0 AppleWebKit/537.36 (KHTML, like Gecko; compatible; GPTBot/1.4; +https://openai.com/gptbot)"
136.243.228.177 - - [08/Jul/2026:09:14:41 -0400] "GET /commoditys/163005681 HTTP/1.1" 200 5279 "-" "Mozilla/5.0 (compatible; DataForSeoBot/1.0; +https://dataforseo.com/dataforseo-bot)"
74.7.242.54 - - [08/Jul/2026:09:14:41 -0400] "GET /commoditys/040004022 HTTP/1.1" 200 5279 "https://bioredox.cl/sitemap472.xml" "Mozilla/5.0 AppleWebKit/537.36 (KHTML, like Gecko; compatible; GPTBot/1.4; +https://openai.com/gptbot)"
74.7.242.54 - - [08/Jul/2026:09:14:41 -0400] "GET /commoditys/133044443 HTTP/1.1" 200 5279 "https://bioredox.cl/sitemap394.xml" "Mozilla/5.0 AppleWebKit/537.36 (KHTML, like Gecko; compatible; GPTBot/1.4; +https://openai.com/gptbot)"
74.7.242.54 - - [08/Jul/2026:09:14:42 -0400] "GET /commoditys/230000266 HTTP/1.1" 200 5279 "https://bioredox.cl/sitemap248.xml" "Mozilla/5.0 AppleWebKit/537.36 (KHTML, like Gecko; compatible; GPTBot/1.4; +https://openai.com/gptbot)"
74.7.242.54 - - [08/Jul/2026:09:14:42 -0400] "GET /commoditys/100003444 HTTP/1.1" 200 5279 "https://bioredox.cl/sitemap836.xml" "Mozilla/5.0 AppleWebKit/537.36 (KHTML, like Gecko; compatible; GPTBot/1.4; +https://openai.com/gptbot)"
74.7.242.54 - - [08/Jul/2026:09:14:43 -0400] "GET /commoditys/100008590 HTTP/1.1" 200 5279 "https://bioredox.cl/sitemap852.xml" "Mozilla/5.0 AppleWebKit/537.36 (KHTML, like Gecko; compatible; GPTBot/1.4; +https://openai.com/gptbot)"
74.7.242.54 - - [08/Jul/2026:09:14:44 -0400] "GET /commoditys/015033335 HTTP/1.1" 200 5279 "https://bioredox.cl/sitemap957.xml" "Mozilla/5.0 AppleWebKit/537.36 (KHTML, like Gecko; compatible; GPTBot/1.4; +https://openai.com/gptbot)"
74.7.242.54 - - [08/Jul/2026:09:14:44 -0400] "GET /commoditys/100008046 HTTP/1.1" 200 5279 "https://bioredox.cl/sitemap861.xml" "Mozilla/5.0 AppleWebKit/537.36 (KHTML, like Gecko; compatible; GPTBot/1.4; +https://openai.com/gptbot)"
74.7.242.54 - - [08/Jul/2026:09:14:45 -0400] "GET /commoditys/022022216 HTTP/1.1" 200 5279 "https://bioredox.cl/sitemap472.xml" "Mozilla/5.0 AppleWebKit/537.36 (KHTML, like Gecko; compatible; GPTBot/1.4; +https://openai.com/gptbot)"
74.7.242.54 - - [08/Jul/2026:09:14:45 -0400] "GET /commoditys/091000093 HTTP/1.1" 200 5279 "https://bioredox.cl/sitemap957.xml" "Mozilla/5.0 AppleWebKit/537.36 (KHTML, like Gecko; compatible; GPTBot/1.4; +https://openai.com/gptbot)"
74.7.242.54 - - [08/Jul/2026:09:14:46 -0400] "GET /commoditys/252000052 HTTP/1.1" 200 5279 "https://bioredox.cl/sitemap307.xml" "Mozilla/5.0 AppleWebKit/537.36 (KHTML, like Gecko; compatible; GPTBot/1.4; +https://openai.com/gptbot)"
74.7.242.54 - - [08/Jul/2026:09:14:46 -0400] "GET /commoditys/245000045 HTTP/1.1" 200 5279 "https://bioredox.cl/sitemap689.xml" "Mozilla/5.0 AppleWebKit/537.36 (KHTML, like Gecko; compatible; GPTBot/1.4; +https://openai.com/gptbot)"
136.243.228.177 - - [08/Jul/2026:09:14:46 -0400] "GET /commoditys/087032935 HTTP/1.1" 200 5279 "-" "Mozilla/5.0 (compatible; DataForSeoBot/1.0; +https://dataforseo.com/dataforseo-bot)"
74.7.242.54 - - [08/Jul/2026:09:14:47 -0400] "GET /commoditys/294000400 HTTP/1.1" 200 5279 "https://bioredox.cl/sitemap893.xml" "Mozilla/5.0 AppleWebKit/537.36 (KHTML, like Gecko; compatible; GPTBot/1.4; +https://openai.com/gptbot)"
74.7.242.54 - - [08/Jul/2026:09:14:47 -0400] "GET /commoditys/226000088 HTTP/1.1" 200 5279 "https://bioredox.cl/sitemap861.xml" "Mozilla/5.0 AppleWebKit/537.36 (KHTML, like Gecko; compatible; GPTBot/1.4; +https://openai.com/gptbot)"
66.249.70.1 - - [08/Jul/2026:09:14:46 -0400] "GET /?items/R63632380146/ HTTP/1.1" 200 39860 "-" "Mozilla/5.0 (Linux; Android 6.0.1; Nexus 5X Build/MMB29P) AppleWebKit/537.36 (KHTML, like Gecko) Chrome/150.0.7871.46 Mobile Safari/537.36 (compatible; Googlebot/2.1; +http://www.google.com/bot.html)"
74.7.242.54 - - [08/Jul/2026:09:14:48 -0400] "GET /commoditys/086040000 HTTP/1.1" 200 5279 "https://bioredox.cl/sitemap861.xml" "Mozilla/5.0 AppleWebKit/537.36 (KHTML, like Gecko; compatible; GPTBot/1.4; +https://openai.com/gptbot)"
74.7.242.54 - - [08/Jul/2026:09:14:48 -0400] "GET /commoditys/061000067 HTTP/1.1" 200 5279 "https://bioredox.cl/sitemap957.xml" "Mozilla/5.0 AppleWebKit/537.36 (KHTML, like Gecko; compatible; GPTBot/1.4; +https://openai.com/gptbot)"
74.7.242.54 - - [08/Jul/2026:09:14:49 -0400] "GET /commoditys/100003510 HTTP/1.1" 200 5279 "https://bioredox.cl/sitemap307.xml" "Mozilla/5.0 AppleWebKit/537.36 (KHTML, like Gecko; compatible; GPTBot/1.4; +https://openai.com/gptbot)"
74.7.242.54 - - [08/Jul/2026:09:14:49 -0400] "GET /commoditys/100002098 HTTP/1.1" 200 5279 "https://bioredox.cl/sitemap394.xml" "Mozilla/5.0 AppleWebKit/537.36 (KHTML, like Gecko; compatible; GPTBot/1.4; +https://openai.com/gptbot)"
74.7.242.54 - - [08/Jul/2026:09:14:50 -0400] "GET /commoditys/100009616 HTTP/1.1" 200 5279 "https://bioredox.cl/sitemap307.xml" "Mozilla/5.0 AppleWebKit/537.36 (KHTML, like Gecko; compatible; GPTBot/1.4; +https://openai.com/gptbot)"
74.7.242.54 - - [08/Jul/2026:09:14:50 -0400] "GET /commoditys/020000254 HTTP/1.1" 200 5279 "https://bioredox.cl/sitemap836.xml" "Mozilla/5.0 AppleWebKit/537.36 (KHTML, like Gecko; compatible; GPTBot/1.4; +https://openai.com/gptbot)"
136.243.228.177 - - [08/Jul/2026:09:14:51 -0400] "GET /?_j=111020612 HTTP/1.1" 200 5279 "-" "Mozilla/5.0 (compatible; DataForSeoBot/1.0; +https://dataforseo.com/dataforseo-bot)"
74.7.242.54 - - [08/Jul/2026:09:14:51 -0400] "GET /commoditys/260024444 HTTP/1.1" 200 5279 "https://bioredox.cl/sitemap893.xml" "Mozilla/5.0 AppleWebKit/537.36 (KHTML, like Gecko; compatible; GPTBot/1.4; +https://openai.com/gptbot)"
74.7.242.54 - - [08/Jul/2026:09:14:51 -0400] "GET /commoditys/100005038 HTTP/1.1" 200 5279 "https://bioredox.cl/sitemap394.xml" "Mozilla/5.0 AppleWebKit/537.36 (KHTML, like Gecko; compatible; GPTBot/1.4; +https://openai.com/gptbot)"
74.7.242.54 - - [08/Jul/2026:09:14:52 -0400] "GET /commoditys/094000024 HTTP/1.1" 200 5279 "https://bioredox.cl/sitemap307.xml" "Mozilla/5.0 AppleWebKit/537.36 (KHTML, like Gecko; compatible; GPTBot/1.4; +https://openai.com/gptbot)"
74.7.242.54 - - [08/Jul/2026:09:14:53 -0400] "GET /commoditys/200007620 HTTP/1.1" 200 5279 "https://bioredox.cl/sitemap248.xml" "Mozilla/5.0 AppleWebKit/537.36 (KHTML, like Gecko; compatible; GPTBot/1.4; +https://openai.com/gptbot)"
74.7.242.54 - - [08/Jul/2026:09:14:53 -0400] "GET /commoditys/200002750 HTTP/1.1" 200 5279 "https://bioredox.cl/sitemap893.xml" "Mozilla/5.0 AppleWebKit/537.36 (KHTML, like Gecko; compatible; GPTBot/1.4; +https://openai.com/gptbot)"
74.7.242.54 - - [08/Jul/2026:09:14:53 -0400] "GET /commoditys/097000081 HTTP/1.1" 200 5279 "https://bioredox.cl/sitemap861.xml" "Mozilla/5.0 AppleWebKit/537.36 (KHTML, like Gecko; compatible; GPTBot/1.4; +https://openai.com/gptbot)"
74.7.242.54 - - [08/Jul/2026:09:14:54 -0400] "GET /commoditys/002000210 HTTP/1.1" 200 5279 "https://bioredox.cl/sitemap248.xml" "Mozilla/5.0 AppleWebKit/537.36 (KHTML, like Gecko; compatible; GPTBot/1.4; +https://openai.com/gptbot)"
74.7.242.54 - - [08/Jul/2026:09:14:55 -0400] "GET /commoditys/199011117 HTTP/1.1" 200 5279 "https://bioredox.cl/sitemap307.xml" "Mozilla/5.0 AppleWebKit/537.36 (KHTML, like Gecko; compatible; GPTBot/1.4; +https://openai.com/gptbot)"
74.7.242.54 - - [08/Jul/2026:09:14:55 -0400] "GET /commoditys/120000266 HTTP/1.1" 200 5279 "https://bioredox.cl/sitemap852.xml" "Mozilla/5.0 AppleWebKit/537.36 (KHTML, like Gecko; compatible; GPTBot/1.4; +https://openai.com/gptbot)"
74.7.242.54 - - [08/Jul/2026:09:14:56 -0400] "GET /commoditys/126026020 HTTP/1.1" 200 5279 "https://bioredox.cl/sitemap861.xml" "Mozilla/5.0 AppleWebKit/537.36 (KHTML, like Gecko; compatible; GPTBot/1.4; +https://openai.com/gptbot)"
74.7.242.54 - - [08/Jul/2026:09:14:56 -0400] "GET /commoditys/265025025 HTTP/1.1" 200 5279 "https://bioredox.cl/sitemap893.xml" "Mozilla/5.0 AppleWebKit/537.36 (KHTML, like Gecko; compatible; GPTBot/1.4; +https://openai.com/gptbot)"
74.7.242.54 - - [08/Jul/2026:09:14:57 -0400] "GET /commoditys/232023206 HTTP/1.1" 200 5279 "https://bioredox.cl/sitemap893.xml" "Mozilla/5.0 AppleWebKit/537.36 (KHTML, like Gecko; compatible; GPTBot/1.4; +https://openai.com/gptbot)"
136.243.228.177 - - [08/Jul/2026:09:14:57 -0400] "GET /commoditys/140018040 HTTP/1.1" 200 5279 "-" "Mozilla/5.0 (compatible; DataForSeoBot/1.0; +https://dataforseo.com/dataforseo-bot)"
74.7.242.54 - - [08/Jul/2026:09:14:57 -0400] "GET /commoditys/017017047 HTTP/1.1" 200 5279 "https://bioredox.cl/sitemap248.xml" "Mozilla/5.0 AppleWebKit/537.36 (KHTML, like Gecko; compatible; GPTBot/1.4; +https://openai.com/gptbot)"
74.7.242.54 - - [08/Jul/2026:09:14:59 -0400] "GET /commoditys/043004301 HTTP/1.1" 200 5279 "https://bioredox.cl/sitemap194.xml" "Mozilla/5.0 AppleWebKit/537.36 (KHTML, like Gecko; compatible; GPTBot/1.4; +https://openai.com/gptbot)"
74.7.242.54 - - [08/Jul/2026:09:14:59 -0400] "GET /commoditys/006006024 HTTP/1.1" 200 5279 "https://bioredox.cl/sitemap472.xml" "Mozilla/5.0 AppleWebKit/537.36 (KHTML, like Gecko; compatible; GPTBot/1.4; +https://openai.com/gptbot)"
66.249.70.1 - - [08/Jul/2026:09:14:59 -0400] "GET /?items/R63611461757/ HTTP/1.1" 200 39511 "-" "Mozilla/5.0 (Linux; Android 6.0.1; Nexus 5X Build/MMB29P) AppleWebKit/537.36 (KHTML, like Gecko) Chrome/150.0.7871.46 Mobile Safari/537.36 (compatible; Googlebot/2.1; +http://www.google.com/bot.html)"
74.7.242.54 - - [08/Jul/2026:09:15:00 -0400] "GET /commoditys/101015895 HTTP/1.1" 200 5279 "https://bioredox.cl/sitemap194.xml" "Mozilla/5.0 AppleWebKit/537.36 (KHTML, like Gecko; compatible; GPTBot/1.4; +https://openai.com/gptbot)"
74.7.242.54 - - [08/Jul/2026:09:15:01 -0400] "GET /commoditys/202025574 HTTP/1.1" 200 5279 "https://bioredox.cl/sitemap957.xml" "Mozilla/5.0 AppleWebKit/537.36 (KHTML, like Gecko; compatible; GPTBot/1.4; +https://openai.com/gptbot)"
74.7.242.54 - - [08/Jul/2026:09:15:01 -0400] "GET /commoditys/119040405 HTTP/1.1" 200 5279 "https://bioredox.cl/sitemap957.xml" "Mozilla/5.0 AppleWebKit/537.36 (KHTML, like Gecko; compatible; GPTBot/1.4; +https://openai.com/gptbot)"
74.7.242.54 - - [08/Jul/2026:09:15:02 -0400] "GET /commoditys/024024684 HTTP/1.1" 200 5279 "https://bioredox.cl/sitemap472.xml" "Mozilla/5.0 AppleWebKit/537.36 (KHTML, like Gecko; compatible; GPTBot/1.4; +https://openai.com/gptbot)"
136.243.228.177 - - [08/Jul/2026:09:15:02 -0400] "GET /commoditys/060044172 HTTP/1.1" 200 5279 "-" "Mozilla/5.0 (compatible; DataForSeoBot/1.0; +https://dataforseo.com/dataforseo-bot)"
74.7.242.54 - - [08/Jul/2026:09:15:02 -0400] "GET /commoditys/151040407 HTTP/1.1" 200 5279 "https://bioredox.cl/sitemap472.xml" "Mozilla/5.0 AppleWebKit/537.36 (KHTML, like Gecko; compatible; GPTBot/1.4; +https://openai.com/gptbot)"
74.7.242.54 - - [08/Jul/2026:09:15:03 -0400] "GET /commoditys/219032219 HTTP/1.1" 200 5279 "https://bioredox.cl/sitemap307.xml" "Mozilla/5.0 AppleWebKit/537.36 (KHTML, like Gecko; compatible; GPTBot/1.4; +https://openai.com/gptbot)"
74.7.242.54 - - [08/Jul/2026:09:15:04 -0400] "GET /commoditys/132029292 HTTP/1.1" 200 5279 "https://bioredox.cl/sitemap194.xml" "Mozilla/5.0 AppleWebKit/537.36 (KHTML, like Gecko; compatible; GPTBot/1.4; +https://openai.com/gptbot)"
74.7.242.54 - - [08/Jul/2026:09:15:04 -0400] "GET /commoditys/140026140 HTTP/1.1" 200 5279 "https://bioredox.cl/sitemap861.xml" "Mozilla/5.0 AppleWebKit/537.36 (KHTML, like Gecko; compatible; GPTBot/1.4; +https://openai.com/gptbot)"
74.7.242.54 - - [08/Jul/2026:09:15:05 -0400] "GET /commoditys/139040405 HTTP/1.1" 200 5279 "https://bioredox.cl/sitemap852.xml" "Mozilla/5.0 AppleWebKit/537.36 (KHTML, like Gecko; compatible; GPTBot/1.4; +https://openai.com/gptbot)"
74.7.242.54 - - [08/Jul/2026:09:15:05 -0400] "GET /commoditys/091035353 HTTP/1.1" 200 5279 "https://bioredox.cl/sitemap861.xml" "Mozilla/5.0 AppleWebKit/537.36 (KHTML, like Gecko; compatible; GPTBot/1.4; +https://openai.com/gptbot)"
74.7.242.54 - - [08/Jul/2026:09:15:06 -0400] "GET /commoditys/168042804 HTTP/1.1" 200 5279 "https://bioredox.cl/sitemap861.xml" "Mozilla/5.0 AppleWebKit/537.36 (KHTML, like Gecko; compatible; GPTBot/1.4; +https://openai.com/gptbot)"
136.243.228.177 - - [08/Jul/2026:09:15:06 -0400] "GET /commoditys/298037222 HTTP/1.1" 200 5279 "-" "Mozilla/5.0 (compatible; DataForSeoBot/1.0; +https://dataforseo.com/dataforseo-bot)"
74.7.242.54 - - [08/Jul/2026:09:15:06 -0400] "GET /commoditys/096010962 HTTP/1.1" 200 5279 "https://bioredox.cl/sitemap836.xml" "Mozilla/5.0 AppleWebKit/537.36 (KHTML, like Gecko; compatible; GPTBot/1.4; +https://openai.com/gptbot)"
74.7.242.54 - - [08/Jul/2026:09:15:06 -0400] "GET /commoditys/231023195 HTTP/1.1" 200 5279 "https://bioredox.cl/sitemap472.xml" "Mozilla/5.0 AppleWebKit/537.36 (KHTML, like Gecko; compatible; GPTBot/1.4; +https://openai.com/gptbot)"
74.7.242.54 - - [08/Jul/2026:09:15:07 -0400] "GET /commoditys/202027886 HTTP/1.1" 200 5279 "https://bioredox.cl/sitemap957.xml" "Mozilla/5.0 AppleWebKit/537.36 (KHTML, like Gecko; compatible; GPTBot/1.4; +https://openai.com/gptbot)"
74.7.242.54 - - [08/Jul/2026:09:15:08 -0400] "GET /commoditys/291031035 HTTP/1.1" 200 5279 "https://bioredox.cl/sitemap248.xml" "Mozilla/5.0 AppleWebKit/537.36 (KHTML, like Gecko; compatible; GPTBot/1.4; +https://openai.com/gptbot)"
66.249.70.1 - - [08/Jul/2026:09:15:07 -0400] "GET /?items/L635938201/ HTTP/1.1" 200 42282 "-" "Mozilla/5.0 (Linux; Android 6.0.1; Nexus 5X Build/MMB29P) AppleWebKit/537.36 (KHTML, like Gecko) Chrome/150.0.7871.46 Mobile Safari/537.36 (compatible; Googlebot/2.1; +http://www.google.com/bot.html)"
74.7.242.54 - - [08/Jul/2026:09:15:08 -0400] "GET /commoditys/069028069 HTTP/1.1" 200 5279 "https://bioredox.cl/sitemap472.xml" "Mozilla/5.0 AppleWebKit/537.36 (KHTML, like Gecko; compatible; GPTBot/1.4; +https://openai.com/gptbot)"
74.7.242.54 - - [08/Jul/2026:09:15:09 -0400] "GET /commoditys/194025402 HTTP/1.1" 200 5279 "https://bioredox.cl/sitemap307.xml" "Mozilla/5.0 AppleWebKit/537.36 (KHTML, like Gecko; compatible; GPTBot/1.4; +https://openai.com/gptbot)"
74.7.242.54 - - [08/Jul/2026:09:15:09 -0400] "GET /commoditys/202026316 HTTP/1.1" 200 5279 "https://bioredox.cl/sitemap852.xml" "Mozilla/5.0 AppleWebKit/537.36 (KHTML, like Gecko; compatible; GPTBot/1.4; +https://openai.com/gptbot)"
74.7.242.54 - - [08/Jul/2026:09:15:10 -0400] "GET /commoditys/296007070 HTTP/1.1" 200 5279 "https://bioredox.cl/sitemap836.xml" "Mozilla/5.0 AppleWebKit/537.36 (KHTML, like Gecko; compatible; GPTBot/1.4; +https://openai.com/gptbot)"
74.7.242.54 - - [08/Jul/2026:09:15:10 -0400] "GET /commoditys/101014277 HTTP/1.1" 200 5279 "https://bioredox.cl/sitemap248.xml" "Mozilla/5.0 AppleWebKit/537.36 (KHTML, like Gecko; compatible; GPTBot/1.4; +https://openai.com/gptbot)"
74.7.242.54 - - [08/Jul/2026:09:15:11 -0400] "GET /commoditys/205020571 HTTP/1.1" 200 5279 "https://bioredox.cl/sitemap852.xml" "Mozilla/5.0 AppleWebKit/537.36 (KHTML, like Gecko; compatible; GPTBot/1.4; +https://openai.com/gptbot)"
74.7.242.54 - - [08/Jul/2026:09:15:11 -0400] "GET /commoditys/101018763 HTTP/1.1" 200 5279 "https://bioredox.cl/sitemap307.xml" "Mozilla/5.0 AppleWebKit/537.36 (KHTML, like Gecko; compatible; GPTBot/1.4; +https://openai.com/gptbot)"
74.7.242.54 - - [08/Jul/2026:09:15:12 -0400] "GET /commoditys/083030341 HTTP/1.1" 200 5279 "https://bioredox.cl/sitemap836.xml" "Mozilla/5.0 AppleWebKit/537.36 (KHTML, like Gecko; compatible; GPTBot/1.4; +https://openai.com/gptbot)"
74.7.242.54 - - [08/Jul/2026:09:15:12 -0400] "GET /commoditys/039039217 HTTP/1.1" 200 5279 "https://bioredox.cl/sitemap852.xml" "Mozilla/5.0 AppleWebKit/537.36 (KHTML, like Gecko; compatible; GPTBot/1.4; +https://openai.com/gptbot)"
74.7.242.54 - - [08/Jul/2026:09:15:13 -0400] "GET /commoditys/128041128 HTTP/1.1" 200 5279 "https://bioredox.cl/sitemap836.xml" "Mozilla/5.0 AppleWebKit/537.36 (KHTML, like Gecko; compatible; GPTBot/1.4; +https://openai.com/gptbot)"
74.7.242.54 - - [08/Jul/2026:09:15:13 -0400] "GET /commoditys/141010157 HTTP/1.1" 200 5279 "https://bioredox.cl/sitemap307.xml" "Mozilla/5.0 AppleWebKit/537.36 (KHTML, like Gecko; compatible; GPTBot/1.4; +https://openai.com/gptbot)"
136.243.228.177 - - [08/Jul/2026:09:15:14 -0400] "GET /?_d=095033802 HTTP/1.1" 200 5279 "-" "Mozilla/5.0 (compatible; DataForSeoBot/1.0; +https://dataforseo.com/dataforseo-bot)"
74.7.242.54 - - [08/Jul/2026:09:15:14 -0400] "GET /commoditys/076041076 HTTP/1.1" 200 5279 "https://bioredox.cl/sitemap472.xml" "Mozilla/5.0 AppleWebKit/537.36 (KHTML, like Gecko; compatible; GPTBot/1.4; +https://openai.com/gptbot)"
74.7.242.54 - - [08/Jul/2026:09:15:14 -0400] "GET /commoditys/262020284 HTTP/1.1" 200 5279 "https://bioredox.cl/sitemap394.xml" "Mozilla/5.0 AppleWebKit/537.36 (KHTML, like Gecko; compatible; GPTBot/1.4; +https://openai.com/gptbot)"
74.7.242.54 - - [08/Jul/2026:09:15:15 -0400] "GET /commoditys/189018987 HTTP/1.1" 200 5279 "https://bioredox.cl/sitemap836.xml" "Mozilla/5.0 AppleWebKit/537.36 (KHTML, like Gecko; compatible; GPTBot/1.4; +https://openai.com/gptbot)"
74.7.242.54 - - [08/Jul/2026:09:15:15 -0400] "GET /commoditys/174038174 HTTP/1.1" 200 5279 "https://bioredox.cl/sitemap394.xml" "Mozilla/5.0 AppleWebKit/537.36 (KHTML, like Gecko; compatible; GPTBot/1.4; +https://openai.com/gptbot)"
74.7.242.54 - - [08/Jul/2026:09:15:16 -0400] "GET /commoditys/105020207 HTTP/1.1" 200 5279 "https://bioredox.cl/sitemap394.xml" "Mozilla/5.0 AppleWebKit/537.36 (KHTML, like Gecko; compatible; GPTBot/1.4; +https://openai.com/gptbot)"
74.7.242.54 - - [08/Jul/2026:09:15:17 -0400] "GET /commoditys/202025074 HTTP/1.1" 200 5279 "https://bioredox.cl/sitemap307.xml" "Mozilla/5.0 AppleWebKit/537.36 (KHTML, like Gecko; compatible; GPTBot/1.4; +https://openai.com/gptbot)"
74.7.242.54 - - [08/Jul/2026:09:15:17 -0400] "GET /commoditys/176032176 HTTP/1.1" 200 5279 "https://bioredox.cl/sitemap472.xml" "Mozilla/5.0 AppleWebKit/537.36 (KHTML, like Gecko; compatible; GPTBot/1.4; +https://openai.com/gptbot)"
66.249.70.1 - - [08/Jul/2026:09:15:17 -0400] "GET /?items/V635971055/ HTTP/1.1" 200 39608 "-" "Mozilla/5.0 (Linux; Android 6.0.1; Nexus 5X Build/MMB29P) AppleWebKit/537.36 (KHTML, like Gecko) Chrome/150.0.7871.46 Mobile Safari/537.36 (compatible; Googlebot/2.1; +http://www.google.com/bot.html)"
74.7.242.54 - - [08/Jul/2026:09:15:18 -0400] "GET /commoditys/097009713 HTTP/1.1" 200 5279 "https://bioredox.cl/sitemap957.xml" "Mozilla/5.0 AppleWebKit/537.36 (KHTML, like Gecko; compatible; GPTBot/1.4; +https://openai.com/gptbot)"
74.7.242.54 - - [08/Jul/2026:09:15:18 -0400] "GET /commoditys/198021982 HTTP/1.1" 200 5279 "https://bioredox.cl/sitemap307.xml" "Mozilla/5.0 AppleWebKit/537.36 (KHTML, like Gecko; compatible; GPTBot/1.4; +https://openai.com/gptbot)"
74.7.242.54 - - [08/Jul/2026:09:15:19 -0400] "GET /commoditys/015015659 HTTP/1.1" 200 5279 "https://bioredox.cl/sitemap248.xml" "Mozilla/5.0 AppleWebKit/537.36 (KHTML, like Gecko; compatible; GPTBot/1.4; +https://openai.com/gptbot)"
74.7.242.54 - - [08/Jul/2026:09:15:19 -0400] "GET /commoditys/247044703 HTTP/1.1" 200 5279 "https://bioredox.cl/sitemap307.xml" "Mozilla/5.0 AppleWebKit/537.36 (KHTML, like Gecko; compatible; GPTBot/1.4; +https://openai.com/gptbot)"
136.243.228.177 - - [08/Jul/2026:09:15:19 -0400] "GET /commoditys/285024321 HTTP/1.1" 200 5279 "-" "Mozilla/5.0 (compatible; DataForSeoBot/1.0; +https://dataforseo.com/dataforseo-bot)"
74.7.242.54 - - [08/Jul/2026:09:15:20 -0400] "GET /commoditys/106020604 HTTP/1.1" 200 5279 "https://bioredox.cl/sitemap248.xml" "Mozilla/5.0 AppleWebKit/537.36 (KHTML, like Gecko; compatible; GPTBot/1.4; +https://openai.com/gptbot)"
74.7.242.54 - - [08/Jul/2026:09:15:20 -0400] "GET /commoditys/256013256 HTTP/1.1" 200 5279 "https://bioredox.cl/sitemap194.xml" "Mozilla/5.0 AppleWebKit/537.36 (KHTML, like Gecko; compatible; GPTBot/1.4; +https://openai.com/gptbot)"
74.7.242.54 - - [08/Jul/2026:09:15:21 -0400] "GET /commoditys/037037823 HTTP/1.1" 200 5279 "https://bioredox.cl/sitemap861.xml" "Mozilla/5.0 AppleWebKit/537.36 (KHTML, like Gecko; compatible; GPTBot/1.4; +https://openai.com/gptbot)"
74.7.242.54 - - [08/Jul/2026:09:15:21 -0400] "GET /commoditys/287007003 HTTP/1.1" 200 5279 "https://bioredox.cl/sitemap861.xml" "Mozilla/5.0 AppleWebKit/537.36 (KHTML, like Gecko; compatible; GPTBot/1.4; +https://openai.com/gptbot)"
74.7.242.54 - - [08/Jul/2026:09:15:22 -0400] "GET /commoditys/280041280 HTTP/1.1" 200 5279 "https://bioredox.cl/sitemap861.xml" "Mozilla/5.0 AppleWebKit/537.36 (KHTML, like Gecko; compatible; GPTBot/1.4; +https://openai.com/gptbot)"
74.7.242.54 - - [08/Jul/2026:09:15:22 -0400] "GET /commoditys/247045247 HTTP/1.1" 200 5279 "https://bioredox.cl/sitemap957.xml" "Mozilla/5.0 AppleWebKit/537.36 (KHTML, like Gecko; compatible; GPTBot/1.4; +https://openai.com/gptbot)"
74.7.242.54 - - [08/Jul/2026:09:15:23 -0400] "GET /commoditys/123017017 HTTP/1.1" 200 5279 "https://bioredox.cl/sitemap861.xml" "Mozilla/5.0 AppleWebKit/537.36 (KHTML, like Gecko; compatible; GPTBot/1.4; +https://openai.com/gptbot)"
74.7.242.54 - - [08/Jul/2026:09:15:23 -0400] "GET /commoditys/045045289 HTTP/1.1" 200 5279 "https://bioredox.cl/sitemap472.xml" "Mozilla/5.0 AppleWebKit/537.36 (KHTML, like Gecko; compatible; GPTBot/1.4; +https://openai.com/gptbot)"
74.7.242.54 - - [08/Jul/2026:09:15:24 -0400] "GET /commoditys/034034428 HTTP/1.1" 200 5279 "https://bioredox.cl/sitemap861.xml" "Mozilla/5.0 AppleWebKit/537.36 (KHTML, like Gecko; compatible; GPTBot/1.4; +https://openai.com/gptbot)"
74.7.242.54 - - [08/Jul/2026:09:15:24 -0400] "GET /commoditys/004040896 HTTP/1.1" 200 5279 "https://bioredox.cl/sitemap248.xml" "Mozilla/5.0 AppleWebKit/537.36 (KHTML, like Gecko; compatible; GPTBot/1.4; +https://openai.com/gptbot)"
74.7.242.54 - - [08/Jul/2026:09:15:25 -0400] "GET /commoditys/195023023 HTTP/1.1" 200 5279 "https://bioredox.cl/sitemap852.xml" "Mozilla/5.0 AppleWebKit/537.36 (KHTML, like Gecko; compatible; GPTBot/1.4; +https://openai.com/gptbot)"
66.249.70.1 - - [08/Jul/2026:09:15:24 -0400] "GET /?items/T6360724910/ HTTP/1.1" 200 40109 "-" "Mozilla/5.0 (Linux; Android 6.0.1; Nexus 5X Build/MMB29P) AppleWebKit/537.36 (KHTML, like Gecko) Chrome/150.0.7871.46 Mobile Safari/537.36 (compatible; Googlebot/2.1; +http://www.google.com/bot.html)"
136.243.228.177 - - [08/Jul/2026:09:15:26 -0400] "GET /commoditys/187042885 HTTP/1.1" 200 5279 "-" "Mozilla/5.0 (compatible; DataForSeoBot/1.0; +https://dataforseo.com/dataforseo-bot)"
74.7.242.54 - - [08/Jul/2026:09:15:26 -0400] "GET /commoditys/176017642 HTTP/1.1" 200 5279 "https://bioredox.cl/sitemap689.xml" "Mozilla/5.0 AppleWebKit/537.36 (KHTML, like Gecko; compatible; GPTBot/1.4; +https://openai.com/gptbot)"
74.7.242.54 - - [08/Jul/2026:09:15:26 -0400] "GET /commoditys/022022976 HTTP/1.1" 200 5279 "https://bioredox.cl/sitemap472.xml" "Mozilla/5.0 AppleWebKit/537.36 (KHTML, like Gecko; compatible; GPTBot/1.4; +https://openai.com/gptbot)"
74.7.242.54 - - [08/Jul/2026:09:15:26 -0400] "GET /commoditys/249030903 HTTP/1.1" 200 5279 "https://bioredox.cl/sitemap861.xml" "Mozilla/5.0 AppleWebKit/537.36 (KHTML, like Gecko; compatible; GPTBot/1.4; +https://openai.com/gptbot)"
74.7.242.54 - - [08/Jul/2026:09:15:27 -0400] "GET /commoditys/202028974 HTTP/1.1" 200 5279 "https://bioredox.cl/sitemap194.xml" "Mozilla/5.0 AppleWebKit/537.36 (KHTML, like Gecko; compatible; GPTBot/1.4; +https://openai.com/gptbot)"
74.7.242.54 - - [08/Jul/2026:09:15:28 -0400] "GET /commoditys/006006158 HTTP/1.1" 200 5279 "https://bioredox.cl/sitemap836.xml" "Mozilla/5.0 AppleWebKit/537.36 (KHTML, like Gecko; compatible; GPTBot/1.4; +https://openai.com/gptbot)"
74.7.242.54 - - [08/Jul/2026:09:15:28 -0400] "GET /commoditys/086010862 HTTP/1.1" 200 5279 "https://bioredox.cl/sitemap852.xml" "Mozilla/5.0 AppleWebKit/537.36 (KHTML, like Gecko; compatible; GPTBot/1.4; +https://openai.com/gptbot)"
74.7.242.54 - - [08/Jul/2026:09:15:29 -0400] "GET /commoditys/006006392 HTTP/1.1" 200 5279 "https://bioredox.cl/sitemap307.xml" "Mozilla/5.0 AppleWebKit/537.36 (KHTML, like Gecko; compatible; GPTBot/1.4; +https://openai.com/gptbot)"
114.119.150.254 - - [08/Jul/2026:09:15:29 -0400] "GET /commoditys/238048282 HTTP/1.1" 200 5279 "https://bioredox.cl/?sitemap157.xml" "Mozilla/5.0 (Linux; Android 7.0;) AppleWebKit/537.36 (HTML, like Gecko) Mobile Safari/537.36 (compatible; PetalBot;+https://webmaster.petalsearch.com/site/petalbot)"
74.7.242.54 - - [08/Jul/2026:09:15:29 -0400] "GET /commoditys/202026218 HTTP/1.1" 200 5279 "https://bioredox.cl/sitemap836.xml" "Mozilla/5.0 AppleWebKit/537.36 (KHTML, like Gecko; compatible; GPTBot/1.4; +https://openai.com/gptbot)"
74.7.242.54 - - [08/Jul/2026:09:15:30 -0400] "GET /commoditys/245034343 HTTP/1.1" 200 5279 "https://bioredox.cl/sitemap394.xml" "Mozilla/5.0 AppleWebKit/537.36 (KHTML, like Gecko; compatible; GPTBot/1.4; +https://openai.com/gptbot)"
74.7.242.54 - - [08/Jul/2026:09:15:30 -0400] "GET /commoditys/210041008 HTTP/1.1" 200 5279 "https://bioredox.cl/sitemap689.xml" "Mozilla/5.0 AppleWebKit/537.36 (KHTML, like Gecko; compatible; GPTBot/1.4; +https://openai.com/gptbot)"
74.7.242.54 - - [08/Jul/2026:09:15:31 -0400] "GET /commoditys/196042196 HTTP/1.1" 200 5279 "https://bioredox.cl/sitemap248.xml" "Mozilla/5.0 AppleWebKit/537.36 (KHTML, like Gecko; compatible; GPTBot/1.4; +https://openai.com/gptbot)"
95.129.101.177 - - [08/Jul/2026:09:15:31 -0400] "GET /?_l=188046587 HTTP/1.1" 200 5279 "-" "Mozilla/5.0 (compatible; SpiderLing; +https://nlp.fi.muni.cz/projects/biwec/)"
74.7.242.54 - - [08/Jul/2026:09:15:31 -0400] "GET /commoditys/134013484 HTTP/1.1" 200 5279 "https://bioredox.cl/sitemap957.xml" "Mozilla/5.0 AppleWebKit/537.36 (KHTML, like Gecko; compatible; GPTBot/1.4; +https://openai.com/gptbot)"
74.7.242.54 - - [08/Jul/2026:09:15:32 -0400] "GET /commoditys/003003429 HTTP/1.1" 200 5279 "https://bioredox.cl/sitemap248.xml" "Mozilla/5.0 AppleWebKit/537.36 (KHTML, like Gecko; compatible; GPTBot/1.4; +https://openai.com/gptbot)"
66.249.70.1 - - [08/Jul/2026:09:15:31 -0400] "GET /?items/T6360828356/ HTTP/1.1" 200 39525 "-" "Mozilla/5.0 (Linux; Android 6.0.1; Nexus 5X Build/MMB29P) AppleWebKit/537.36 (KHTML, like Gecko) Chrome/150.0.7871.46 Mobile Safari/537.36 (compatible; Googlebot/2.1; +http://www.google.com/bot.html)"
74.7.242.54 - - [08/Jul/2026:09:15:32 -0400] "GET /commoditys/204040978 HTTP/1.1" 200 5279 "https://bioredox.cl/sitemap472.xml" "Mozilla/5.0 AppleWebKit/537.36 (KHTML, like Gecko; compatible; GPTBot/1.4; +https://openai.com/gptbot)"
52.167.144.189 - - [08/Jul/2026:09:15:32 -0400] "GET /?b7bc3547443104.html HTTP/1.1" 200 33 "-" "Mozilla/5.0 AppleWebKit/537.36 (KHTML, like Gecko; compatible; bingbot/2.0; +http://www.bing.com/bingbot.htm) Chrome/116.0.1938.76 Safari/537.36"
74.7.242.54 - - [08/Jul/2026:09:15:33 -0400] "GET /commoditys/291035353 HTTP/1.1" 200 5279 "https://bioredox.cl/sitemap194.xml" "Mozilla/5.0 AppleWebKit/537.36 (KHTML, like Gecko; compatible; GPTBot/1.4; +https://openai.com/gptbot)"
74.7.242.54 - - [08/Jul/2026:09:15:34 -0400] "GET /commoditys/240019240 HTTP/1.1" 200 5279 "https://bioredox.cl/sitemap472.xml" "Mozilla/5.0 AppleWebKit/537.36 (KHTML, like Gecko; compatible; GPTBot/1.4; +https://openai.com/gptbot)"
74.7.242.54 - - [08/Jul/2026:09:15:34 -0400] "GET /commoditys/236030304 HTTP/1.1" 200 5279 "https://bioredox.cl/sitemap307.xml" "Mozilla/5.0 AppleWebKit/537.36 (KHTML, like Gecko; compatible; GPTBot/1.4; +https://openai.com/gptbot)"
74.7.242.54 - - [08/Jul/2026:09:15:34 -0400] "GET /commoditys/016016338 HTTP/1.1" 200 5279 "https://bioredox.cl/sitemap248.xml" "Mozilla/5.0 AppleWebKit/537.36 (KHTML, like Gecko; compatible; GPTBot/1.4; +https://openai.com/gptbot)"
136.243.228.177 - - [08/Jul/2026:09:15:34 -0400] "GET /?_f=155030768 HTTP/1.1" 200 5279 "-" "Mozilla/5.0 (compatible; DataForSeoBot/1.0; +https://dataforseo.com/dataforseo-bot)"
74.7.242.54 - - [08/Jul/2026:09:15:35 -0400] "GET /commoditys/005005817 HTTP/1.1" 200 5279 "https://bioredox.cl/sitemap248.xml" "Mozilla/5.0 AppleWebKit/537.36 (KHTML, like Gecko; compatible; GPTBot/1.4; +https://openai.com/gptbot)"
74.7.242.54 - - [08/Jul/2026:09:15:36 -0400] "GET /commoditys/136013624 HTTP/1.1" 200 5279 "https://bioredox.cl/sitemap689.xml" "Mozilla/5.0 AppleWebKit/537.36 (KHTML, like Gecko; compatible; GPTBot/1.4; +https://openai.com/gptbot)"
74.7.242.54 - - [08/Jul/2026:09:15:36 -0400] "GET /commoditys/238044044 HTTP/1.1" 200 5279 "https://bioredox.cl/sitemap861.xml" "Mozilla/5.0 AppleWebKit/537.36 (KHTML, like Gecko; compatible; GPTBot/1.4; +https://openai.com/gptbot)"
74.7.242.54 - - [08/Jul/2026:09:15:37 -0400] "GET /commoditys/207040705 HTTP/1.1" 200 5279 "https://bioredox.cl/sitemap836.xml" "Mozilla/5.0 AppleWebKit/537.36 (KHTML, like Gecko; compatible; GPTBot/1.4; +https://openai.com/gptbot)"
74.7.242.54 - - [08/Jul/2026:09:15:38 -0400] "GET /commoditys/227027015 HTTP/1.1" 200 5279 "https://bioredox.cl/sitemap248.xml" "Mozilla/5.0 AppleWebKit/537.36 (KHTML, like Gecko; compatible; GPTBot/1.4; +https://openai.com/gptbot)"
74.7.242.54 - - [08/Jul/2026:09:15:38 -0400] "GET /commoditys/279027913 HTTP/1.1" 200 5279 "https://bioredox.cl/sitemap893.xml" "Mozilla/5.0 AppleWebKit/537.36 (KHTML, like Gecko; compatible; GPTBot/1.4; +https://openai.com/gptbot)"
74.7.242.54 - - [08/Jul/2026:09:15:39 -0400] "GET /commoditys/242020256 HTTP/1.1" 200 5279 "https://bioredox.cl/sitemap957.xml" "Mozilla/5.0 AppleWebKit/537.36 (KHTML, like Gecko; compatible; GPTBot/1.4; +https://openai.com/gptbot)"
74.7.242.54 - - [08/Jul/2026:09:15:39 -0400] "GET /commoditys/185032323 HTTP/1.1" 200 5279 "https://bioredox.cl/sitemap194.xml" "Mozilla/5.0 AppleWebKit/537.36 (KHTML, like Gecko; compatible; GPTBot/1.4; +https://openai.com/gptbot)"
74.7.242.54 - - [08/Jul/2026:09:15:40 -0400] "GET /commoditys/174027404 HTTP/1.1" 200 5279 "https://bioredox.cl/sitemap893.xml" "Mozilla/5.0 AppleWebKit/537.36 (KHTML, like Gecko; compatible; GPTBot/1.4; +https://openai.com/gptbot)"
74.7.242.54 - - [08/Jul/2026:09:15:40 -0400] "GET /commoditys/187037039 HTTP/1.1" 200 5279 "https://bioredox.cl/sitemap852.xml" "Mozilla/5.0 AppleWebKit/537.36 (KHTML, like Gecko; compatible; GPTBot/1.4; +https://openai.com/gptbot)"
74.7.242.54 - - [08/Jul/2026:09:15:41 -0400] "GET /commoditys/102020774 HTTP/1.1" 200 5279 "https://bioredox.cl/sitemap394.xml" "Mozilla/5.0 AppleWebKit/537.36 (KHTML, like Gecko; compatible; GPTBot/1.4; +https://openai.com/gptbot)"
66.249.70.1 - - [08/Jul/2026:09:15:39 -0400] "GET /?items/K63632064583/ HTTP/1.1" 200 39916 "-" "Mozilla/5.0 (Linux; Android 6.0.1; Nexus 5X Build/MMB29P) AppleWebKit/537.36 (KHTML, like Gecko) Chrome/150.0.7871.46 Mobile Safari/537.36 (compatible; Googlebot/2.1; +http://www.google.com/bot.html)"
74.7.242.54 - - [08/Jul/2026:09:15:41 -0400] "GET /commoditys/101018987 HTTP/1.1" 200 5279 "https://bioredox.cl/sitemap472.xml" "Mozilla/5.0 AppleWebKit/537.36 (KHTML, like Gecko; compatible; GPTBot/1.4; +https://openai.com/gptbot)"
74.7.242.54 - - [08/Jul/2026:09:15:42 -0400] "GET /commoditys/158027580 HTTP/1.1" 200 5279 "https://bioredox.cl/sitemap248.xml" "Mozilla/5.0 AppleWebKit/537.36 (KHTML, like Gecko; compatible; GPTBot/1.4; +https://openai.com/gptbot)"
74.7.242.54 - - [08/Jul/2026:09:15:42 -0400] "GET /commoditys/173038303 HTTP/1.1" 200 5279 "https://bioredox.cl/sitemap307.xml" "Mozilla/5.0 AppleWebKit/537.36 (KHTML, like Gecko; compatible; GPTBot/1.4; +https://openai.com/gptbot)"
74.7.242.54 - - [08/Jul/2026:09:15:43 -0400] "GET /commoditys/278011278 HTTP/1.1" 200 5279 "https://bioredox.cl/sitemap307.xml" "Mozilla/5.0 AppleWebKit/537.36 (KHTML, like Gecko; compatible; GPTBot/1.4; +https://openai.com/gptbot)"
136.243.228.177 - - [08/Jul/2026:09:15:43 -0400] "GET /?_m=288034981 HTTP/1.1" 200 5279 "-" "Mozilla/5.0 (compatible; DataForSeoBot/1.0; +https://dataforseo.com/dataforseo-bot)"
74.7.242.54 - - [08/Jul/2026:09:15:43 -0400] "GET /commoditys/025025413 HTTP/1.1" 200 5279 "https://bioredox.cl/sitemap394.xml" "Mozilla/5.0 AppleWebKit/537.36 (KHTML, like Gecko; compatible; GPTBot/1.4; +https://openai.com/gptbot)"
74.7.242.54 - - [08/Jul/2026:09:15:44 -0400] "GET /commoditys/141014195 HTTP/1.1" 200 5279 "https://bioredox.cl/sitemap248.xml" "Mozilla/5.0 AppleWebKit/537.36 (KHTML, like Gecko; compatible; GPTBot/1.4; +https://openai.com/gptbot)"
74.7.242.54 - - [08/Jul/2026:09:15:44 -0400] "GET /commoditys/041041761 HTTP/1.1" 200 5279 "https://bioredox.cl/sitemap307.xml" "Mozilla/5.0 AppleWebKit/537.36 (KHTML, like Gecko; compatible; GPTBot/1.4; +https://openai.com/gptbot)"
74.7.242.54 - - [08/Jul/2026:09:15:45 -0400] "GET /commoditys/038038548 HTTP/1.1" 200 5279 "https://bioredox.cl/sitemap307.xml" "Mozilla/5.0 AppleWebKit/537.36 (KHTML, like Gecko; compatible; GPTBot/1.4; +https://openai.com/gptbot)"
74.7.242.54 - - [08/Jul/2026:09:15:45 -0400] "GET /commoditys/101019157 HTTP/1.1" 200 5279 "https://bioredox.cl/sitemap472.xml" "Mozilla/5.0 AppleWebKit/537.36 (KHTML, like Gecko; compatible; GPTBot/1.4; +https://openai.com/gptbot)"
74.7.242.54 - - [08/Jul/2026:09:15:46 -0400] "GET /commoditys/133013345 HTTP/1.1" 200 5279 "https://bioredox.cl/sitemap194.xml" "Mozilla/5.0 AppleWebKit/537.36 (KHTML, like Gecko; compatible; GPTBot/1.4; +https://openai.com/gptbot)"
74.7.242.54 - - [08/Jul/2026:09:15:46 -0400] "GET /commoditys/169042169 HTTP/1.1" 200 5279 "https://bioredox.cl/sitemap852.xml" "Mozilla/5.0 AppleWebKit/537.36 (KHTML, like Gecko; compatible; GPTBot/1.4; +https://openai.com/gptbot)"
74.7.242.54 - - [08/Jul/2026:09:15:47 -0400] "GET /commoditys/027027523 HTTP/1.1" 200 5279 "https://bioredox.cl/sitemap852.xml" "Mozilla/5.0 AppleWebKit/537.36 (KHTML, like Gecko; compatible; GPTBot/1.4; +https://openai.com/gptbot)"
66.249.70.1 - - [08/Jul/2026:09:15:46 -0400] "GET /?items/W63621965698/ HTTP/1.1" 200 39422 "-" "Mozilla/5.0 (Linux; Android 6.0.1; Nexus 5X Build/MMB29P) AppleWebKit/537.36 (KHTML, like Gecko) Chrome/150.0.7871.46 Mobile Safari/537.36 (compatible; Googlebot/2.1; +http://www.google.com/bot.html)"
74.7.242.54 - - [08/Jul/2026:09:15:47 -0400] "GET /commoditys/026048048 HTTP/1.1" 200 5279 "https://bioredox.cl/sitemap957.xml" "Mozilla/5.0 AppleWebKit/537.36 (KHTML, like Gecko; compatible; GPTBot/1.4; +https://openai.com/gptbot)"
74.7.242.54 - - [08/Jul/2026:09:15:48 -0400] "GET /commoditys/038038352 HTTP/1.1" 200 5279 "https://bioredox.cl/sitemap836.xml" "Mozilla/5.0 AppleWebKit/537.36 (KHTML, like Gecko; compatible; GPTBot/1.4; +https://openai.com/gptbot)"
74.7.242.54 - - [08/Jul/2026:09:15:48 -0400] "GET /commoditys/161046107 HTTP/1.1" 200 5279 "https://bioredox.cl/sitemap893.xml" "Mozilla/5.0 AppleWebKit/537.36 (KHTML, like Gecko; compatible; GPTBot/1.4; +https://openai.com/gptbot)"
