74.7.242.54 - - [08/Jul/2026:08:17:13 -0400] "GET /?_s=169017146 HTTP/1.1" 200 5279 "https://bioredox.cl/sitemap893.xml" "Mozilla/5.0 AppleWebKit/537.36 (KHTML, like Gecko; compatible; GPTBot/1.4; +https://openai.com/gptbot)"
74.7.242.54 - - [08/Jul/2026:08:17:14 -0400] "GET /?_p=131048028 HTTP/1.1" 200 5279 "https://bioredox.cl/sitemap472.xml" "Mozilla/5.0 AppleWebKit/537.36 (KHTML, like Gecko; compatible; GPTBot/1.4; +https://openai.com/gptbot)"
74.7.242.54 - - [08/Jul/2026:08:17:14 -0400] "GET /?_r=250033919 HTTP/1.1" 200 5279 "https://bioredox.cl/sitemap472.xml" "Mozilla/5.0 AppleWebKit/537.36 (KHTML, like Gecko; compatible; GPTBot/1.4; +https://openai.com/gptbot)"
66.249.70.2 - - [08/Jul/2026:08:17:14 -0400] "GET /?detail/0750191525323 HTTP/1.1" 200 39509 "-" "Mozilla/5.0 (Linux; Android 6.0.1; Nexus 5X Build/MMB29P) AppleWebKit/537.36 (KHTML, like Gecko) Chrome/150.0.7871.46 Mobile Safari/537.36 (compatible; Googlebot/2.1; +http://www.google.com/bot.html)"
52.167.144.150 - - [08/Jul/2026:08:17:15 -0400] "GET /items/L63632275660/ HTTP/1.1" 200 33 "-" "Mozilla/5.0 AppleWebKit/537.36 (KHTML, like Gecko; compatible; bingbot/2.0; +http://www.bing.com/bingbot.htm) Chrome/116.0.1938.76 Safari/537.36"
74.7.242.54 - - [08/Jul/2026:08:17:15 -0400] "GET /?_f=215040660 HTTP/1.1" 200 5279 "https://bioredox.cl/sitemap836.xml" "Mozilla/5.0 AppleWebKit/537.36 (KHTML, like Gecko; compatible; GPTBot/1.4; +https://openai.com/gptbot)"
74.7.242.54 - - [08/Jul/2026:08:17:15 -0400] "GET /?_h=036001655 HTTP/1.1" 200 5279 "https://bioredox.cl/sitemap957.xml" "Mozilla/5.0 AppleWebKit/537.36 (KHTML, like Gecko; compatible; GPTBot/1.4; +https://openai.com/gptbot)"
74.7.242.54 - - [08/Jul/2026:08:17:16 -0400] "GET /?_f=038040795 HTTP/1.1" 200 5279 "https://bioredox.cl/sitemap248.xml" "Mozilla/5.0 AppleWebKit/537.36 (KHTML, like Gecko; compatible; GPTBot/1.4; +https://openai.com/gptbot)"
74.7.242.54 - - [08/Jul/2026:08:17:16 -0400] "GET /?_q=062034401 HTTP/1.1" 200 5279 "https://bioredox.cl/sitemap957.xml" "Mozilla/5.0 AppleWebKit/537.36 (KHTML, like Gecko; compatible; GPTBot/1.4; +https://openai.com/gptbot)"
74.7.242.54 - - [08/Jul/2026:08:17:17 -0400] "GET /?_e=259027650 HTTP/1.1" 200 5279 "https://bioredox.cl/sitemap836.xml" "Mozilla/5.0 AppleWebKit/537.36 (KHTML, like Gecko; compatible; GPTBot/1.4; +https://openai.com/gptbot)"
74.7.242.54 - - [08/Jul/2026:08:17:17 -0400] "GET /?_u=096036289 HTTP/1.1" 200 5279 "https://bioredox.cl/sitemap307.xml" "Mozilla/5.0 AppleWebKit/537.36 (KHTML, like Gecko; compatible; GPTBot/1.4; +https://openai.com/gptbot)"
136.243.228.177 - - [08/Jul/2026:08:17:18 -0400] "GET /?_w=057032912 HTTP/1.1" 200 5279 "-" "Mozilla/5.0 (compatible; DataForSeoBot/1.0; +https://dataforseo.com/dataforseo-bot)"
74.7.242.54 - - [08/Jul/2026:08:17:18 -0400] "GET /?_i=295011550 HTTP/1.1" 200 5279 "https://bioredox.cl/sitemap394.xml" "Mozilla/5.0 AppleWebKit/537.36 (KHTML, like Gecko; compatible; GPTBot/1.4; +https://openai.com/gptbot)"
95.129.101.177 - - [08/Jul/2026:08:17:18 -0400] "GET /?_l=144013253 HTTP/1.1" 200 5279 "-" "Mozilla/5.0 (compatible; SpiderLing; +https://nlp.fi.muni.cz/projects/biwec/)"
74.7.242.54 - - [08/Jul/2026:08:17:18 -0400] "GET /?_g=180040551 HTTP/1.1" 200 5279 "https://bioredox.cl/sitemap689.xml" "Mozilla/5.0 AppleWebKit/537.36 (KHTML, like Gecko; compatible; GPTBot/1.4; +https://openai.com/gptbot)"
74.7.242.54 - - [08/Jul/2026:08:17:19 -0400] "GET /?_t=149006150 HTTP/1.1" 200 5279 "https://bioredox.cl/sitemap893.xml" "Mozilla/5.0 AppleWebKit/537.36 (KHTML, like Gecko; compatible; GPTBot/1.4; +https://openai.com/gptbot)"
40.77.167.73 - - [08/Jul/2026:08:17:19 -0400] "GET /?items/V170010024992/ HTTP/1.1" 200 33 "-" "Mozilla/5.0 AppleWebKit/537.36 (KHTML, like Gecko; compatible; bingbot/2.0; +http://www.bing.com/bingbot.htm) Chrome/116.0.1938.76 Safari/537.36"
74.7.242.54 - - [08/Jul/2026:08:17:20 -0400] "GET /?_s=089045802 HTTP/1.1" 200 5279 "https://bioredox.cl/sitemap307.xml" "Mozilla/5.0 AppleWebKit/537.36 (KHTML, like Gecko; compatible; GPTBot/1.4; +https://openai.com/gptbot)"
66.249.70.1 - - [08/Jul/2026:08:17:19 -0400] "GET /?items/Q63621909809/ HTTP/1.1" 200 40718 "-" "Mozilla/5.0 (Linux; Android 6.0.1; Nexus 5X Build/MMB29P) AppleWebKit/537.36 (KHTML, like Gecko) Chrome/150.0.7871.46 Mobile Safari/537.36 (compatible; Googlebot/2.1; +http://www.google.com/bot.html)"
74.7.242.54 - - [08/Jul/2026:08:17:20 -0400] "GET /?_r=080025375 HTTP/1.1" 200 5279 "https://bioredox.cl/sitemap861.xml" "Mozilla/5.0 AppleWebKit/537.36 (KHTML, like Gecko; compatible; GPTBot/1.4; +https://openai.com/gptbot)"
74.7.242.54 - - [08/Jul/2026:08:17:21 -0400] "GET /?_e=281005180 HTTP/1.1" 200 5279 "https://bioredox.cl/sitemap307.xml" "Mozilla/5.0 AppleWebKit/537.36 (KHTML, like Gecko; compatible; GPTBot/1.4; +https://openai.com/gptbot)"
74.7.242.54 - - [08/Jul/2026:08:17:21 -0400] "GET /?_c=170021355 HTTP/1.1" 200 5279 "https://bioredox.cl/sitemap248.xml" "Mozilla/5.0 AppleWebKit/537.36 (KHTML, like Gecko; compatible; GPTBot/1.4; +https://openai.com/gptbot)"
74.7.242.54 - - [08/Jul/2026:08:17:22 -0400] "GET /?_d=216013399 HTTP/1.1" 200 5279 "https://bioredox.cl/sitemap307.xml" "Mozilla/5.0 AppleWebKit/537.36 (KHTML, like Gecko; compatible; GPTBot/1.4; +https://openai.com/gptbot)"
74.7.242.54 - - [08/Jul/2026:08:17:22 -0400] "GET /?_l=276030089 HTTP/1.1" 200 5279 "https://bioredox.cl/sitemap248.xml" "Mozilla/5.0 AppleWebKit/537.36 (KHTML, like Gecko; compatible; GPTBot/1.4; +https://openai.com/gptbot)"
74.7.242.54 - - [08/Jul/2026:08:17:23 -0400] "GET /?_z=206016285 HTTP/1.1" 200 5279 "https://bioredox.cl/sitemap472.xml" "Mozilla/5.0 AppleWebKit/537.36 (KHTML, like Gecko; compatible; GPTBot/1.4; +https://openai.com/gptbot)"
74.7.242.54 - - [08/Jul/2026:08:17:23 -0400] "GET /?_i=169043036 HTTP/1.1" 200 5279 "https://bioredox.cl/sitemap394.xml" "Mozilla/5.0 AppleWebKit/537.36 (KHTML, like Gecko; compatible; GPTBot/1.4; +https://openai.com/gptbot)"
136.243.228.177 - - [08/Jul/2026:08:17:23 -0400] "GET /commoditys/135040057 HTTP/1.1" 200 5279 "-" "Mozilla/5.0 (compatible; DataForSeoBot/1.0; +https://dataforseo.com/dataforseo-bot)"
74.7.242.54 - - [08/Jul/2026:08:17:24 -0400] "GET /?_k=293014994 HTTP/1.1" 200 5279 "https://bioredox.cl/sitemap957.xml" "Mozilla/5.0 AppleWebKit/537.36 (KHTML, like Gecko; compatible; GPTBot/1.4; +https://openai.com/gptbot)"
74.7.242.54 - - [08/Jul/2026:08:17:24 -0400] "GET /?_j=205003716 HTTP/1.1" 200 5279 "https://bioredox.cl/sitemap893.xml" "Mozilla/5.0 AppleWebKit/537.36 (KHTML, like Gecko; compatible; GPTBot/1.4; +https://openai.com/gptbot)"
74.7.242.54 - - [08/Jul/2026:08:17:25 -0400] "GET /?_q=038001919 HTTP/1.1" 200 5279 "https://bioredox.cl/sitemap194.xml" "Mozilla/5.0 AppleWebKit/537.36 (KHTML, like Gecko; compatible; GPTBot/1.4; +https://openai.com/gptbot)"
74.7.242.54 - - [08/Jul/2026:08:17:25 -0400] "GET /?_j=059030158 HTTP/1.1" 200 5279 "https://bioredox.cl/sitemap394.xml" "Mozilla/5.0 AppleWebKit/537.36 (KHTML, like Gecko; compatible; GPTBot/1.4; +https://openai.com/gptbot)"
74.7.242.54 - - [08/Jul/2026:08:17:26 -0400] "GET /?_k=204009721 HTTP/1.1" 200 5279 "https://bioredox.cl/sitemap472.xml" "Mozilla/5.0 AppleWebKit/537.36 (KHTML, like Gecko; compatible; GPTBot/1.4; +https://openai.com/gptbot)"
74.7.242.54 - - [08/Jul/2026:08:17:26 -0400] "GET /?_z=138010665 HTTP/1.1" 200 5279 "https://bioredox.cl/sitemap893.xml" "Mozilla/5.0 AppleWebKit/537.36 (KHTML, like Gecko; compatible; GPTBot/1.4; +https://openai.com/gptbot)"
74.7.242.54 - - [08/Jul/2026:08:17:27 -0400] "GET /?_v=152017813 HTTP/1.1" 200 5279 "https://bioredox.cl/sitemap307.xml" "Mozilla/5.0 AppleWebKit/537.36 (KHTML, like Gecko; compatible; GPTBot/1.4; +https://openai.com/gptbot)"
52.167.144.150 - - [08/Jul/2026:08:17:27 -0400] "GET /?3109f1339882601.html HTTP/1.1" 200 33 "-" "Mozilla/5.0 AppleWebKit/537.36 (KHTML, like Gecko; compatible; bingbot/2.0; +http://www.bing.com/bingbot.htm) Chrome/116.0.1938.76 Safari/537.36"
74.7.242.54 - - [08/Jul/2026:08:17:27 -0400] "GET /?_o=096021969 HTTP/1.1" 200 5279 "https://bioredox.cl/sitemap394.xml" "Mozilla/5.0 AppleWebKit/537.36 (KHTML, like Gecko; compatible; GPTBot/1.4; +https://openai.com/gptbot)"
74.7.242.54 - - [08/Jul/2026:08:17:28 -0400] "GET /?_r=160020375 HTTP/1.1" 200 5279 "https://bioredox.cl/sitemap957.xml" "Mozilla/5.0 AppleWebKit/537.36 (KHTML, like Gecko; compatible; GPTBot/1.4; +https://openai.com/gptbot)"
74.7.242.54 - - [08/Jul/2026:08:17:28 -0400] "GET /?_w=133047112 HTTP/1.1" 200 5279 "https://bioredox.cl/sitemap194.xml" "Mozilla/5.0 AppleWebKit/537.36 (KHTML, like Gecko; compatible; GPTBot/1.4; +https://openai.com/gptbot)"
74.7.242.54 - - [08/Jul/2026:08:17:29 -0400] "GET /?_x=098008221 HTTP/1.1" 200 5279 "https://bioredox.cl/sitemap248.xml" "Mozilla/5.0 AppleWebKit/537.36 (KHTML, like Gecko; compatible; GPTBot/1.4; +https://openai.com/gptbot)"
136.243.228.177 - - [08/Jul/2026:08:17:29 -0400] "GET /?_s=225012436 HTTP/1.1" 200 5279 "-" "Mozilla/5.0 (compatible; DataForSeoBot/1.0; +https://dataforseo.com/dataforseo-bot)"
74.7.242.54 - - [08/Jul/2026:08:17:29 -0400] "GET /?_y=074032453 HTTP/1.1" 200 5279 "https://bioredox.cl/sitemap861.xml" "Mozilla/5.0 AppleWebKit/537.36 (KHTML, like Gecko; compatible; GPTBot/1.4; +https://openai.com/gptbot)"
74.7.242.54 - - [08/Jul/2026:08:17:30 -0400] "GET /?_b=260011271 HTTP/1.1" 200 5279 "https://bioredox.cl/sitemap861.xml" "Mozilla/5.0 AppleWebKit/537.36 (KHTML, like Gecko; compatible; GPTBot/1.4; +https://openai.com/gptbot)"
74.7.242.54 - - [08/Jul/2026:08:17:31 -0400] "GET /?_s=106030477 HTTP/1.1" 200 5279 "https://bioredox.cl/sitemap893.xml" "Mozilla/5.0 AppleWebKit/537.36 (KHTML, like Gecko; compatible; GPTBot/1.4; +https://openai.com/gptbot)"
74.7.242.54 - - [08/Jul/2026:08:17:31 -0400] "GET /?_j=292033127 HTTP/1.1" 200 5279 "https://bioredox.cl/sitemap957.xml" "Mozilla/5.0 AppleWebKit/537.36 (KHTML, like Gecko; compatible; GPTBot/1.4; +https://openai.com/gptbot)"
74.7.242.54 - - [08/Jul/2026:08:17:32 -0400] "GET /?_o=117049676 HTTP/1.1" 200 5279 "https://bioredox.cl/sitemap394.xml" "Mozilla/5.0 AppleWebKit/537.36 (KHTML, like Gecko; compatible; GPTBot/1.4; +https://openai.com/gptbot)"
74.7.242.54 - - [08/Jul/2026:08:17:32 -0400] "GET /?_u=064008495 HTTP/1.1" 200 5279 "https://bioredox.cl/sitemap472.xml" "Mozilla/5.0 AppleWebKit/537.36 (KHTML, like Gecko; compatible; GPTBot/1.4; +https://openai.com/gptbot)"
74.7.242.54 - - [08/Jul/2026:08:17:33 -0400] "GET /?_i=293033418 HTTP/1.1" 200 5279 "https://bioredox.cl/sitemap861.xml" "Mozilla/5.0 AppleWebKit/537.36 (KHTML, like Gecko; compatible; GPTBot/1.4; +https://openai.com/gptbot)"
74.7.242.54 - - [08/Jul/2026:08:17:33 -0400] "GET /?_j=071005608 HTTP/1.1" 200 5279 "https://bioredox.cl/sitemap861.xml" "Mozilla/5.0 AppleWebKit/537.36 (KHTML, like Gecko; compatible; GPTBot/1.4; +https://openai.com/gptbot)"
74.7.242.54 - - [08/Jul/2026:08:17:34 -0400] "GET /?_v=249025562 HTTP/1.1" 200 5279 "https://bioredox.cl/sitemap307.xml" "Mozilla/5.0 AppleWebKit/537.36 (KHTML, like Gecko; compatible; GPTBot/1.4; +https://openai.com/gptbot)"
74.7.242.54 - - [08/Jul/2026:08:17:34 -0400] "GET /?_j=191026020 HTTP/1.1" 200 5279 "https://bioredox.cl/sitemap689.xml" "Mozilla/5.0 AppleWebKit/537.36 (KHTML, like Gecko; compatible; GPTBot/1.4; +https://openai.com/gptbot)"
136.243.228.177 - - [08/Jul/2026:08:17:34 -0400] "GET /?_s=267046916 HTTP/1.1" 200 5279 "-" "Mozilla/5.0 (compatible; DataForSeoBot/1.0; +https://dataforseo.com/dataforseo-bot)"
74.7.242.54 - - [08/Jul/2026:08:17:35 -0400] "GET /?_a=291046416 HTTP/1.1" 200 5279 "https://bioredox.cl/sitemap852.xml" "Mozilla/5.0 AppleWebKit/537.36 (KHTML, like Gecko; compatible; GPTBot/1.4; +https://openai.com/gptbot)"
74.7.242.54 - - [08/Jul/2026:08:17:35 -0400] "GET /?_z=003039798 HTTP/1.1" 200 5279 "https://bioredox.cl/sitemap307.xml" "Mozilla/5.0 AppleWebKit/537.36 (KHTML, like Gecko; compatible; GPTBot/1.4; +https://openai.com/gptbot)"
74.7.242.54 - - [08/Jul/2026:08:17:36 -0400] "GET /?_w=194046489 HTTP/1.1" 200 5279 "https://bioredox.cl/sitemap893.xml" "Mozilla/5.0 AppleWebKit/537.36 (KHTML, like Gecko; compatible; GPTBot/1.4; +https://openai.com/gptbot)"
74.7.242.54 - - [08/Jul/2026:08:17:36 -0400] "GET /?_e=286028853 HTTP/1.1" 200 5279 "https://bioredox.cl/sitemap689.xml" "Mozilla/5.0 AppleWebKit/537.36 (KHTML, like Gecko; compatible; GPTBot/1.4; +https://openai.com/gptbot)"
74.7.242.54 - - [08/Jul/2026:08:17:37 -0400] "GET /?_a=246024325 HTTP/1.1" 200 5279 "https://bioredox.cl/sitemap957.xml" "Mozilla/5.0 AppleWebKit/537.36 (KHTML, like Gecko; compatible; GPTBot/1.4; +https://openai.com/gptbot)"
74.7.242.54 - - [08/Jul/2026:08:17:37 -0400] "GET /?_r=022018099 HTTP/1.1" 200 5279 "https://bioredox.cl/sitemap248.xml" "Mozilla/5.0 AppleWebKit/537.36 (KHTML, like Gecko; compatible; GPTBot/1.4; +https://openai.com/gptbot)"
74.7.242.54 - - [08/Jul/2026:08:17:38 -0400] "GET /?_z=288030285 HTTP/1.1" 200 5279 "https://bioredox.cl/sitemap307.xml" "Mozilla/5.0 AppleWebKit/537.36 (KHTML, like Gecko; compatible; GPTBot/1.4; +https://openai.com/gptbot)"
74.7.242.54 - - [08/Jul/2026:08:17:38 -0400] "GET /?_r=149025322 HTTP/1.1" 200 5279 "https://bioredox.cl/sitemap194.xml" "Mozilla/5.0 AppleWebKit/537.36 (KHTML, like Gecko; compatible; GPTBot/1.4; +https://openai.com/gptbot)"
74.7.242.54 - - [08/Jul/2026:08:17:39 -0400] "GET /?_v=052024323 HTTP/1.1" 200 5279 "https://bioredox.cl/sitemap472.xml" "Mozilla/5.0 AppleWebKit/537.36 (KHTML, like Gecko; compatible; GPTBot/1.4; +https://openai.com/gptbot)"
74.7.242.54 - - [08/Jul/2026:08:17:39 -0400] "GET /?_a=192039097 HTTP/1.1" 200 5279 "https://bioredox.cl/sitemap307.xml" "Mozilla/5.0 AppleWebKit/537.36 (KHTML, like Gecko; compatible; GPTBot/1.4; +https://openai.com/gptbot)"
74.7.242.54 - - [08/Jul/2026:08:17:40 -0400] "GET /?_z=253003776 HTTP/1.1" 200 5279 "https://bioredox.cl/sitemap394.xml" "Mozilla/5.0 AppleWebKit/537.36 (KHTML, like Gecko; compatible; GPTBot/1.4; +https://openai.com/gptbot)"
74.7.242.54 - - [08/Jul/2026:08:17:40 -0400] "GET /?_r=006022187 HTTP/1.1" 200 5279 "https://bioredox.cl/sitemap852.xml" "Mozilla/5.0 AppleWebKit/537.36 (KHTML, like Gecko; compatible; GPTBot/1.4; +https://openai.com/gptbot)"
66.249.70.3 - - [08/Jul/2026:08:17:40 -0400] "GET /?items/V635958356/ HTTP/1.1" 200 40239 "-" "Mozilla/5.0 (Linux; Android 6.0.1; Nexus 5X Build/MMB29P) AppleWebKit/537.36 (KHTML, like Gecko) Chrome/150.0.7871.46 Mobile Safari/537.36 (compatible; Googlebot/2.1; +http://www.google.com/bot.html)"
136.243.228.177 - - [08/Jul/2026:08:17:41 -0400] "GET /?_u=232049511 HTTP/1.1" 200 5279 "-" "Mozilla/5.0 (compatible; DataForSeoBot/1.0; +https://dataforseo.com/dataforseo-bot)"
74.7.242.54 - - [08/Jul/2026:08:17:41 -0400] "GET /?_c=174042779 HTTP/1.1" 200 5279 "https://bioredox.cl/sitemap394.xml" "Mozilla/5.0 AppleWebKit/537.36 (KHTML, like Gecko; compatible; GPTBot/1.4; +https://openai.com/gptbot)"
74.7.242.54 - - [08/Jul/2026:08:17:42 -0400] "GET /?_a=175031800 HTTP/1.1" 200 5279 "https://bioredox.cl/sitemap893.xml" "Mozilla/5.0 AppleWebKit/537.36 (KHTML, like Gecko; compatible; GPTBot/1.4; +https://openai.com/gptbot)"
74.7.242.54 - - [08/Jul/2026:08:17:42 -0400] "GET /?_l=117041368 HTTP/1.1" 200 5279 "https://bioredox.cl/sitemap394.xml" "Mozilla/5.0 AppleWebKit/537.36 (KHTML, like Gecko; compatible; GPTBot/1.4; +https://openai.com/gptbot)"
74.7.242.54 - - [08/Jul/2026:08:17:43 -0400] "GET /?_l=021005470 HTTP/1.1" 200 5279 "https://bioredox.cl/sitemap194.xml" "Mozilla/5.0 AppleWebKit/537.36 (KHTML, like Gecko; compatible; GPTBot/1.4; +https://openai.com/gptbot)"
74.7.242.54 - - [08/Jul/2026:08:17:43 -0400] "GET /?_n=092041057 HTTP/1.1" 200 5279 "https://bioredox.cl/sitemap957.xml" "Mozilla/5.0 AppleWebKit/537.36 (KHTML, like Gecko; compatible; GPTBot/1.4; +https://openai.com/gptbot)"
74.7.242.54 - - [08/Jul/2026:08:17:44 -0400] "GET /?_d=076017355 HTTP/1.1" 200 5279 "https://bioredox.cl/sitemap957.xml" "Mozilla/5.0 AppleWebKit/537.36 (KHTML, like Gecko; compatible; GPTBot/1.4; +https://openai.com/gptbot)"
74.7.242.54 - - [08/Jul/2026:08:17:44 -0400] "GET /?_g=020027663 HTTP/1.1" 200 5279 "https://bioredox.cl/sitemap836.xml" "Mozilla/5.0 AppleWebKit/537.36 (KHTML, like Gecko; compatible; GPTBot/1.4; +https://openai.com/gptbot)"
74.7.242.54 - - [08/Jul/2026:08:17:45 -0400] "GET /?_q=286008839 HTTP/1.1" 200 5279 "https://bioredox.cl/sitemap689.xml" "Mozilla/5.0 AppleWebKit/537.36 (KHTML, like Gecko; compatible; GPTBot/1.4; +https://openai.com/gptbot)"
74.7.242.54 - - [08/Jul/2026:08:17:45 -0400] "GET /?_q=091016682 HTTP/1.1" 200 5279 "https://bioredox.cl/sitemap394.xml" "Mozilla/5.0 AppleWebKit/537.36 (KHTML, like Gecko; compatible; GPTBot/1.4; +https://openai.com/gptbot)"
74.7.242.54 - - [08/Jul/2026:08:17:46 -0400] "GET /?_n=253043842 HTTP/1.1" 200 5279 "https://bioredox.cl/sitemap248.xml" "Mozilla/5.0 AppleWebKit/537.36 (KHTML, like Gecko; compatible; GPTBot/1.4; +https://openai.com/gptbot)"
74.7.242.54 - - [08/Jul/2026:08:17:46 -0400] "GET /?_w=054011681 HTTP/1.1" 200 5279 "https://bioredox.cl/sitemap957.xml" "Mozilla/5.0 AppleWebKit/537.36 (KHTML, like Gecko; compatible; GPTBot/1.4; +https://openai.com/gptbot)"
74.7.242.54 - - [08/Jul/2026:08:17:47 -0400] "GET /?_s=241023400 HTTP/1.1" 200 5279 "https://bioredox.cl/sitemap194.xml" "Mozilla/5.0 AppleWebKit/537.36 (KHTML, like Gecko; compatible; GPTBot/1.4; +https://openai.com/gptbot)"
136.243.228.177 - - [08/Jul/2026:08:17:47 -0400] "GET /?_o=166005787 HTTP/1.1" 200 5279 "-" "Mozilla/5.0 (compatible; DataForSeoBot/1.0; +https://dataforseo.com/dataforseo-bot)"
74.7.242.54 - - [08/Jul/2026:08:17:47 -0400] "GET /?_h=221004276 HTTP/1.1" 200 5279 "https://bioredox.cl/sitemap957.xml" "Mozilla/5.0 AppleWebKit/537.36 (KHTML, like Gecko; compatible; GPTBot/1.4; +https://openai.com/gptbot)"
74.7.242.54 - - [08/Jul/2026:08:17:48 -0400] "GET /?_s=283001982 HTTP/1.1" 200 5279 "https://bioredox.cl/sitemap689.xml" "Mozilla/5.0 AppleWebKit/537.36 (KHTML, like Gecko; compatible; GPTBot/1.4; +https://openai.com/gptbot)"
74.7.242.54 - - [08/Jul/2026:08:17:48 -0400] "GET /?_w=156044125 HTTP/1.1" 200 5279 "https://bioredox.cl/sitemap248.xml" "Mozilla/5.0 AppleWebKit/537.36 (KHTML, like Gecko; compatible; GPTBot/1.4; +https://openai.com/gptbot)"
74.7.242.54 - - [08/Jul/2026:08:17:49 -0400] "GET /?_z=013023316 HTTP/1.1" 200 5279 "https://bioredox.cl/sitemap836.xml" "Mozilla/5.0 AppleWebKit/537.36 (KHTML, like Gecko; compatible; GPTBot/1.4; +https://openai.com/gptbot)"
74.7.242.54 - - [08/Jul/2026:08:17:49 -0400] "GET /?_x=173001688 HTTP/1.1" 200 5279 "https://bioredox.cl/sitemap957.xml" "Mozilla/5.0 AppleWebKit/537.36 (KHTML, like Gecko; compatible; GPTBot/1.4; +https://openai.com/gptbot)"
74.7.242.54 - - [08/Jul/2026:08:17:50 -0400] "GET /?_m=090017605 HTTP/1.1" 200 5279 "https://bioredox.cl/sitemap248.xml" "Mozilla/5.0 AppleWebKit/537.36 (KHTML, like Gecko; compatible; GPTBot/1.4; +https://openai.com/gptbot)"
74.7.242.54 - - [08/Jul/2026:08:17:51 -0400] "GET /?_r=272044015 HTTP/1.1" 200 5279 "https://bioredox.cl/sitemap957.xml" "Mozilla/5.0 AppleWebKit/537.36 (KHTML, like Gecko; compatible; GPTBot/1.4; +https://openai.com/gptbot)"
74.7.242.54 - - [08/Jul/2026:08:17:51 -0400] "GET /?_d=181028072 HTTP/1.1" 200 5279 "https://bioredox.cl/sitemap394.xml" "Mozilla/5.0 AppleWebKit/537.36 (KHTML, like Gecko; compatible; GPTBot/1.4; +https://openai.com/gptbot)"
74.7.242.54 - - [08/Jul/2026:08:17:52 -0400] "GET /?_o=144013351 HTTP/1.1" 200 5279 "https://bioredox.cl/sitemap307.xml" "Mozilla/5.0 AppleWebKit/537.36 (KHTML, like Gecko; compatible; GPTBot/1.4; +https://openai.com/gptbot)"
136.243.228.177 - - [08/Jul/2026:08:17:52 -0400] "GET /commoditys/120015632 HTTP/1.1" 200 5279 "-" "Mozilla/5.0 (compatible; DataForSeoBot/1.0; +https://dataforseo.com/dataforseo-bot)"
74.7.242.54 - - [08/Jul/2026:08:17:52 -0400] "GET /?_c=144007881 HTTP/1.1" 200 5279 "https://bioredox.cl/sitemap248.xml" "Mozilla/5.0 AppleWebKit/537.36 (KHTML, like Gecko; compatible; GPTBot/1.4; +https://openai.com/gptbot)"
74.7.242.54 - - [08/Jul/2026:08:17:53 -0400] "GET /?_j=258035351 HTTP/1.1" 200 5279 "https://bioredox.cl/sitemap689.xml" "Mozilla/5.0 AppleWebKit/537.36 (KHTML, like Gecko; compatible; GPTBot/1.4; +https://openai.com/gptbot)"
66.249.70.1 - - [08/Jul/2026:08:17:52 -0400] "GET /?items/V63611104972/ HTTP/1.1" 200 39502 "-" "Mozilla/5.0 (Linux; Android 6.0.1; Nexus 5X Build/MMB29P) AppleWebKit/537.36 (KHTML, like Gecko) Chrome/150.0.7871.46 Mobile Safari/537.36 (compatible; Googlebot/2.1; +http://www.google.com/bot.html)"
74.7.242.54 - - [08/Jul/2026:08:17:53 -0400] "GET /?_w=251023132 HTTP/1.1" 200 5279 "https://bioredox.cl/sitemap194.xml" "Mozilla/5.0 AppleWebKit/537.36 (KHTML, like Gecko; compatible; GPTBot/1.4; +https://openai.com/gptbot)"
74.7.242.54 - - [08/Jul/2026:08:17:54 -0400] "GET /?_i=118039609 HTTP/1.1" 200 5279 "https://bioredox.cl/sitemap861.xml" "Mozilla/5.0 AppleWebKit/537.36 (KHTML, like Gecko; compatible; GPTBot/1.4; +https://openai.com/gptbot)"
74.7.242.54 - - [08/Jul/2026:08:17:54 -0400] "GET /?_z=113043294 HTTP/1.1" 200 5279 "https://bioredox.cl/sitemap248.xml" "Mozilla/5.0 AppleWebKit/537.36 (KHTML, like Gecko; compatible; GPTBot/1.4; +https://openai.com/gptbot)"
74.7.242.54 - - [08/Jul/2026:08:17:55 -0400] "GET /?_v=265035434 HTTP/1.1" 200 5279 "https://bioredox.cl/sitemap194.xml" "Mozilla/5.0 AppleWebKit/537.36 (KHTML, like Gecko; compatible; GPTBot/1.4; +https://openai.com/gptbot)"
74.7.242.54 - - [08/Jul/2026:08:17:55 -0400] "GET /?_t=011020986 HTTP/1.1" 200 5279 "https://bioredox.cl/sitemap861.xml" "Mozilla/5.0 AppleWebKit/537.36 (KHTML, like Gecko; compatible; GPTBot/1.4; +https://openai.com/gptbot)"
74.7.242.54 - - [08/Jul/2026:08:17:56 -0400] "GET /?_l=216040665 HTTP/1.1" 200 5279 "https://bioredox.cl/sitemap852.xml" "Mozilla/5.0 AppleWebKit/537.36 (KHTML, like Gecko; compatible; GPTBot/1.4; +https://openai.com/gptbot)"
74.7.242.54 - - [08/Jul/2026:08:17:56 -0400] "GET /?_i=045011644 HTTP/1.1" 200 5279 "https://bioredox.cl/sitemap307.xml" "Mozilla/5.0 AppleWebKit/537.36 (KHTML, like Gecko; compatible; GPTBot/1.4; +https://openai.com/gptbot)"
74.7.242.54 - - [08/Jul/2026:08:17:57 -0400] "GET /?_w=046005249 HTTP/1.1" 200 5279 "https://bioredox.cl/sitemap852.xml" "Mozilla/5.0 AppleWebKit/537.36 (KHTML, like Gecko; compatible; GPTBot/1.4; +https://openai.com/gptbot)"
136.243.228.177 - - [08/Jul/2026:08:17:57 -0400] "GET /commoditys/157043547 HTTP/1.1" 200 5279 "-" "Mozilla/5.0 (compatible; DataForSeoBot/1.0; +https://dataforseo.com/dataforseo-bot)"
74.7.242.54 - - [08/Jul/2026:08:17:57 -0400] "GET /?_f=133037852 HTTP/1.1" 200 5279 "https://bioredox.cl/sitemap957.xml" "Mozilla/5.0 AppleWebKit/537.36 (KHTML, like Gecko; compatible; GPTBot/1.4; +https://openai.com/gptbot)"
74.7.242.54 - - [08/Jul/2026:08:17:58 -0400] "GET /?_k=001038952 HTTP/1.1" 200 5279 "https://bioredox.cl/sitemap893.xml" "Mozilla/5.0 AppleWebKit/537.36 (KHTML, like Gecko; compatible; GPTBot/1.4; +https://openai.com/gptbot)"
74.7.242.54 - - [08/Jul/2026:08:17:58 -0400] "GET /?_z=128024815 HTTP/1.1" 200 5279 "https://bioredox.cl/sitemap472.xml" "Mozilla/5.0 AppleWebKit/537.36 (KHTML, like Gecko; compatible; GPTBot/1.4; +https://openai.com/gptbot)"
74.7.242.54 - - [08/Jul/2026:08:17:59 -0400] "GET /?_c=209044928 HTTP/1.1" 200 5279 "https://bioredox.cl/sitemap836.xml" "Mozilla/5.0 AppleWebKit/537.36 (KHTML, like Gecko; compatible; GPTBot/1.4; +https://openai.com/gptbot)"
74.7.242.54 - - [08/Jul/2026:08:17:59 -0400] "GET /?_u=223006992 HTTP/1.1" 200 5279 "https://bioredox.cl/sitemap861.xml" "Mozilla/5.0 AppleWebKit/537.36 (KHTML, like Gecko; compatible; GPTBot/1.4; +https://openai.com/gptbot)"
74.7.242.54 - - [08/Jul/2026:08:18:00 -0400] "GET /?_m=085027826 HTTP/1.1" 200 5279 "https://bioredox.cl/sitemap248.xml" "Mozilla/5.0 AppleWebKit/537.36 (KHTML, like Gecko; compatible; GPTBot/1.4; +https://openai.com/gptbot)"
74.7.242.54 - - [08/Jul/2026:08:18:00 -0400] "GET /?_y=092042107 HTTP/1.1" 200 5279 "https://bioredox.cl/sitemap194.xml" "Mozilla/5.0 AppleWebKit/537.36 (KHTML, like Gecko; compatible; GPTBot/1.4; +https://openai.com/gptbot)"
74.7.242.54 - - [08/Jul/2026:08:18:01 -0400] "GET /?_f=252045457 HTTP/1.1" 200 5279 "https://bioredox.cl/sitemap852.xml" "Mozilla/5.0 AppleWebKit/537.36 (KHTML, like Gecko; compatible; GPTBot/1.4; +https://openai.com/gptbot)"
74.7.242.54 - - [08/Jul/2026:08:18:02 -0400] "GET /?_q=067034504 HTTP/1.1" 200 5279 "https://bioredox.cl/sitemap852.xml" "Mozilla/5.0 AppleWebKit/537.36 (KHTML, like Gecko; compatible; GPTBot/1.4; +https://openai.com/gptbot)"
74.7.242.54 - - [08/Jul/2026:08:18:02 -0400] "GET /?_k=024013127 HTTP/1.1" 200 5279 "https://bioredox.cl/sitemap852.xml" "Mozilla/5.0 AppleWebKit/537.36 (KHTML, like Gecko; compatible; GPTBot/1.4; +https://openai.com/gptbot)"
136.243.228.177 - - [08/Jul/2026:08:18:02 -0400] "GET /?_v=264024117 HTTP/1.1" 200 5279 "-" "Mozilla/5.0 (compatible; DataForSeoBot/1.0; +https://dataforseo.com/dataforseo-bot)"
74.7.242.54 - - [08/Jul/2026:08:18:03 -0400] "GET /?_j=137001766 HTTP/1.1" 200 5279 "https://bioredox.cl/sitemap472.xml" "Mozilla/5.0 AppleWebKit/537.36 (KHTML, like Gecko; compatible; GPTBot/1.4; +https://openai.com/gptbot)"
74.7.242.54 - - [08/Jul/2026:08:18:03 -0400] "GET /?_r=047043696 HTTP/1.1" 200 5279 "https://bioredox.cl/sitemap689.xml" "Mozilla/5.0 AppleWebKit/537.36 (KHTML, like Gecko; compatible; GPTBot/1.4; +https://openai.com/gptbot)"
74.7.242.54 - - [08/Jul/2026:08:18:04 -0400] "GET /?_m=137015310 HTTP/1.1" 200 5279 "https://bioredox.cl/sitemap893.xml" "Mozilla/5.0 AppleWebKit/537.36 (KHTML, like Gecko; compatible; GPTBot/1.4; +https://openai.com/gptbot)"
74.7.242.54 - - [08/Jul/2026:08:18:04 -0400] "GET /?_a=027018708 HTTP/1.1" 200 5279 "https://bioredox.cl/sitemap394.xml" "Mozilla/5.0 AppleWebKit/537.36 (KHTML, like Gecko; compatible; GPTBot/1.4; +https://openai.com/gptbot)"
74.7.242.54 - - [08/Jul/2026:08:18:05 -0400] "GET /?_p=016028521 HTTP/1.1" 200 5279 "https://bioredox.cl/sitemap307.xml" "Mozilla/5.0 AppleWebKit/537.36 (KHTML, like Gecko; compatible; GPTBot/1.4; +https://openai.com/gptbot)"
74.7.242.54 - - [08/Jul/2026:08:18:05 -0400] "GET /?_f=009012276 HTTP/1.1" 200 5279 "https://bioredox.cl/sitemap307.xml" "Mozilla/5.0 AppleWebKit/537.36 (KHTML, like Gecko; compatible; GPTBot/1.4; +https://openai.com/gptbot)"
74.7.242.54 - - [08/Jul/2026:08:18:06 -0400] "GET /?_g=096033891 HTTP/1.1" 200 5279 "https://bioredox.cl/sitemap836.xml" "Mozilla/5.0 AppleWebKit/537.36 (KHTML, like Gecko; compatible; GPTBot/1.4; +https://openai.com/gptbot)"
74.7.242.54 - - [08/Jul/2026:08:18:06 -0400] "GET /?_a=185022712 HTTP/1.1" 200 5279 "https://bioredox.cl/sitemap689.xml" "Mozilla/5.0 AppleWebKit/537.36 (KHTML, like Gecko; compatible; GPTBot/1.4; +https://openai.com/gptbot)"
74.7.242.54 - - [08/Jul/2026:08:18:07 -0400] "GET /?_h=254028003 HTTP/1.1" 200 5279 "https://bioredox.cl/sitemap248.xml" "Mozilla/5.0 AppleWebKit/537.36 (KHTML, like Gecko; compatible; GPTBot/1.4; +https://openai.com/gptbot)"
74.7.242.54 - - [08/Jul/2026:08:18:07 -0400] "GET /?_c=143014070 HTTP/1.1" 200 5279 "https://bioredox.cl/sitemap957.xml" "Mozilla/5.0 AppleWebKit/537.36 (KHTML, like Gecko; compatible; GPTBot/1.4; +https://openai.com/gptbot)"
74.7.242.54 - - [08/Jul/2026:08:18:08 -0400] "GET /?_p=153033688 HTTP/1.1" 200 5279 "https://bioredox.cl/sitemap248.xml" "Mozilla/5.0 AppleWebKit/537.36 (KHTML, like Gecko; compatible; GPTBot/1.4; +https://openai.com/gptbot)"
136.243.228.177 - - [08/Jul/2026:08:18:08 -0400] "GET /?_x=297007620 HTTP/1.1" 200 5279 "-" "Mozilla/5.0 (compatible; DataForSeoBot/1.0; +https://dataforseo.com/dataforseo-bot)"
74.7.242.54 - - [08/Jul/2026:08:18:08 -0400] "GET /?_x=239032994 HTTP/1.1" 200 5279 "https://bioredox.cl/sitemap957.xml" "Mozilla/5.0 AppleWebKit/537.36 (KHTML, like Gecko; compatible; GPTBot/1.4; +https://openai.com/gptbot)"
74.7.242.54 - - [08/Jul/2026:08:18:09 -0400] "GET /?_z=044045587 HTTP/1.1" 200 5279 "https://bioredox.cl/sitemap472.xml" "Mozilla/5.0 AppleWebKit/537.36 (KHTML, like Gecko; compatible; GPTBot/1.4; +https://openai.com/gptbot)"
74.7.242.54 - - [08/Jul/2026:08:18:09 -0400] "GET /?_q=025030696 HTTP/1.1" 200 5279 "https://bioredox.cl/sitemap472.xml" "Mozilla/5.0 AppleWebKit/537.36 (KHTML, like Gecko; compatible; GPTBot/1.4; +https://openai.com/gptbot)"
74.7.242.54 - - [08/Jul/2026:08:18:10 -0400] "GET /?_m=031002056 HTTP/1.1" 200 5279 "https://bioredox.cl/sitemap307.xml" "Mozilla/5.0 AppleWebKit/537.36 (KHTML, like Gecko; compatible; GPTBot/1.4; +https://openai.com/gptbot)"
74.7.242.54 - - [08/Jul/2026:08:18:10 -0400] "GET /?_n=007043908 HTTP/1.1" 200 5279 "https://bioredox.cl/sitemap852.xml" "Mozilla/5.0 AppleWebKit/537.36 (KHTML, like Gecko; compatible; GPTBot/1.4; +https://openai.com/gptbot)"
74.7.242.54 - - [08/Jul/2026:08:18:11 -0400] "GET /?_u=028023299 HTTP/1.1" 200 5279 "https://bioredox.cl/sitemap394.xml" "Mozilla/5.0 AppleWebKit/537.36 (KHTML, like Gecko; compatible; GPTBot/1.4; +https://openai.com/gptbot)"
74.7.242.54 - - [08/Jul/2026:08:18:12 -0400] "GET /?_e=139031402 HTTP/1.1" 200 5279 "https://bioredox.cl/sitemap248.xml" "Mozilla/5.0 AppleWebKit/537.36 (KHTML, like Gecko; compatible; GPTBot/1.4; +https://openai.com/gptbot)"
74.7.242.54 - - [08/Jul/2026:08:18:12 -0400] "GET /?_f=165041846 HTTP/1.1" 200 5279 "https://bioredox.cl/sitemap472.xml" "Mozilla/5.0 AppleWebKit/537.36 (KHTML, like Gecko; compatible; GPTBot/1.4; +https://openai.com/gptbot)"
74.7.242.54 - - [08/Jul/2026:08:18:13 -0400] "GET /?_b=070017959 HTTP/1.1" 200 5279 "https://bioredox.cl/sitemap248.xml" "Mozilla/5.0 AppleWebKit/537.36 (KHTML, like Gecko; compatible; GPTBot/1.4; +https://openai.com/gptbot)"
74.7.242.54 - - [08/Jul/2026:08:18:13 -0400] "GET /?_p=186030505 HTTP/1.1" 200 5279 "https://bioredox.cl/sitemap689.xml" "Mozilla/5.0 AppleWebKit/537.36 (KHTML, like Gecko; compatible; GPTBot/1.4; +https://openai.com/gptbot)"
74.7.242.54 - - [08/Jul/2026:08:18:14 -0400] "GET /?_r=184020611 HTTP/1.1" 200 5279 "https://bioredox.cl/sitemap689.xml" "Mozilla/5.0 AppleWebKit/537.36 (KHTML, like Gecko; compatible; GPTBot/1.4; +https://openai.com/gptbot)"
74.7.242.54 - - [08/Jul/2026:08:18:14 -0400] "GET /?_y=082036655 HTTP/1.1" 200 5279 "https://bioredox.cl/sitemap836.xml" "Mozilla/5.0 AppleWebKit/537.36 (KHTML, like Gecko; compatible; GPTBot/1.4; +https://openai.com/gptbot)"
74.7.242.54 - - [08/Jul/2026:08:18:15 -0400] "GET /?_n=010026285 HTTP/1.1" 200 5279 "https://bioredox.cl/sitemap394.xml" "Mozilla/5.0 AppleWebKit/537.36 (KHTML, like Gecko; compatible; GPTBot/1.4; +https://openai.com/gptbot)"
74.7.242.54 - - [08/Jul/2026:08:18:15 -0400] "GET /?_z=054013807 HTTP/1.1" 200 5279 "https://bioredox.cl/sitemap194.xml" "Mozilla/5.0 AppleWebKit/537.36 (KHTML, like Gecko; compatible; GPTBot/1.4; +https://openai.com/gptbot)"
74.7.242.54 - - [08/Jul/2026:08:18:16 -0400] "GET /?_z=249049778 HTTP/1.1" 200 5279 "https://bioredox.cl/sitemap852.xml" "Mozilla/5.0 AppleWebKit/537.36 (KHTML, like Gecko; compatible; GPTBot/1.4; +https://openai.com/gptbot)"
136.243.228.177 - - [08/Jul/2026:08:18:16 -0400] "GET /commoditys/211049963 HTTP/1.1" 200 5279 "-" "Mozilla/5.0 (compatible; DataForSeoBot/1.0; +https://dataforseo.com/dataforseo-bot)"
74.7.242.54 - - [08/Jul/2026:08:18:16 -0400] "GET /?_x=233036348 HTTP/1.1" 200 5279 "https://bioredox.cl/sitemap194.xml" "Mozilla/5.0 AppleWebKit/537.36 (KHTML, like Gecko; compatible; GPTBot/1.4; +https://openai.com/gptbot)"
74.7.242.54 - - [08/Jul/2026:08:18:17 -0400] "GET /?_w=151047780 HTTP/1.1" 200 5279 "https://bioredox.cl/sitemap394.xml" "Mozilla/5.0 AppleWebKit/537.36 (KHTML, like Gecko; compatible; GPTBot/1.4; +https://openai.com/gptbot)"
74.7.242.54 - - [08/Jul/2026:08:18:17 -0400] "GET /?_i=278048499 HTTP/1.1" 200 5279 "https://bioredox.cl/sitemap836.xml" "Mozilla/5.0 AppleWebKit/537.36 (KHTML, like Gecko; compatible; GPTBot/1.4; +https://openai.com/gptbot)"
74.7.242.54 - - [08/Jul/2026:08:18:18 -0400] "GET /?_o=286028709 HTTP/1.1" 200 5279 "https://bioredox.cl/sitemap836.xml" "Mozilla/5.0 AppleWebKit/537.36 (KHTML, like Gecko; compatible; GPTBot/1.4; +https://openai.com/gptbot)"
74.7.242.54 - - [08/Jul/2026:08:18:18 -0400] "GET /?_s=234045247 HTTP/1.1" 200 5279 "https://bioredox.cl/sitemap194.xml" "Mozilla/5.0 AppleWebKit/537.36 (KHTML, like Gecko; compatible; GPTBot/1.4; +https://openai.com/gptbot)"
74.7.242.54 - - [08/Jul/2026:08:18:19 -0400] "GET /?_t=134013595 HTTP/1.1" 200 5279 "https://bioredox.cl/sitemap194.xml" "Mozilla/5.0 AppleWebKit/537.36 (KHTML, like Gecko; compatible; GPTBot/1.4; +https://openai.com/gptbot)"
74.7.242.54 - - [08/Jul/2026:08:18:19 -0400] "GET /?_z=015016562 HTTP/1.1" 200 5279 "https://bioredox.cl/sitemap893.xml" "Mozilla/5.0 AppleWebKit/537.36 (KHTML, like Gecko; compatible; GPTBot/1.4; +https://openai.com/gptbot)"
74.7.242.54 - - [08/Jul/2026:08:18:20 -0400] "GET /?_f=004031781 HTTP/1.1" 200 5279 "https://bioredox.cl/sitemap893.xml" "Mozilla/5.0 AppleWebKit/537.36 (KHTML, like Gecko; compatible; GPTBot/1.4; +https://openai.com/gptbot)"
74.7.242.54 - - [08/Jul/2026:08:18:20 -0400] "GET /?_d=112024681 HTTP/1.1" 200 5279 "https://bioredox.cl/sitemap472.xml" "Mozilla/5.0 AppleWebKit/537.36 (KHTML, like Gecko; compatible; GPTBot/1.4; +https://openai.com/gptbot)"
74.7.242.54 - - [08/Jul/2026:08:18:21 -0400] "GET /?_z=077001586 HTTP/1.1" 200 5279 "https://bioredox.cl/sitemap248.xml" "Mozilla/5.0 AppleWebKit/537.36 (KHTML, like Gecko; compatible; GPTBot/1.4; +https://openai.com/gptbot)"
74.7.242.54 - - [08/Jul/2026:08:18:21 -0400] "GET /?_t=176013679 HTTP/1.1" 200 5279 "https://bioredox.cl/sitemap472.xml" "Mozilla/5.0 AppleWebKit/537.36 (KHTML, like Gecko; compatible; GPTBot/1.4; +https://openai.com/gptbot)"
74.7.242.54 - - [08/Jul/2026:08:18:22 -0400] "GET /?_q=020035939 HTTP/1.1" 200 5279 "https://bioredox.cl/sitemap861.xml" "Mozilla/5.0 AppleWebKit/537.36 (KHTML, like Gecko; compatible; GPTBot/1.4; +https://openai.com/gptbot)"
74.7.242.54 - - [08/Jul/2026:08:18:22 -0400] "GET /?_d=057011546 HTTP/1.1" 200 5279 "https://bioredox.cl/sitemap248.xml" "Mozilla/5.0 AppleWebKit/537.36 (KHTML, like Gecko; compatible; GPTBot/1.4; +https://openai.com/gptbot)"
114.119.149.159 - - [08/Jul/2026:08:18:23 -0400] "GET /commoditys/240018842 HTTP/1.1" 200 5279 "https://bioredox.cl/?sitemap638.xml" "Mozilla/5.0 (Linux; Android 7.0;) AppleWebKit/537.36 (HTML, like Gecko) Mobile Safari/537.36 (compatible; PetalBot;+https://webmaster.petalsearch.com/site/petalbot)"
136.243.228.177 - - [08/Jul/2026:08:18:23 -0400] "GET /commoditys/252027212 HTTP/1.1" 200 5279 "-" "Mozilla/5.0 (compatible; DataForSeoBot/1.0; +https://dataforseo.com/dataforseo-bot)"
74.7.242.54 - - [08/Jul/2026:08:18:23 -0400] "GET /?_f=116007609 HTTP/1.1" 200 5279 "https://bioredox.cl/sitemap689.xml" "Mozilla/5.0 AppleWebKit/537.36 (KHTML, like Gecko; compatible; GPTBot/1.4; +https://openai.com/gptbot)"
74.7.242.54 - - [08/Jul/2026:08:18:24 -0400] "GET /?_o=172030933 HTTP/1.1" 200 5279 "https://bioredox.cl/sitemap248.xml" "Mozilla/5.0 AppleWebKit/537.36 (KHTML, like Gecko; compatible; GPTBot/1.4; +https://openai.com/gptbot)"
74.7.242.54 - - [08/Jul/2026:08:18:24 -0400] "GET /?_o=076002313 HTTP/1.1" 200 5279 "https://bioredox.cl/sitemap472.xml" "Mozilla/5.0 AppleWebKit/537.36 (KHTML, like Gecko; compatible; GPTBot/1.4; +https://openai.com/gptbot)"
74.7.242.54 - - [08/Jul/2026:08:18:25 -0400] "GET /?_e=091005348 HTTP/1.1" 200 5279 "https://bioredox.cl/sitemap307.xml" "Mozilla/5.0 AppleWebKit/537.36 (KHTML, like Gecko; compatible; GPTBot/1.4; +https://openai.com/gptbot)"
74.7.242.54 - - [08/Jul/2026:08:18:25 -0400] "GET /?_q=037039436 HTTP/1.1" 200 5279 "https://bioredox.cl/sitemap861.xml" "Mozilla/5.0 AppleWebKit/537.36 (KHTML, like Gecko; compatible; GPTBot/1.4; +https://openai.com/gptbot)"
74.7.242.54 - - [08/Jul/2026:08:18:26 -0400] "GET /?_h=060029519 HTTP/1.1" 200 5279 "https://bioredox.cl/sitemap248.xml" "Mozilla/5.0 AppleWebKit/537.36 (KHTML, like Gecko; compatible; GPTBot/1.4; +https://openai.com/gptbot)"
74.7.242.54 - - [08/Jul/2026:08:18:26 -0400] "GET /?_p=205045772 HTTP/1.1" 200 5279 "https://bioredox.cl/sitemap307.xml" "Mozilla/5.0 AppleWebKit/537.36 (KHTML, like Gecko; compatible; GPTBot/1.4; +https://openai.com/gptbot)"
74.7.242.54 - - [08/Jul/2026:08:18:27 -0400] "GET /?_w=059032696 HTTP/1.1" 200 5279 "https://bioredox.cl/sitemap852.xml" "Mozilla/5.0 AppleWebKit/537.36 (KHTML, like Gecko; compatible; GPTBot/1.4; +https://openai.com/gptbot)"
74.7.242.54 - - [08/Jul/2026:08:18:27 -0400] "GET /?_a=155024562 HTTP/1.1" 200 5279 "https://bioredox.cl/sitemap307.xml" "Mozilla/5.0 AppleWebKit/537.36 (KHTML, like Gecko; compatible; GPTBot/1.4; +https://openai.com/gptbot)"
74.7.242.54 - - [08/Jul/2026:08:18:28 -0400] "GET /?_m=284040815 HTTP/1.1" 200 5279 "https://bioredox.cl/sitemap852.xml" "Mozilla/5.0 AppleWebKit/537.36 (KHTML, like Gecko; compatible; GPTBot/1.4; +https://openai.com/gptbot)"
74.7.242.54 - - [08/Jul/2026:08:18:28 -0400] "GET /?_n=151024178 HTTP/1.1" 200 5279 "https://bioredox.cl/sitemap194.xml" "Mozilla/5.0 AppleWebKit/537.36 (KHTML, like Gecko; compatible; GPTBot/1.4; +https://openai.com/gptbot)"
74.7.242.54 - - [08/Jul/2026:08:18:29 -0400] "GET /?_s=134011573 HTTP/1.1" 200 5279 "https://bioredox.cl/sitemap836.xml" "Mozilla/5.0 AppleWebKit/537.36 (KHTML, like Gecko; compatible; GPTBot/1.4; +https://openai.com/gptbot)"
136.243.228.177 - - [08/Jul/2026:08:18:29 -0400] "GET /?_e=089046698 HTTP/1.1" 200 5279 "-" "Mozilla/5.0 (compatible; DataForSeoBot/1.0; +https://dataforseo.com/dataforseo-bot)"
74.7.242.54 - - [08/Jul/2026:08:18:29 -0400] "GET /?_a=081029914 HTTP/1.1" 200 5279 "https://bioredox.cl/sitemap394.xml" "Mozilla/5.0 AppleWebKit/537.36 (KHTML, like Gecko; compatible; GPTBot/1.4; +https://openai.com/gptbot)"
74.7.242.54 - - [08/Jul/2026:08:18:30 -0400] "GET /?_y=011034604 HTTP/1.1" 200 5279 "https://bioredox.cl/sitemap307.xml" "Mozilla/5.0 AppleWebKit/537.36 (KHTML, like Gecko; compatible; GPTBot/1.4; +https://openai.com/gptbot)"
74.7.242.54 - - [08/Jul/2026:08:18:30 -0400] "GET /?_m=042044187 HTTP/1.1" 200 5279 "https://bioredox.cl/sitemap861.xml" "Mozilla/5.0 AppleWebKit/537.36 (KHTML, like Gecko; compatible; GPTBot/1.4; +https://openai.com/gptbot)"
74.7.242.54 - - [08/Jul/2026:08:18:31 -0400] "GET /?_e=091018776 HTTP/1.1" 200 5279 "https://bioredox.cl/sitemap248.xml" "Mozilla/5.0 AppleWebKit/537.36 (KHTML, like Gecko; compatible; GPTBot/1.4; +https://openai.com/gptbot)"
74.7.242.54 - - [08/Jul/2026:08:18:31 -0400] "GET /?_e=088027501 HTTP/1.1" 200 5279 "https://bioredox.cl/sitemap689.xml" "Mozilla/5.0 AppleWebKit/537.36 (KHTML, like Gecko; compatible; GPTBot/1.4; +https://openai.com/gptbot)"
74.7.242.54 - - [08/Jul/2026:08:18:32 -0400] "GET /?_k=025001442 HTTP/1.1" 200 5279 "https://bioredox.cl/sitemap852.xml" "Mozilla/5.0 AppleWebKit/537.36 (KHTML, like Gecko; compatible; GPTBot/1.4; +https://openai.com/gptbot)"
74.7.242.54 - - [08/Jul/2026:08:18:32 -0400] "GET /?_a=077003682 HTTP/1.1" 200 5279 "https://bioredox.cl/sitemap957.xml" "Mozilla/5.0 AppleWebKit/537.36 (KHTML, like Gecko; compatible; GPTBot/1.4; +https://openai.com/gptbot)"
74.7.242.54 - - [08/Jul/2026:08:18:33 -0400] "GET /?_y=046027801 HTTP/1.1" 200 5279 "https://bioredox.cl/sitemap852.xml" "Mozilla/5.0 AppleWebKit/537.36 (KHTML, like Gecko; compatible; GPTBot/1.4; +https://openai.com/gptbot)"
66.249.70.1 - - [08/Jul/2026:08:18:33 -0400] "GET /?items/E63642887942/ HTTP/1.1" 200 39467 "-" "Mozilla/5.0 (Linux; Android 6.0.1; Nexus 5X Build/MMB29P) AppleWebKit/537.36 (KHTML, like Gecko) Chrome/150.0.7871.46 Mobile Safari/537.36 (compatible; Googlebot/2.1; +http://www.google.com/bot.html)"
74.7.242.54 - - [08/Jul/2026:08:18:34 -0400] "GET /?_c=037016720 HTTP/1.1" 200 5279 "https://bioredox.cl/sitemap861.xml" "Mozilla/5.0 AppleWebKit/537.36 (KHTML, like Gecko; compatible; GPTBot/1.4; +https://openai.com/gptbot)"
74.7.242.54 - - [08/Jul/2026:08:18:34 -0400] "GET /?_i=002035983 HTTP/1.1" 200 5279 "https://bioredox.cl/sitemap836.xml" "Mozilla/5.0 AppleWebKit/537.36 (KHTML, like Gecko; compatible; GPTBot/1.4; +https://openai.com/gptbot)"
74.7.242.54 - - [08/Jul/2026:08:18:35 -0400] "GET /?_e=114025013 HTTP/1.1" 200 5279 "https://bioredox.cl/sitemap472.xml" "Mozilla/5.0 AppleWebKit/537.36 (KHTML, like Gecko; compatible; GPTBot/1.4; +https://openai.com/gptbot)"
74.7.242.54 - - [08/Jul/2026:08:18:35 -0400] "GET /?_w=167016526 HTTP/1.1" 200 5279 "https://bioredox.cl/sitemap852.xml" "Mozilla/5.0 AppleWebKit/537.36 (KHTML, like Gecko; compatible; GPTBot/1.4; +https://openai.com/gptbot)"
74.7.242.54 - - [08/Jul/2026:08:18:36 -0400] "GET /?_t=109015898 HTTP/1.1" 200 5279 "https://bioredox.cl/sitemap394.xml" "Mozilla/5.0 AppleWebKit/537.36 (KHTML, like Gecko; compatible; GPTBot/1.4; +https://openai.com/gptbot)"
74.7.242.54 - - [08/Jul/2026:08:18:36 -0400] "GET /?_z=105014244 HTTP/1.1" 200 5279 "https://bioredox.cl/sitemap836.xml" "Mozilla/5.0 AppleWebKit/537.36 (KHTML, like Gecko; compatible; GPTBot/1.4; +https://openai.com/gptbot)"
74.7.242.54 - - [08/Jul/2026:08:18:37 -0400] "GET /?_e=272007633 HTTP/1.1" 200 5279 "https://bioredox.cl/sitemap394.xml" "Mozilla/5.0 AppleWebKit/537.36 (KHTML, like Gecko; compatible; GPTBot/1.4; +https://openai.com/gptbot)"
74.7.242.54 - - [08/Jul/2026:08:18:37 -0400] "GET /?_o=041030864 HTTP/1.1" 200 5279 "https://bioredox.cl/sitemap852.xml" "Mozilla/5.0 AppleWebKit/537.36 (KHTML, like Gecko; compatible; GPTBot/1.4; +https://openai.com/gptbot)"
74.7.242.54 - - [08/Jul/2026:08:18:38 -0400] "GET /?_r=124014093 HTTP/1.1" 200 5279 "https://bioredox.cl/sitemap689.xml" "Mozilla/5.0 AppleWebKit/537.36 (KHTML, like Gecko; compatible; GPTBot/1.4; +https://openai.com/gptbot)"
136.243.228.177 - - [08/Jul/2026:08:18:38 -0400] "GET /?_f=101019758 HTTP/1.1" 200 5279 "-" "Mozilla/5.0 (compatible; DataForSeoBot/1.0; +https://dataforseo.com/dataforseo-bot)"
74.7.242.54 - - [08/Jul/2026:08:18:38 -0400] "GET /?_q=281025502 HTTP/1.1" 200 5279 "https://bioredox.cl/sitemap957.xml" "Mozilla/5.0 AppleWebKit/537.36 (KHTML, like Gecko; compatible; GPTBot/1.4; +https://openai.com/gptbot)"
74.7.242.54 - - [08/Jul/2026:08:18:39 -0400] "GET /?_g=184043347 HTTP/1.1" 200 5279 "https://bioredox.cl/sitemap194.xml" "Mozilla/5.0 AppleWebKit/537.36 (KHTML, like Gecko; compatible; GPTBot/1.4; +https://openai.com/gptbot)"
74.7.242.54 - - [08/Jul/2026:08:18:39 -0400] "GET /?_n=082010673 HTTP/1.1" 200 5279 "https://bioredox.cl/sitemap394.xml" "Mozilla/5.0 AppleWebKit/537.36 (KHTML, like Gecko; compatible; GPTBot/1.4; +https://openai.com/gptbot)"
74.7.242.54 - - [08/Jul/2026:08:18:40 -0400] "GET /?_t=221035850 HTTP/1.1" 200 5279 "https://bioredox.cl/sitemap689.xml" "Mozilla/5.0 AppleWebKit/537.36 (KHTML, like Gecko; compatible; GPTBot/1.4; +https://openai.com/gptbot)"
74.7.242.54 - - [08/Jul/2026:08:18:40 -0400] "GET /?_l=256026597 HTTP/1.1" 200 5279 "https://bioredox.cl/sitemap852.xml" "Mozilla/5.0 AppleWebKit/537.36 (KHTML, like Gecko; compatible; GPTBot/1.4; +https://openai.com/gptbot)"
74.7.242.54 - - [08/Jul/2026:08:18:41 -0400] "GET /?_p=187041428 HTTP/1.1" 200 5279 "https://bioredox.cl/sitemap689.xml" "Mozilla/5.0 AppleWebKit/537.36 (KHTML, like Gecko; compatible; GPTBot/1.4; +https://openai.com/gptbot)"
74.7.242.54 - - [08/Jul/2026:08:18:41 -0400] "GET /?_i=252003831 HTTP/1.1" 200 5279 "https://bioredox.cl/sitemap248.xml" "Mozilla/5.0 AppleWebKit/537.36 (KHTML, like Gecko; compatible; GPTBot/1.4; +https://openai.com/gptbot)"
74.7.242.54 - - [08/Jul/2026:08:18:42 -0400] "GET /?_s=128009089 HTTP/1.1" 200 5279 "https://bioredox.cl/sitemap689.xml" "Mozilla/5.0 AppleWebKit/537.36 (KHTML, like Gecko; compatible; GPTBot/1.4; +https://openai.com/gptbot)"
136.243.228.177 - - [08/Jul/2026:08:18:42 -0400] "GET /?_c=084015299 HTTP/1.1" 200 5279 "-" "Mozilla/5.0 (compatible; DataForSeoBot/1.0; +https://dataforseo.com/dataforseo-bot)"
74.7.242.54 - - [08/Jul/2026:08:18:42 -0400] "GET /?_w=137038144 HTTP/1.1" 200 5279 "https://bioredox.cl/sitemap893.xml" "Mozilla/5.0 AppleWebKit/537.36 (KHTML, like Gecko; compatible; GPTBot/1.4; +https://openai.com/gptbot)"
74.7.242.54 - - [08/Jul/2026:08:18:43 -0400] "GET /?_e=212025905 HTTP/1.1" 200 5279 "https://bioredox.cl/sitemap957.xml" "Mozilla/5.0 AppleWebKit/537.36 (KHTML, like Gecko; compatible; GPTBot/1.4; +https://openai.com/gptbot)"
74.7.242.54 - - [08/Jul/2026:08:18:43 -0400] "GET /?_m=274008745 HTTP/1.1" 200 5279 "https://bioredox.cl/sitemap893.xml" "Mozilla/5.0 AppleWebKit/537.36 (KHTML, like Gecko; compatible; GPTBot/1.4; +https://openai.com/gptbot)"
74.7.242.54 - - [08/Jul/2026:08:18:44 -0400] "GET /?_s=121040334 HTTP/1.1" 200 5279 "https://bioredox.cl/sitemap852.xml" "Mozilla/5.0 AppleWebKit/537.36 (KHTML, like Gecko; compatible; GPTBot/1.4; +https://openai.com/gptbot)"
74.7.242.54 - - [08/Jul/2026:08:18:44 -0400] "GET /?_z=140040981 HTTP/1.1" 200 5279 "https://bioredox.cl/sitemap472.xml" "Mozilla/5.0 AppleWebKit/537.36 (KHTML, like Gecko; compatible; GPTBot/1.4; +https://openai.com/gptbot)"
74.7.242.54 - - [08/Jul/2026:08:18:45 -0400] "GET /?_l=026019031 HTTP/1.1" 200 5279 "https://bioredox.cl/sitemap852.xml" "Mozilla/5.0 AppleWebKit/537.36 (KHTML, like Gecko; compatible; GPTBot/1.4; +https://openai.com/gptbot)"
74.7.242.54 - - [08/Jul/2026:08:18:45 -0400] "GET /?_k=235009344 HTTP/1.1" 200 5279 "https://bioredox.cl/sitemap472.xml" "Mozilla/5.0 AppleWebKit/537.36 (KHTML, like Gecko; compatible; GPTBot/1.4; +https://openai.com/gptbot)"
74.7.242.54 - - [08/Jul/2026:08:18:46 -0400] "GET /?_z=221019044 HTTP/1.1" 200 5279 "https://bioredox.cl/sitemap394.xml" "Mozilla/5.0 AppleWebKit/537.36 (KHTML, like Gecko; compatible; GPTBot/1.4; +https://openai.com/gptbot)"
74.7.242.54 - - [08/Jul/2026:08:18:46 -0400] "GET /?_t=242007117 HTTP/1.1" 200 5279 "https://bioredox.cl/sitemap194.xml" "Mozilla/5.0 AppleWebKit/537.36 (KHTML, like Gecko; compatible; GPTBot/1.4; +https://openai.com/gptbot)"
74.7.242.54 - - [08/Jul/2026:08:18:47 -0400] "GET /?_c=228015155 HTTP/1.1" 200 5279 "https://bioredox.cl/sitemap861.xml" "Mozilla/5.0 AppleWebKit/537.36 (KHTML, like Gecko; compatible; GPTBot/1.4; +https://openai.com/gptbot)"
74.7.242.54 - - [08/Jul/2026:08:18:48 -0400] "GET /?_c=076046471 HTTP/1.1" 200 5279 "https://bioredox.cl/sitemap472.xml" "Mozilla/5.0 AppleWebKit/537.36 (KHTML, like Gecko; compatible; GPTBot/1.4; +https://openai.com/gptbot)"
74.7.242.54 - - [08/Jul/2026:08:18:48 -0400] "GET /?_f=053030672 HTTP/1.1" 200 5279 "https://bioredox.cl/sitemap472.xml" "Mozilla/5.0 AppleWebKit/537.36 (KHTML, like Gecko; compatible; GPTBot/1.4; +https://openai.com/gptbot)"
74.7.242.54 - - [08/Jul/2026:08:18:49 -0400] "GET /?_g=119031858 HTTP/1.1" 200 5279 "https://bioredox.cl/sitemap307.xml" "Mozilla/5.0 AppleWebKit/537.36 (KHTML, like Gecko; compatible; GPTBot/1.4; +https://openai.com/gptbot)"
136.243.228.177 - - [08/Jul/2026:08:18:49 -0400] "GET /commoditys/153022987 HTTP/1.1" 200 5279 "-" "Mozilla/5.0 (compatible; DataForSeoBot/1.0; +https://dataforseo.com/dataforseo-bot)"
74.7.242.54 - - [08/Jul/2026:08:18:49 -0400] "GET /?_a=024008467 HTTP/1.1" 200 5279 "https://bioredox.cl/sitemap472.xml" "Mozilla/5.0 AppleWebKit/537.36 (KHTML, like Gecko; compatible; GPTBot/1.4; +https://openai.com/gptbot)"
74.7.242.54 - - [08/Jul/2026:08:18:50 -0400] "GET /?_z=132008005 HTTP/1.1" 200 5279 "https://bioredox.cl/sitemap852.xml" "Mozilla/5.0 AppleWebKit/537.36 (KHTML, like Gecko; compatible; GPTBot/1.4; +https://openai.com/gptbot)"
74.7.242.54 - - [08/Jul/2026:08:18:50 -0400] "GET /?_o=122030839 HTTP/1.1" 200 5279 "https://bioredox.cl/sitemap836.xml" "Mozilla/5.0 AppleWebKit/537.36 (KHTML, like Gecko; compatible; GPTBot/1.4; +https://openai.com/gptbot)"
74.7.242.54 - - [08/Jul/2026:08:18:51 -0400] "GET /?_j=166049299 HTTP/1.1" 200 5279 "https://bioredox.cl/sitemap852.xml" "Mozilla/5.0 AppleWebKit/537.36 (KHTML, like Gecko; compatible; GPTBot/1.4; +https://openai.com/gptbot)"
74.7.242.54 - - [08/Jul/2026:08:18:51 -0400] "GET /?_g=248002285 HTTP/1.1" 200 5279 "https://bioredox.cl/sitemap194.xml" "Mozilla/5.0 AppleWebKit/537.36 (KHTML, like Gecko; compatible; GPTBot/1.4; +https://openai.com/gptbot)"
74.7.242.54 - - [08/Jul/2026:08:18:52 -0400] "GET /?_v=215028218 HTTP/1.1" 200 5279 "https://bioredox.cl/sitemap472.xml" "Mozilla/5.0 AppleWebKit/537.36 (KHTML, like Gecko; compatible; GPTBot/1.4; +https://openai.com/gptbot)"
74.7.242.54 - - [08/Jul/2026:08:18:52 -0400] "GET /?_j=134044255 HTTP/1.1" 200 5279 "https://bioredox.cl/sitemap852.xml" "Mozilla/5.0 AppleWebKit/537.36 (KHTML, like Gecko; compatible; GPTBot/1.4; +https://openai.com/gptbot)"
136.243.228.177 - - [08/Jul/2026:08:18:52 -0400] "GET /?_q=198031685 HTTP/1.1" 200 5279 "-" "Mozilla/5.0 (compatible; DataForSeoBot/1.0; +https://dataforseo.com/dataforseo-bot)"
74.7.242.54 - - [08/Jul/2026:08:18:53 -0400] "GET /?_g=288002249 HTTP/1.1" 200 5279 "https://bioredox.cl/sitemap689.xml" "Mozilla/5.0 AppleWebKit/537.36 (KHTML, like Gecko; compatible; GPTBot/1.4; +https://openai.com/gptbot)"
74.7.242.54 - - [08/Jul/2026:08:18:53 -0400] "GET /?_q=024006789 HTTP/1.1" 200 5279 "https://bioredox.cl/sitemap307.xml" "Mozilla/5.0 AppleWebKit/537.36 (KHTML, like Gecko; compatible; GPTBot/1.4; +https://openai.com/gptbot)"
74.7.242.54 - - [08/Jul/2026:08:18:54 -0400] "GET /?_t=088025157 HTTP/1.1" 200 5279 "https://bioredox.cl/sitemap307.xml" "Mozilla/5.0 AppleWebKit/537.36 (KHTML, like Gecko; compatible; GPTBot/1.4; +https://openai.com/gptbot)"
74.7.242.54 - - [08/Jul/2026:08:18:54 -0400] "GET /?_c=298025075 HTTP/1.1" 200 5279 "https://bioredox.cl/sitemap852.xml" "Mozilla/5.0 AppleWebKit/537.36 (KHTML, like Gecko; compatible; GPTBot/1.4; +https://openai.com/gptbot)"
74.7.242.54 - - [08/Jul/2026:08:18:55 -0400] "GET /?_u=167036100 HTTP/1.1" 200 5279 "https://bioredox.cl/sitemap861.xml" "Mozilla/5.0 AppleWebKit/537.36 (KHTML, like Gecko; compatible; GPTBot/1.4; +https://openai.com/gptbot)"
