74.7.242.54 - - [08/Jul/2026:08:48:05 -0400] "GET /?_x=154028701 HTTP/1.1" 200 5279 "https://bioredox.cl/sitemap957.xml" "Mozilla/5.0 AppleWebKit/537.36 (KHTML, like Gecko; compatible; GPTBot/1.4; +https://openai.com/gptbot)"
74.7.242.54 - - [08/Jul/2026:08:48:06 -0400] "GET /?_p=287038556 HTTP/1.1" 200 5279 "https://bioredox.cl/sitemap893.xml" "Mozilla/5.0 AppleWebKit/537.36 (KHTML, like Gecko; compatible; GPTBot/1.4; +https://openai.com/gptbot)"
74.7.242.54 - - [08/Jul/2026:08:48:06 -0400] "GET /?_o=281016750 HTTP/1.1" 200 5279 "https://bioredox.cl/sitemap689.xml" "Mozilla/5.0 AppleWebKit/537.36 (KHTML, like Gecko; compatible; GPTBot/1.4; +https://openai.com/gptbot)"
74.7.242.54 - - [08/Jul/2026:08:48:07 -0400] "GET /?_l=257041294 HTTP/1.1" 200 5279 "https://bioredox.cl/sitemap836.xml" "Mozilla/5.0 AppleWebKit/537.36 (KHTML, like Gecko; compatible; GPTBot/1.4; +https://openai.com/gptbot)"
74.7.242.54 - - [08/Jul/2026:08:48:07 -0400] "GET /?_y=136024087 HTTP/1.1" 200 5279 "https://bioredox.cl/sitemap394.xml" "Mozilla/5.0 AppleWebKit/537.36 (KHTML, like Gecko; compatible; GPTBot/1.4; +https://openai.com/gptbot)"
74.7.242.54 - - [08/Jul/2026:08:48:08 -0400] "GET /?_l=187025016 HTTP/1.1" 200 5279 "https://bioredox.cl/sitemap957.xml" "Mozilla/5.0 AppleWebKit/537.36 (KHTML, like Gecko; compatible; GPTBot/1.4; +https://openai.com/gptbot)"
74.7.242.54 - - [08/Jul/2026:08:48:08 -0400] "GET /?_s=132028997 HTTP/1.1" 200 5279 "https://bioredox.cl/sitemap861.xml" "Mozilla/5.0 AppleWebKit/537.36 (KHTML, like Gecko; compatible; GPTBot/1.4; +https://openai.com/gptbot)"
74.7.242.54 - - [08/Jul/2026:08:48:09 -0400] "GET /?_z=241034970 HTTP/1.1" 200 5279 "https://bioredox.cl/sitemap194.xml" "Mozilla/5.0 AppleWebKit/537.36 (KHTML, like Gecko; compatible; GPTBot/1.4; +https://openai.com/gptbot)"
74.7.242.54 - - [08/Jul/2026:08:48:10 -0400] "GET /?_x=299035840 HTTP/1.1" 200 5279 "https://bioredox.cl/sitemap836.xml" "Mozilla/5.0 AppleWebKit/537.36 (KHTML, like Gecko; compatible; GPTBot/1.4; +https://openai.com/gptbot)"
74.7.242.54 - - [08/Jul/2026:08:48:10 -0400] "GET /?_v=259035464 HTTP/1.1" 200 5279 "https://bioredox.cl/sitemap689.xml" "Mozilla/5.0 AppleWebKit/537.36 (KHTML, like Gecko; compatible; GPTBot/1.4; +https://openai.com/gptbot)"
74.7.242.54 - - [08/Jul/2026:08:48:11 -0400] "GET /?_f=214012659 HTTP/1.1" 200 5279 "https://bioredox.cl/sitemap836.xml" "Mozilla/5.0 AppleWebKit/537.36 (KHTML, like Gecko; compatible; GPTBot/1.4; +https://openai.com/gptbot)"
74.7.242.54 - - [08/Jul/2026:08:48:11 -0400] "GET /?_z=089021566 HTTP/1.1" 200 5279 "https://bioredox.cl/sitemap194.xml" "Mozilla/5.0 AppleWebKit/537.36 (KHTML, like Gecko; compatible; GPTBot/1.4; +https://openai.com/gptbot)"
74.7.242.54 - - [08/Jul/2026:08:48:12 -0400] "GET /?_u=157013796 HTTP/1.1" 200 5279 "https://bioredox.cl/sitemap836.xml" "Mozilla/5.0 AppleWebKit/537.36 (KHTML, like Gecko; compatible; GPTBot/1.4; +https://openai.com/gptbot)"
74.7.242.54 - - [08/Jul/2026:08:48:12 -0400] "GET /?_a=263019168 HTTP/1.1" 200 5279 "https://bioredox.cl/sitemap852.xml" "Mozilla/5.0 AppleWebKit/537.36 (KHTML, like Gecko; compatible; GPTBot/1.4; +https://openai.com/gptbot)"
66.249.70.1 - - [08/Jul/2026:08:48:11 -0400] "GET /?items/A63632165964/ HTTP/1.1" 200 39235 "-" "Mozilla/5.0 (Linux; Android 6.0.1; Nexus 5X Build/MMB29P) AppleWebKit/537.36 (KHTML, like Gecko) Chrome/150.0.7871.46 Mobile Safari/537.36 (compatible; Googlebot/2.1; +http://www.google.com/bot.html)"
74.7.242.54 - - [08/Jul/2026:08:48:13 -0400] "GET /?_r=132032875 HTTP/1.1" 200 5279 "https://bioredox.cl/sitemap836.xml" "Mozilla/5.0 AppleWebKit/537.36 (KHTML, like Gecko; compatible; GPTBot/1.4; +https://openai.com/gptbot)"
74.7.242.54 - - [08/Jul/2026:08:48:13 -0400] "GET /?_s=274047581 HTTP/1.1" 200 5279 "https://bioredox.cl/sitemap394.xml" "Mozilla/5.0 AppleWebKit/537.36 (KHTML, like Gecko; compatible; GPTBot/1.4; +https://openai.com/gptbot)"
74.7.242.54 - - [08/Jul/2026:08:48:14 -0400] "GET /?_i=019027234 HTTP/1.1" 200 5279 "https://bioredox.cl/sitemap852.xml" "Mozilla/5.0 AppleWebKit/537.36 (KHTML, like Gecko; compatible; GPTBot/1.4; +https://openai.com/gptbot)"
74.7.242.54 - - [08/Jul/2026:08:48:15 -0400] "GET /?_c=137025696 HTTP/1.1" 200 5279 "https://bioredox.cl/sitemap394.xml" "Mozilla/5.0 AppleWebKit/537.36 (KHTML, like Gecko; compatible; GPTBot/1.4; +https://openai.com/gptbot)"
74.7.242.54 - - [08/Jul/2026:08:48:15 -0400] "GET /?_z=071016832 HTTP/1.1" 200 5279 "https://bioredox.cl/sitemap307.xml" "Mozilla/5.0 AppleWebKit/537.36 (KHTML, like Gecko; compatible; GPTBot/1.4; +https://openai.com/gptbot)"
74.7.242.54 - - [08/Jul/2026:08:48:16 -0400] "GET /?_m=129046054 HTTP/1.1" 200 5279 "https://bioredox.cl/sitemap893.xml" "Mozilla/5.0 AppleWebKit/537.36 (KHTML, like Gecko; compatible; GPTBot/1.4; +https://openai.com/gptbot)"
74.7.242.54 - - [08/Jul/2026:08:48:16 -0400] "GET /?_y=188027309 HTTP/1.1" 200 5279 "https://bioredox.cl/sitemap861.xml" "Mozilla/5.0 AppleWebKit/537.36 (KHTML, like Gecko; compatible; GPTBot/1.4; +https://openai.com/gptbot)"
74.7.242.54 - - [08/Jul/2026:08:48:17 -0400] "GET /?_w=134037665 HTTP/1.1" 200 5279 "https://bioredox.cl/sitemap852.xml" "Mozilla/5.0 AppleWebKit/537.36 (KHTML, like Gecko; compatible; GPTBot/1.4; +https://openai.com/gptbot)"
74.7.242.54 - - [08/Jul/2026:08:48:17 -0400] "GET /?_b=208036317 HTTP/1.1" 200 5279 "https://bioredox.cl/sitemap248.xml" "Mozilla/5.0 AppleWebKit/537.36 (KHTML, like Gecko; compatible; GPTBot/1.4; +https://openai.com/gptbot)"
74.7.242.54 - - [08/Jul/2026:08:48:18 -0400] "GET /?_h=249017452 HTTP/1.1" 200 5279 "https://bioredox.cl/sitemap307.xml" "Mozilla/5.0 AppleWebKit/537.36 (KHTML, like Gecko; compatible; GPTBot/1.4; +https://openai.com/gptbot)"
74.7.242.54 - - [08/Jul/2026:08:48:18 -0400] "GET /?_f=147013598 HTTP/1.1" 200 5279 "https://bioredox.cl/sitemap472.xml" "Mozilla/5.0 AppleWebKit/537.36 (KHTML, like Gecko; compatible; GPTBot/1.4; +https://openai.com/gptbot)"
74.7.242.54 - - [08/Jul/2026:08:48:19 -0400] "GET /?_s=089024132 HTTP/1.1" 200 5279 "https://bioredox.cl/sitemap472.xml" "Mozilla/5.0 AppleWebKit/537.36 (KHTML, like Gecko; compatible; GPTBot/1.4; +https://openai.com/gptbot)"
74.7.242.54 - - [08/Jul/2026:08:48:19 -0400] "GET /?_a=109048734 HTTP/1.1" 200 5279 "https://bioredox.cl/sitemap852.xml" "Mozilla/5.0 AppleWebKit/537.36 (KHTML, like Gecko; compatible; GPTBot/1.4; +https://openai.com/gptbot)"
66.249.70.1 - - [08/Jul/2026:08:48:18 -0400] "GET /?items/I63611019966/ HTTP/1.1" 200 40530 "-" "Mozilla/5.0 (Linux; Android 6.0.1; Nexus 5X Build/MMB29P) AppleWebKit/537.36 (KHTML, like Gecko) Chrome/150.0.7871.46 Mobile Safari/537.36 (compatible; Googlebot/2.1; +http://www.google.com/bot.html)"
74.7.242.54 - - [08/Jul/2026:08:48:20 -0400] "GET /?_r=192006873 HTTP/1.1" 200 5279 "https://bioredox.cl/sitemap394.xml" "Mozilla/5.0 AppleWebKit/537.36 (KHTML, like Gecko; compatible; GPTBot/1.4; +https://openai.com/gptbot)"
74.7.242.54 - - [08/Jul/2026:08:48:20 -0400] "GET /?_l=227008496 HTTP/1.1" 200 5279 "https://bioredox.cl/sitemap689.xml" "Mozilla/5.0 AppleWebKit/537.36 (KHTML, like Gecko; compatible; GPTBot/1.4; +https://openai.com/gptbot)"
74.7.242.54 - - [08/Jul/2026:08:48:21 -0400] "GET /?_b=152044753 HTTP/1.1" 200 5279 "https://bioredox.cl/sitemap689.xml" "Mozilla/5.0 AppleWebKit/537.36 (KHTML, like Gecko; compatible; GPTBot/1.4; +https://openai.com/gptbot)"
74.7.242.54 - - [08/Jul/2026:08:48:21 -0400] "GET /?_q=175030436 HTTP/1.1" 200 5279 "https://bioredox.cl/sitemap689.xml" "Mozilla/5.0 AppleWebKit/537.36 (KHTML, like Gecko; compatible; GPTBot/1.4; +https://openai.com/gptbot)"
74.7.242.54 - - [08/Jul/2026:08:48:22 -0400] "GET /?_f=257007386 HTTP/1.1" 200 5279 "https://bioredox.cl/sitemap472.xml" "Mozilla/5.0 AppleWebKit/537.36 (KHTML, like Gecko; compatible; GPTBot/1.4; +https://openai.com/gptbot)"
74.7.242.54 - - [08/Jul/2026:08:48:22 -0400] "GET /?_e=145028832 HTTP/1.1" 200 5279 "https://bioredox.cl/sitemap394.xml" "Mozilla/5.0 AppleWebKit/537.36 (KHTML, like Gecko; compatible; GPTBot/1.4; +https://openai.com/gptbot)"
74.7.242.54 - - [08/Jul/2026:08:48:23 -0400] "GET /?_l=033015672 HTTP/1.1" 200 5279 "https://bioredox.cl/sitemap861.xml" "Mozilla/5.0 AppleWebKit/537.36 (KHTML, like Gecko; compatible; GPTBot/1.4; +https://openai.com/gptbot)"
74.7.242.54 - - [08/Jul/2026:08:48:23 -0400] "GET /?_l=273015424 HTTP/1.1" 200 5279 "https://bioredox.cl/sitemap893.xml" "Mozilla/5.0 AppleWebKit/537.36 (KHTML, like Gecko; compatible; GPTBot/1.4; +https://openai.com/gptbot)"
74.7.242.54 - - [08/Jul/2026:08:48:24 -0400] "GET /?_e=261034468 HTTP/1.1" 200 5279 "https://bioredox.cl/sitemap893.xml" "Mozilla/5.0 AppleWebKit/537.36 (KHTML, like Gecko; compatible; GPTBot/1.4; +https://openai.com/gptbot)"
66.249.70.1 - - [08/Jul/2026:08:48:23 -0400] "GET /?items/L63642677516/ HTTP/1.1" 200 40260 "-" "Mozilla/5.0 (Linux; Android 6.0.1; Nexus 5X Build/MMB29P) AppleWebKit/537.36 (KHTML, like Gecko) Chrome/150.0.7871.46 Mobile Safari/537.36 (compatible; Googlebot/2.1; +http://www.google.com/bot.html)"
74.7.242.54 - - [08/Jul/2026:08:48:24 -0400] "GET /?_w=152021849 HTTP/1.1" 200 5279 "https://bioredox.cl/sitemap307.xml" "Mozilla/5.0 AppleWebKit/537.36 (KHTML, like Gecko; compatible; GPTBot/1.4; +https://openai.com/gptbot)"
74.7.242.54 - - [08/Jul/2026:08:48:25 -0400] "GET /?_g=136047057 HTTP/1.1" 200 5279 "https://bioredox.cl/sitemap394.xml" "Mozilla/5.0 AppleWebKit/537.36 (KHTML, like Gecko; compatible; GPTBot/1.4; +https://openai.com/gptbot)"
74.7.242.54 - - [08/Jul/2026:08:48:25 -0400] "GET /?_z=244021895 HTTP/1.1" 200 5279 "https://bioredox.cl/sitemap836.xml" "Mozilla/5.0 AppleWebKit/537.36 (KHTML, like Gecko; compatible; GPTBot/1.4; +https://openai.com/gptbot)"
74.7.242.54 - - [08/Jul/2026:08:48:26 -0400] "GET /?_m=179027530 HTTP/1.1" 200 5279 "https://bioredox.cl/sitemap248.xml" "Mozilla/5.0 AppleWebKit/537.36 (KHTML, like Gecko; compatible; GPTBot/1.4; +https://openai.com/gptbot)"
74.7.242.54 - - [08/Jul/2026:08:48:27 -0400] "GET /?_v=164008335 HTTP/1.1" 200 5279 "https://bioredox.cl/sitemap307.xml" "Mozilla/5.0 AppleWebKit/537.36 (KHTML, like Gecko; compatible; GPTBot/1.4; +https://openai.com/gptbot)"
74.7.242.54 - - [08/Jul/2026:08:48:27 -0400] "GET /?_x=064041937 HTTP/1.1" 200 5279 "https://bioredox.cl/sitemap394.xml" "Mozilla/5.0 AppleWebKit/537.36 (KHTML, like Gecko; compatible; GPTBot/1.4; +https://openai.com/gptbot)"
74.7.242.54 - - [08/Jul/2026:08:48:28 -0400] "GET /?_j=269045850 HTTP/1.1" 200 5279 "https://bioredox.cl/sitemap194.xml" "Mozilla/5.0 AppleWebKit/537.36 (KHTML, like Gecko; compatible; GPTBot/1.4; +https://openai.com/gptbot)"
74.7.242.54 - - [08/Jul/2026:08:48:28 -0400] "GET /?_u=254027935 HTTP/1.1" 200 5279 "https://bioredox.cl/sitemap394.xml" "Mozilla/5.0 AppleWebKit/537.36 (KHTML, like Gecko; compatible; GPTBot/1.4; +https://openai.com/gptbot)"
74.7.242.54 - - [08/Jul/2026:08:48:29 -0400] "GET /?_t=264007883 HTTP/1.1" 200 5279 "https://bioredox.cl/sitemap836.xml" "Mozilla/5.0 AppleWebKit/537.36 (KHTML, like Gecko; compatible; GPTBot/1.4; +https://openai.com/gptbot)"
136.243.228.177 - - [08/Jul/2026:08:48:29 -0400] "GET /?_t=127046832 HTTP/1.1" 200 5279 "-" "Mozilla/5.0 (compatible; DataForSeoBot/1.0; +https://dataforseo.com/dataforseo-bot)"
74.7.242.54 - - [08/Jul/2026:08:48:29 -0400] "GET /?_r=249019038 HTTP/1.1" 200 5279 "https://bioredox.cl/sitemap861.xml" "Mozilla/5.0 AppleWebKit/537.36 (KHTML, like Gecko; compatible; GPTBot/1.4; +https://openai.com/gptbot)"
74.7.242.54 - - [08/Jul/2026:08:48:30 -0400] "GET /?_q=183016824 HTTP/1.1" 200 5279 "https://bioredox.cl/sitemap394.xml" "Mozilla/5.0 AppleWebKit/537.36 (KHTML, like Gecko; compatible; GPTBot/1.4; +https://openai.com/gptbot)"
74.7.242.54 - - [08/Jul/2026:08:48:30 -0400] "GET /?_j=119042438 HTTP/1.1" 200 5279 "https://bioredox.cl/sitemap307.xml" "Mozilla/5.0 AppleWebKit/537.36 (KHTML, like Gecko; compatible; GPTBot/1.4; +https://openai.com/gptbot)"
74.7.242.54 - - [08/Jul/2026:08:48:31 -0400] "GET /?_a=162035765 HTTP/1.1" 200 5279 "https://bioredox.cl/sitemap194.xml" "Mozilla/5.0 AppleWebKit/537.36 (KHTML, like Gecko; compatible; GPTBot/1.4; +https://openai.com/gptbot)"
66.249.70.1 - - [08/Jul/2026:08:48:30 -0400] "GET /?items/X63621593256/ HTTP/1.1" 200 43438 "-" "Mozilla/5.0 (Linux; Android 6.0.1; Nexus 5X Build/MMB29P) AppleWebKit/537.36 (KHTML, like Gecko) Chrome/150.0.7871.46 Mobile Safari/537.36 (compatible; Googlebot/2.1; +http://www.google.com/bot.html)"
74.7.242.54 - - [08/Jul/2026:08:48:31 -0400] "GET /?_p=226039843 HTTP/1.1" 200 5279 "https://bioredox.cl/sitemap836.xml" "Mozilla/5.0 AppleWebKit/537.36 (KHTML, like Gecko; compatible; GPTBot/1.4; +https://openai.com/gptbot)"
74.7.242.54 - - [08/Jul/2026:08:48:32 -0400] "GET /?_f=029038174 HTTP/1.1" 200 5279 "https://bioredox.cl/sitemap472.xml" "Mozilla/5.0 AppleWebKit/537.36 (KHTML, like Gecko; compatible; GPTBot/1.4; +https://openai.com/gptbot)"
74.7.242.54 - - [08/Jul/2026:08:48:32 -0400] "GET /?_c=279035174 HTTP/1.1" 200 5279 "https://bioredox.cl/sitemap836.xml" "Mozilla/5.0 AppleWebKit/537.36 (KHTML, like Gecko; compatible; GPTBot/1.4; +https://openai.com/gptbot)"
40.77.167.156 - - [08/Jul/2026:08:48:32 -0400] "GET /?2041f326219403.html HTTP/1.1" 200 33 "-" "Mozilla/5.0 AppleWebKit/537.36 (KHTML, like Gecko; compatible; bingbot/2.0; +http://www.bing.com/bingbot.htm) Chrome/116.0.1938.76 Safari/537.36"
40.77.167.156 - - [08/Jul/2026:08:48:32 -0400] "GET /?996e155965003.html HTTP/1.1" 200 33 "-" "Mozilla/5.0 AppleWebKit/537.36 (KHTML, like Gecko; compatible; bingbot/2.0; +http://www.bing.com/bingbot.htm) Chrome/116.0.1938.76 Safari/537.36"
74.7.242.54 - - [08/Jul/2026:08:48:33 -0400] "GET /?_x=296031469 HTTP/1.1" 200 5279 "https://bioredox.cl/sitemap248.xml" "Mozilla/5.0 AppleWebKit/537.36 (KHTML, like Gecko; compatible; GPTBot/1.4; +https://openai.com/gptbot)"
74.7.242.54 - - [08/Jul/2026:08:48:33 -0400] "GET /?_o=275004384 HTTP/1.1" 200 5279 "https://bioredox.cl/sitemap307.xml" "Mozilla/5.0 AppleWebKit/537.36 (KHTML, like Gecko; compatible; GPTBot/1.4; +https://openai.com/gptbot)"
74.7.242.54 - - [08/Jul/2026:08:48:34 -0400] "GET /?_n=136021985 HTTP/1.1" 200 5279 "https://bioredox.cl/sitemap957.xml" "Mozilla/5.0 AppleWebKit/537.36 (KHTML, like Gecko; compatible; GPTBot/1.4; +https://openai.com/gptbot)"
137.174.133.3 - - [08/Jul/2026:08:48:34 -0400] "GET /in/Tratamiento HTTP/1.1" 301 283 "-" "Mozilla/5.0 (Windows NT 10.0; Win64; x64) AppleWebKit/537.36 (KHTML, like Gecko) Chrome/150.0.0.0 Safari/537.36 Edg/150.0.0.0"
74.7.242.54 - - [08/Jul/2026:08:48:34 -0400] "GET /?_g=095046938 HTTP/1.1" 200 5279 "https://bioredox.cl/sitemap852.xml" "Mozilla/5.0 AppleWebKit/537.36 (KHTML, like Gecko; compatible; GPTBot/1.4; +https://openai.com/gptbot)"
136.243.228.177 - - [08/Jul/2026:08:48:35 -0400] "GET /?_r=280013717 HTTP/1.1" 200 5279 "-" "Mozilla/5.0 (compatible; DataForSeoBot/1.0; +https://dataforseo.com/dataforseo-bot)"
74.7.242.54 - - [08/Jul/2026:08:48:35 -0400] "GET /?_z=129048696 HTTP/1.1" 200 5279 "https://bioredox.cl/sitemap472.xml" "Mozilla/5.0 AppleWebKit/537.36 (KHTML, like Gecko; compatible; GPTBot/1.4; +https://openai.com/gptbot)"
74.7.242.54 - - [08/Jul/2026:08:48:35 -0400] "GET /?_d=158034929 HTTP/1.1" 200 5279 "https://bioredox.cl/sitemap689.xml" "Mozilla/5.0 AppleWebKit/537.36 (KHTML, like Gecko; compatible; GPTBot/1.4; +https://openai.com/gptbot)"
74.7.242.54 - - [08/Jul/2026:08:48:36 -0400] "GET /?_l=193042908 HTTP/1.1" 200 5279 "https://bioredox.cl/sitemap957.xml" "Mozilla/5.0 AppleWebKit/537.36 (KHTML, like Gecko; compatible; GPTBot/1.4; +https://openai.com/gptbot)"
74.7.242.54 - - [08/Jul/2026:08:48:37 -0400] "GET /?_n=177032286 HTTP/1.1" 200 5279 "https://bioredox.cl/sitemap861.xml" "Mozilla/5.0 AppleWebKit/537.36 (KHTML, like Gecko; compatible; GPTBot/1.4; +https://openai.com/gptbot)"
137.174.133.3 - - [08/Jul/2026:08:48:37 -0400] "GET /in/Tratamiento/ HTTP/1.1" 302 - "-" "Mozilla/5.0 (Windows NT 10.0; Win64; x64) AppleWebKit/537.36 (KHTML, like Gecko) Chrome/150.0.0.0 Safari/537.36 Edg/150.0.0.0"
74.7.242.54 - - [08/Jul/2026:08:48:37 -0400] "GET /?_z=098034175 HTTP/1.1" 200 5279 "https://bioredox.cl/sitemap472.xml" "Mozilla/5.0 AppleWebKit/537.36 (KHTML, like Gecko; compatible; GPTBot/1.4; +https://openai.com/gptbot)"
74.7.242.54 - - [08/Jul/2026:08:48:38 -0400] "GET /?_b=246021971 HTTP/1.1" 200 5279 "https://bioredox.cl/sitemap307.xml" "Mozilla/5.0 AppleWebKit/537.36 (KHTML, like Gecko; compatible; GPTBot/1.4; +https://openai.com/gptbot)"
74.7.242.54 - - [08/Jul/2026:08:48:38 -0400] "GET /?_k=153042308 HTTP/1.1" 200 5279 "https://bioredox.cl/sitemap307.xml" "Mozilla/5.0 AppleWebKit/537.36 (KHTML, like Gecko; compatible; GPTBot/1.4; +https://openai.com/gptbot)"
66.249.70.2 - - [08/Jul/2026:08:48:37 -0400] "GET /?items/F63621890535/ HTTP/1.1" 200 39750 "-" "Mozilla/5.0 (Linux; Android 6.0.1; Nexus 5X Build/MMB29P) AppleWebKit/537.36 (KHTML, like Gecko) Chrome/150.0.7871.46 Mobile Safari/537.36 (compatible; Googlebot/2.1; +http://www.google.com/bot.html)"
74.7.242.54 - - [08/Jul/2026:08:48:39 -0400] "GET /?_j=257037188 HTTP/1.1" 200 5279 "https://bioredox.cl/sitemap394.xml" "Mozilla/5.0 AppleWebKit/537.36 (KHTML, like Gecko; compatible; GPTBot/1.4; +https://openai.com/gptbot)"
74.7.242.54 - - [08/Jul/2026:08:48:39 -0400] "GET /?_n=285031378 HTTP/1.1" 200 5279 "https://bioredox.cl/sitemap893.xml" "Mozilla/5.0 AppleWebKit/537.36 (KHTML, like Gecko; compatible; GPTBot/1.4; +https://openai.com/gptbot)"
74.7.242.54 - - [08/Jul/2026:08:48:40 -0400] "GET /?_l=129037982 HTTP/1.1" 200 5279 "https://bioredox.cl/sitemap472.xml" "Mozilla/5.0 AppleWebKit/537.36 (KHTML, like Gecko; compatible; GPTBot/1.4; +https://openai.com/gptbot)"
74.7.242.54 - - [08/Jul/2026:08:48:40 -0400] "GET /?_z=260049353 HTTP/1.1" 200 5279 "https://bioredox.cl/sitemap394.xml" "Mozilla/5.0 AppleWebKit/537.36 (KHTML, like Gecko; compatible; GPTBot/1.4; +https://openai.com/gptbot)"
136.243.228.177 - - [08/Jul/2026:08:48:40 -0400] "GET /?_z=144001389 HTTP/1.1" 200 5279 "-" "Mozilla/5.0 (compatible; DataForSeoBot/1.0; +https://dataforseo.com/dataforseo-bot)"
74.7.242.54 - - [08/Jul/2026:08:48:41 -0400] "GET /?_r=231037984 HTTP/1.1" 200 5279 "https://bioredox.cl/sitemap893.xml" "Mozilla/5.0 AppleWebKit/537.36 (KHTML, like Gecko; compatible; GPTBot/1.4; +https://openai.com/gptbot)"
74.7.242.54 - - [08/Jul/2026:08:48:41 -0400] "GET /?_i=217003866 HTTP/1.1" 200 5279 "https://bioredox.cl/sitemap957.xml" "Mozilla/5.0 AppleWebKit/537.36 (KHTML, like Gecko; compatible; GPTBot/1.4; +https://openai.com/gptbot)"
74.7.242.54 - - [08/Jul/2026:08:48:42 -0400] "GET /?_n=294037573 HTTP/1.1" 200 5279 "https://bioredox.cl/sitemap472.xml" "Mozilla/5.0 AppleWebKit/537.36 (KHTML, like Gecko; compatible; GPTBot/1.4; +https://openai.com/gptbot)"
74.7.242.54 - - [08/Jul/2026:08:48:42 -0400] "GET /?_d=129021534 HTTP/1.1" 200 5279 "https://bioredox.cl/sitemap893.xml" "Mozilla/5.0 AppleWebKit/537.36 (KHTML, like Gecko; compatible; GPTBot/1.4; +https://openai.com/gptbot)"
74.7.242.54 - - [08/Jul/2026:08:48:43 -0400] "GET /?_w=025048766 HTTP/1.1" 200 5279 "https://bioredox.cl/sitemap689.xml" "Mozilla/5.0 AppleWebKit/537.36 (KHTML, like Gecko; compatible; GPTBot/1.4; +https://openai.com/gptbot)"
74.7.242.54 - - [08/Jul/2026:08:48:43 -0400] "GET /?_h=086027759 HTTP/1.1" 200 5279 "https://bioredox.cl/sitemap307.xml" "Mozilla/5.0 AppleWebKit/537.36 (KHTML, like Gecko; compatible; GPTBot/1.4; +https://openai.com/gptbot)"
74.7.242.54 - - [08/Jul/2026:08:48:44 -0400] "GET /?_w=127035898 HTTP/1.1" 200 5279 "https://bioredox.cl/sitemap194.xml" "Mozilla/5.0 AppleWebKit/537.36 (KHTML, like Gecko; compatible; GPTBot/1.4; +https://openai.com/gptbot)"
74.7.242.54 - - [08/Jul/2026:08:48:44 -0400] "GET /?_c=051038736 HTTP/1.1" 200 5279 "https://bioredox.cl/sitemap394.xml" "Mozilla/5.0 AppleWebKit/537.36 (KHTML, like Gecko; compatible; GPTBot/1.4; +https://openai.com/gptbot)"
136.243.228.177 - - [08/Jul/2026:08:48:45 -0400] "GET /?_u=120039549 HTTP/1.1" 200 5279 "-" "Mozilla/5.0 (compatible; DataForSeoBot/1.0; +https://dataforseo.com/dataforseo-bot)"
74.7.242.54 - - [08/Jul/2026:08:48:45 -0400] "GET /?_a=058046597 HTTP/1.1" 200 5279 "https://bioredox.cl/sitemap248.xml" "Mozilla/5.0 AppleWebKit/537.36 (KHTML, like Gecko; compatible; GPTBot/1.4; +https://openai.com/gptbot)"
74.7.242.54 - - [08/Jul/2026:08:48:46 -0400] "GET /?_p=259034690 HTTP/1.1" 200 5279 "https://bioredox.cl/sitemap836.xml" "Mozilla/5.0 AppleWebKit/537.36 (KHTML, like Gecko; compatible; GPTBot/1.4; +https://openai.com/gptbot)"
74.7.242.54 - - [08/Jul/2026:08:48:46 -0400] "GET /?_a=064013897 HTTP/1.1" 200 5279 "https://bioredox.cl/sitemap248.xml" "Mozilla/5.0 AppleWebKit/537.36 (KHTML, like Gecko; compatible; GPTBot/1.4; +https://openai.com/gptbot)"
74.7.242.54 - - [08/Jul/2026:08:48:47 -0400] "GET /?_b=038015869 HTTP/1.1" 200 5279 "https://bioredox.cl/sitemap307.xml" "Mozilla/5.0 AppleWebKit/537.36 (KHTML, like Gecko; compatible; GPTBot/1.4; +https://openai.com/gptbot)"
74.7.242.54 - - [08/Jul/2026:08:48:47 -0400] "GET /?_d=238043469 HTTP/1.1" 200 5279 "https://bioredox.cl/sitemap836.xml" "Mozilla/5.0 AppleWebKit/537.36 (KHTML, like Gecko; compatible; GPTBot/1.4; +https://openai.com/gptbot)"
66.249.70.2 - - [08/Jul/2026:08:48:45 -0400] "GET /?items/U6360547600/ HTTP/1.1" 200 40550 "-" "Mozilla/5.0 (Linux; Android 6.0.1; Nexus 5X Build/MMB29P) AppleWebKit/537.36 (KHTML, like Gecko) Chrome/150.0.7871.46 Mobile Safari/537.36 (compatible; Googlebot/2.1; +http://www.google.com/bot.html)"
74.7.242.54 - - [08/Jul/2026:08:48:48 -0400] "GET /?_q=108034217 HTTP/1.1" 200 5279 "https://bioredox.cl/sitemap472.xml" "Mozilla/5.0 AppleWebKit/537.36 (KHTML, like Gecko; compatible; GPTBot/1.4; +https://openai.com/gptbot)"
74.7.242.54 - - [08/Jul/2026:08:48:48 -0400] "GET /?_g=041038916 HTTP/1.1" 200 5279 "https://bioredox.cl/sitemap893.xml" "Mozilla/5.0 AppleWebKit/537.36 (KHTML, like Gecko; compatible; GPTBot/1.4; +https://openai.com/gptbot)"
74.7.242.54 - - [08/Jul/2026:08:48:49 -0400] "GET /?_j=185045278 HTTP/1.1" 200 5279 "https://bioredox.cl/sitemap689.xml" "Mozilla/5.0 AppleWebKit/537.36 (KHTML, like Gecko; compatible; GPTBot/1.4; +https://openai.com/gptbot)"
136.243.228.177 - - [08/Jul/2026:08:48:49 -0400] "GET /?_u=293013466 HTTP/1.1" 200 5279 "-" "Mozilla/5.0 (compatible; DataForSeoBot/1.0; +https://dataforseo.com/dataforseo-bot)"
74.7.242.54 - - [08/Jul/2026:08:48:49 -0400] "GET /?_b=102036559 HTTP/1.1" 200 5279 "https://bioredox.cl/sitemap836.xml" "Mozilla/5.0 AppleWebKit/537.36 (KHTML, like Gecko; compatible; GPTBot/1.4; +https://openai.com/gptbot)"
74.7.242.54 - - [08/Jul/2026:08:48:50 -0400] "GET /?_t=178003693 HTTP/1.1" 200 5279 "https://bioredox.cl/sitemap248.xml" "Mozilla/5.0 AppleWebKit/537.36 (KHTML, like Gecko; compatible; GPTBot/1.4; +https://openai.com/gptbot)"
74.7.242.54 - - [08/Jul/2026:08:48:50 -0400] "GET /?_x=147027830 HTTP/1.1" 200 5279 "https://bioredox.cl/sitemap852.xml" "Mozilla/5.0 AppleWebKit/537.36 (KHTML, like Gecko; compatible; GPTBot/1.4; +https://openai.com/gptbot)"
137.174.133.3 - - [08/Jul/2026:08:48:51 -0400] "GET /in/Tratamiento/ HTTP/1.1" 302 - "-" "Mozilla/5.0 (Windows NT 10.0; Win64; x64) AppleWebKit/537.36 (KHTML, like Gecko) Chrome/150.0.0.0 Safari/537.36 Edg/150.0.0.0"
74.7.242.54 - - [08/Jul/2026:08:48:51 -0400] "GET /?_b=238025517 HTTP/1.1" 200 5279 "https://bioredox.cl/sitemap836.xml" "Mozilla/5.0 AppleWebKit/537.36 (KHTML, like Gecko; compatible; GPTBot/1.4; +https://openai.com/gptbot)"
74.7.242.54 - - [08/Jul/2026:08:48:51 -0400] "GET /?_o=245047356 HTTP/1.1" 200 5279 "https://bioredox.cl/sitemap836.xml" "Mozilla/5.0 AppleWebKit/537.36 (KHTML, like Gecko; compatible; GPTBot/1.4; +https://openai.com/gptbot)"
74.7.242.54 - - [08/Jul/2026:08:48:52 -0400] "GET /?_z=241006278 HTTP/1.1" 200 5279 "https://bioredox.cl/sitemap307.xml" "Mozilla/5.0 AppleWebKit/537.36 (KHTML, like Gecko; compatible; GPTBot/1.4; +https://openai.com/gptbot)"
66.249.70.2 - - [08/Jul/2026:08:48:51 -0400] "GET /?items/V63621936208/ HTTP/1.1" 200 40159 "-" "Mozilla/5.0 (Linux; Android 6.0.1; Nexus 5X Build/MMB29P) AppleWebKit/537.36 (KHTML, like Gecko) Chrome/150.0.7871.46 Mobile Safari/537.36 (compatible; Googlebot/2.1; +http://www.google.com/bot.html)"
74.7.242.54 - - [08/Jul/2026:08:48:52 -0400] "GET /?_m=195035372 HTTP/1.1" 200 5279 "https://bioredox.cl/sitemap836.xml" "Mozilla/5.0 AppleWebKit/537.36 (KHTML, like Gecko; compatible; GPTBot/1.4; +https://openai.com/gptbot)"
74.7.242.54 - - [08/Jul/2026:08:48:53 -0400] "GET /?_z=256031579 HTTP/1.1" 200 5279 "https://bioredox.cl/sitemap861.xml" "Mozilla/5.0 AppleWebKit/537.36 (KHTML, like Gecko; compatible; GPTBot/1.4; +https://openai.com/gptbot)"
74.7.242.54 - - [08/Jul/2026:08:48:53 -0400] "GET /?_p=208013749 HTTP/1.1" 200 5279 "https://bioredox.cl/sitemap194.xml" "Mozilla/5.0 AppleWebKit/537.36 (KHTML, like Gecko; compatible; GPTBot/1.4; +https://openai.com/gptbot)"
74.7.242.54 - - [08/Jul/2026:08:48:54 -0400] "GET /?_p=042047591 HTTP/1.1" 200 5279 "https://bioredox.cl/sitemap836.xml" "Mozilla/5.0 AppleWebKit/537.36 (KHTML, like Gecko; compatible; GPTBot/1.4; +https://openai.com/gptbot)"
74.7.242.54 - - [08/Jul/2026:08:48:54 -0400] "GET /?_v=165034212 HTTP/1.1" 200 5279 "https://bioredox.cl/sitemap394.xml" "Mozilla/5.0 AppleWebKit/537.36 (KHTML, like Gecko; compatible; GPTBot/1.4; +https://openai.com/gptbot)"
74.7.242.54 - - [08/Jul/2026:08:48:55 -0400] "GET /?_b=142005293 HTTP/1.1" 200 5279 "https://bioredox.cl/sitemap307.xml" "Mozilla/5.0 AppleWebKit/537.36 (KHTML, like Gecko; compatible; GPTBot/1.4; +https://openai.com/gptbot)"
136.243.228.177 - - [08/Jul/2026:08:48:55 -0400] "GET /?_r=264007553 HTTP/1.1" 200 5279 "-" "Mozilla/5.0 (compatible; DataForSeoBot/1.0; +https://dataforseo.com/dataforseo-bot)"
74.7.242.54 - - [08/Jul/2026:08:48:56 -0400] "GET /?_k=084031859 HTTP/1.1" 200 5279 "https://bioredox.cl/sitemap852.xml" "Mozilla/5.0 AppleWebKit/537.36 (KHTML, like Gecko; compatible; GPTBot/1.4; +https://openai.com/gptbot)"
74.7.242.54 - - [08/Jul/2026:08:48:56 -0400] "GET /?_f=065015328 HTTP/1.1" 200 5279 "https://bioredox.cl/sitemap472.xml" "Mozilla/5.0 AppleWebKit/537.36 (KHTML, like Gecko; compatible; GPTBot/1.4; +https://openai.com/gptbot)"
74.7.242.54 - - [08/Jul/2026:08:48:57 -0400] "GET /?_n=297046142 HTTP/1.1" 200 5279 "https://bioredox.cl/sitemap852.xml" "Mozilla/5.0 AppleWebKit/537.36 (KHTML, like Gecko; compatible; GPTBot/1.4; +https://openai.com/gptbot)"
74.7.242.54 - - [08/Jul/2026:08:48:57 -0400] "GET /?_g=201045862 HTTP/1.1" 200 5279 "https://bioredox.cl/sitemap836.xml" "Mozilla/5.0 AppleWebKit/537.36 (KHTML, like Gecko; compatible; GPTBot/1.4; +https://openai.com/gptbot)"
74.7.242.54 - - [08/Jul/2026:08:48:58 -0400] "GET /?_t=015026832 HTTP/1.1" 200 5279 "https://bioredox.cl/sitemap472.xml" "Mozilla/5.0 AppleWebKit/537.36 (KHTML, like Gecko; compatible; GPTBot/1.4; +https://openai.com/gptbot)"
74.7.242.54 - - [08/Jul/2026:08:48:58 -0400] "GET /?_c=182035753 HTTP/1.1" 200 5279 "https://bioredox.cl/sitemap472.xml" "Mozilla/5.0 AppleWebKit/537.36 (KHTML, like Gecko; compatible; GPTBot/1.4; +https://openai.com/gptbot)"
74.7.242.54 - - [08/Jul/2026:08:48:59 -0400] "GET /?_m=249023136 HTTP/1.1" 200 5279 "https://bioredox.cl/sitemap394.xml" "Mozilla/5.0 AppleWebKit/537.36 (KHTML, like Gecko; compatible; GPTBot/1.4; +https://openai.com/gptbot)"
74.7.242.54 - - [08/Jul/2026:08:48:59 -0400] "GET /?_l=262019147 HTTP/1.1" 200 5279 "https://bioredox.cl/sitemap248.xml" "Mozilla/5.0 AppleWebKit/537.36 (KHTML, like Gecko; compatible; GPTBot/1.4; +https://openai.com/gptbot)"
66.249.70.1 - - [08/Jul/2026:08:48:58 -0400] "GET /?items/L63632434471/ HTTP/1.1" 200 42208 "-" "Mozilla/5.0 (Linux; Android 6.0.1; Nexus 5X Build/MMB29P) AppleWebKit/537.36 (KHTML, like Gecko) Chrome/150.0.7871.46 Mobile Safari/537.36 (compatible; Googlebot/2.1; +http://www.google.com/bot.html)"
136.243.228.177 - - [08/Jul/2026:08:48:59 -0400] "GET /commoditys/026029508 HTTP/1.1" 200 5279 "-" "Mozilla/5.0 (compatible; DataForSeoBot/1.0; +https://dataforseo.com/dataforseo-bot)"
74.7.242.54 - - [08/Jul/2026:08:49:00 -0400] "GET /?_g=156049775 HTTP/1.1" 200 5279 "https://bioredox.cl/sitemap893.xml" "Mozilla/5.0 AppleWebKit/537.36 (KHTML, like Gecko; compatible; GPTBot/1.4; +https://openai.com/gptbot)"
74.7.242.54 - - [08/Jul/2026:08:49:00 -0400] "GET /?_j=071036924 HTTP/1.1" 200 5279 "https://bioredox.cl/sitemap394.xml" "Mozilla/5.0 AppleWebKit/537.36 (KHTML, like Gecko; compatible; GPTBot/1.4; +https://openai.com/gptbot)"
74.7.242.54 - - [08/Jul/2026:08:49:01 -0400] "GET /?_w=287049152 HTTP/1.1" 200 5279 "https://bioredox.cl/sitemap893.xml" "Mozilla/5.0 AppleWebKit/537.36 (KHTML, like Gecko; compatible; GPTBot/1.4; +https://openai.com/gptbot)"
114.119.131.232 - - [08/Jul/2026:08:49:01 -0400] "GET /commoditys/239029415 HTTP/1.1" 200 5279 "https://bioredox.cl/?sitemap817.xml" "Mozilla/5.0 (Linux; Android 7.0;) AppleWebKit/537.36 (HTML, like Gecko) Mobile Safari/537.36 (compatible; PetalBot;+https://webmaster.petalsearch.com/site/petalbot)"
74.7.242.54 - - [08/Jul/2026:08:49:01 -0400] "GET /?_j=173014628 HTTP/1.1" 200 5279 "https://bioredox.cl/sitemap893.xml" "Mozilla/5.0 AppleWebKit/537.36 (KHTML, like Gecko; compatible; GPTBot/1.4; +https://openai.com/gptbot)"
74.7.242.54 - - [08/Jul/2026:08:49:02 -0400] "GET /?_j=064018377 HTTP/1.1" 200 5279 "https://bioredox.cl/sitemap248.xml" "Mozilla/5.0 AppleWebKit/537.36 (KHTML, like Gecko; compatible; GPTBot/1.4; +https://openai.com/gptbot)"
74.7.242.54 - - [08/Jul/2026:08:49:02 -0400] "GET /?_l=268039659 HTTP/1.1" 200 5279 "https://bioredox.cl/sitemap472.xml" "Mozilla/5.0 AppleWebKit/537.36 (KHTML, like Gecko; compatible; GPTBot/1.4; +https://openai.com/gptbot)"
74.7.242.54 - - [08/Jul/2026:08:49:03 -0400] "GET /?_q=125034764 HTTP/1.1" 200 5279 "https://bioredox.cl/sitemap472.xml" "Mozilla/5.0 AppleWebKit/537.36 (KHTML, like Gecko; compatible; GPTBot/1.4; +https://openai.com/gptbot)"
74.7.242.54 - - [08/Jul/2026:08:49:03 -0400] "GET /?_v=234031465 HTTP/1.1" 200 5279 "https://bioredox.cl/sitemap689.xml" "Mozilla/5.0 AppleWebKit/537.36 (KHTML, like Gecko; compatible; GPTBot/1.4; +https://openai.com/gptbot)"
136.243.228.177 - - [08/Jul/2026:08:49:04 -0400] "GET /?_x=265041168 HTTP/1.1" 200 5279 "-" "Mozilla/5.0 (compatible; DataForSeoBot/1.0; +https://dataforseo.com/dataforseo-bot)"
74.7.242.54 - - [08/Jul/2026:08:49:04 -0400] "GET /?_t=125043394 HTTP/1.1" 200 5279 "https://bioredox.cl/sitemap689.xml" "Mozilla/5.0 AppleWebKit/537.36 (KHTML, like Gecko; compatible; GPTBot/1.4; +https://openai.com/gptbot)"
66.249.70.1 - - [08/Jul/2026:08:49:04 -0400] "GET /?items/B63642512475/ HTTP/1.1" 200 39988 "-" "Mozilla/5.0 (Linux; Android 6.0.1; Nexus 5X Build/MMB29P) AppleWebKit/537.36 (KHTML, like Gecko) Chrome/150.0.7871.46 Mobile Safari/537.36 (compatible; Googlebot/2.1; +http://www.google.com/bot.html)"
74.7.242.54 - - [08/Jul/2026:08:49:04 -0400] "GET /?_k=187036582 HTTP/1.1" 200 5279 "https://bioredox.cl/sitemap957.xml" "Mozilla/5.0 AppleWebKit/537.36 (KHTML, like Gecko; compatible; GPTBot/1.4; +https://openai.com/gptbot)"
74.7.242.54 - - [08/Jul/2026:08:49:05 -0400] "GET /?_a=262038485 HTTP/1.1" 200 5279 "https://bioredox.cl/sitemap307.xml" "Mozilla/5.0 AppleWebKit/537.36 (KHTML, like Gecko; compatible; GPTBot/1.4; +https://openai.com/gptbot)"
74.7.242.54 - - [08/Jul/2026:08:49:06 -0400] "GET /?_m=259018664 HTTP/1.1" 200 5279 "https://bioredox.cl/sitemap194.xml" "Mozilla/5.0 AppleWebKit/537.36 (KHTML, like Gecko; compatible; GPTBot/1.4; +https://openai.com/gptbot)"
74.7.242.54 - - [08/Jul/2026:08:49:06 -0400] "GET /?_k=277015236 HTTP/1.1" 200 5279 "https://bioredox.cl/sitemap194.xml" "Mozilla/5.0 AppleWebKit/537.36 (KHTML, like Gecko; compatible; GPTBot/1.4; +https://openai.com/gptbot)"
74.7.242.54 - - [08/Jul/2026:08:49:07 -0400] "GET /?_x=244015635 HTTP/1.1" 200 5279 "https://bioredox.cl/sitemap836.xml" "Mozilla/5.0 AppleWebKit/537.36 (KHTML, like Gecko; compatible; GPTBot/1.4; +https://openai.com/gptbot)"
74.7.242.54 - - [08/Jul/2026:08:49:07 -0400] "GET /?_q=237002946 HTTP/1.1" 200 5279 "https://bioredox.cl/sitemap307.xml" "Mozilla/5.0 AppleWebKit/537.36 (KHTML, like Gecko; compatible; GPTBot/1.4; +https://openai.com/gptbot)"
74.7.242.54 - - [08/Jul/2026:08:49:08 -0400] "GET /?_v=287023056 HTTP/1.1" 200 5279 "https://bioredox.cl/sitemap836.xml" "Mozilla/5.0 AppleWebKit/537.36 (KHTML, like Gecko; compatible; GPTBot/1.4; +https://openai.com/gptbot)"
74.7.242.54 - - [08/Jul/2026:08:49:08 -0400] "GET /?_g=162028539 HTTP/1.1" 200 5279 "https://bioredox.cl/sitemap394.xml" "Mozilla/5.0 AppleWebKit/537.36 (KHTML, like Gecko; compatible; GPTBot/1.4; +https://openai.com/gptbot)"
74.7.242.54 - - [08/Jul/2026:08:49:09 -0400] "GET /?_k=241013928 HTTP/1.1" 200 5279 "https://bioredox.cl/sitemap836.xml" "Mozilla/5.0 AppleWebKit/537.36 (KHTML, like Gecko; compatible; GPTBot/1.4; +https://openai.com/gptbot)"
136.243.228.177 - - [08/Jul/2026:08:49:09 -0400] "GET /commoditys/109027461 HTTP/1.1" 200 5279 "-" "Mozilla/5.0 (compatible; DataForSeoBot/1.0; +https://dataforseo.com/dataforseo-bot)"
74.7.242.54 - - [08/Jul/2026:08:49:09 -0400] "GET /?_q=048012653 HTTP/1.1" 200 5279 "https://bioredox.cl/sitemap472.xml" "Mozilla/5.0 AppleWebKit/537.36 (KHTML, like Gecko; compatible; GPTBot/1.4; +https://openai.com/gptbot)"
74.7.242.54 - - [08/Jul/2026:08:49:10 -0400] "GET /?_h=219006382 HTTP/1.1" 200 5279 "https://bioredox.cl/sitemap852.xml" "Mozilla/5.0 AppleWebKit/537.36 (KHTML, like Gecko; compatible; GPTBot/1.4; +https://openai.com/gptbot)"
74.7.242.54 - - [08/Jul/2026:08:49:10 -0400] "GET /?_v=213027858 HTTP/1.1" 200 5279 "https://bioredox.cl/sitemap194.xml" "Mozilla/5.0 AppleWebKit/537.36 (KHTML, like Gecko; compatible; GPTBot/1.4; +https://openai.com/gptbot)"
74.7.242.54 - - [08/Jul/2026:08:49:11 -0400] "GET /?_r=261009532 HTTP/1.1" 200 5279 "https://bioredox.cl/sitemap852.xml" "Mozilla/5.0 AppleWebKit/537.36 (KHTML, like Gecko; compatible; GPTBot/1.4; +https://openai.com/gptbot)"
74.7.242.54 - - [08/Jul/2026:08:49:11 -0400] "GET /?_u=197036904 HTTP/1.1" 200 5279 "https://bioredox.cl/sitemap307.xml" "Mozilla/5.0 AppleWebKit/537.36 (KHTML, like Gecko; compatible; GPTBot/1.4; +https://openai.com/gptbot)"
74.7.242.54 - - [08/Jul/2026:08:49:12 -0400] "GET /?_x=155042806 HTTP/1.1" 200 5279 "https://bioredox.cl/sitemap394.xml" "Mozilla/5.0 AppleWebKit/537.36 (KHTML, like Gecko; compatible; GPTBot/1.4; +https://openai.com/gptbot)"
74.7.242.54 - - [08/Jul/2026:08:49:12 -0400] "GET /?_v=272039181 HTTP/1.1" 200 5279 "https://bioredox.cl/sitemap893.xml" "Mozilla/5.0 AppleWebKit/537.36 (KHTML, like Gecko; compatible; GPTBot/1.4; +https://openai.com/gptbot)"
74.7.242.54 - - [08/Jul/2026:08:49:13 -0400] "GET /?_s=132013487 HTTP/1.1" 200 5279 "https://bioredox.cl/sitemap861.xml" "Mozilla/5.0 AppleWebKit/537.36 (KHTML, like Gecko; compatible; GPTBot/1.4; +https://openai.com/gptbot)"
74.7.242.54 - - [08/Jul/2026:08:49:13 -0400] "GET /?_m=198033795 HTTP/1.1" 200 5279 "https://bioredox.cl/sitemap472.xml" "Mozilla/5.0 AppleWebKit/537.36 (KHTML, like Gecko; compatible; GPTBot/1.4; +https://openai.com/gptbot)"
74.7.242.54 - - [08/Jul/2026:08:49:14 -0400] "GET /?_g=130018627 HTTP/1.1" 200 5279 "https://bioredox.cl/sitemap861.xml" "Mozilla/5.0 AppleWebKit/537.36 (KHTML, like Gecko; compatible; GPTBot/1.4; +https://openai.com/gptbot)"
74.7.242.54 - - [08/Jul/2026:08:49:15 -0400] "GET /?_z=109034568 HTTP/1.1" 200 5279 "https://bioredox.cl/sitemap689.xml" "Mozilla/5.0 AppleWebKit/537.36 (KHTML, like Gecko; compatible; GPTBot/1.4; +https://openai.com/gptbot)"
74.7.242.54 - - [08/Jul/2026:08:49:15 -0400] "GET /?_z=258041949 HTTP/1.1" 200 5279 "https://bioredox.cl/sitemap893.xml" "Mozilla/5.0 AppleWebKit/537.36 (KHTML, like Gecko; compatible; GPTBot/1.4; +https://openai.com/gptbot)"
74.7.242.54 - - [08/Jul/2026:08:49:16 -0400] "GET /?_z=191002384 HTTP/1.1" 200 5279 "https://bioredox.cl/sitemap689.xml" "Mozilla/5.0 AppleWebKit/537.36 (KHTML, like Gecko; compatible; GPTBot/1.4; +https://openai.com/gptbot)"
136.243.228.177 - - [08/Jul/2026:08:49:16 -0400] "GET /?_m=124023433 HTTP/1.1" 200 5279 "-" "Mozilla/5.0 (compatible; DataForSeoBot/1.0; +https://dataforseo.com/dataforseo-bot)"
74.7.242.54 - - [08/Jul/2026:08:49:16 -0400] "GET /?_q=293001618 HTTP/1.1" 200 5279 "https://bioredox.cl/sitemap893.xml" "Mozilla/5.0 AppleWebKit/537.36 (KHTML, like Gecko; compatible; GPTBot/1.4; +https://openai.com/gptbot)"
66.249.70.1 - - [08/Jul/2026:08:49:16 -0400] "GET /?items/X63611429521/ HTTP/1.1" 200 39656 "-" "Mozilla/5.0 (Linux; Android 6.0.1; Nexus 5X Build/MMB29P) AppleWebKit/537.36 (KHTML, like Gecko) Chrome/150.0.7871.46 Mobile Safari/537.36 (compatible; Googlebot/2.1; +http://www.google.com/bot.html)"
74.7.242.54 - - [08/Jul/2026:08:49:17 -0400] "GET /?_p=017023786 HTTP/1.1" 200 5279 "https://bioredox.cl/sitemap957.xml" "Mozilla/5.0 AppleWebKit/537.36 (KHTML, like Gecko; compatible; GPTBot/1.4; +https://openai.com/gptbot)"
74.7.242.54 - - [08/Jul/2026:08:49:17 -0400] "GET /?_r=151034876 HTTP/1.1" 200 5279 "https://bioredox.cl/sitemap307.xml" "Mozilla/5.0 AppleWebKit/537.36 (KHTML, like Gecko; compatible; GPTBot/1.4; +https://openai.com/gptbot)"
74.7.242.54 - - [08/Jul/2026:08:49:18 -0400] "GET /?_u=182031405 HTTP/1.1" 200 5279 "https://bioredox.cl/sitemap394.xml" "Mozilla/5.0 AppleWebKit/537.36 (KHTML, like Gecko; compatible; GPTBot/1.4; +https://openai.com/gptbot)"
74.7.242.54 - - [08/Jul/2026:08:49:18 -0400] "GET /?_s=213037054 HTTP/1.1" 200 5279 "https://bioredox.cl/sitemap689.xml" "Mozilla/5.0 AppleWebKit/537.36 (KHTML, like Gecko; compatible; GPTBot/1.4; +https://openai.com/gptbot)"
74.7.242.54 - - [08/Jul/2026:08:49:19 -0400] "GET /?_d=215038406 HTTP/1.1" 200 5279 "https://bioredox.cl/sitemap957.xml" "Mozilla/5.0 AppleWebKit/537.36 (KHTML, like Gecko; compatible; GPTBot/1.4; +https://openai.com/gptbot)"
74.7.242.54 - - [08/Jul/2026:08:49:19 -0400] "GET /?_u=283017748 HTTP/1.1" 200 5279 "https://bioredox.cl/sitemap852.xml" "Mozilla/5.0 AppleWebKit/537.36 (KHTML, like Gecko; compatible; GPTBot/1.4; +https://openai.com/gptbot)"
74.7.242.54 - - [08/Jul/2026:08:49:20 -0400] "GET /?_t=137009458 HTTP/1.1" 200 5279 "https://bioredox.cl/sitemap394.xml" "Mozilla/5.0 AppleWebKit/537.36 (KHTML, like Gecko; compatible; GPTBot/1.4; +https://openai.com/gptbot)"
74.7.242.54 - - [08/Jul/2026:08:49:20 -0400] "GET /?_e=046037279 HTTP/1.1" 200 5279 "https://bioredox.cl/sitemap248.xml" "Mozilla/5.0 AppleWebKit/537.36 (KHTML, like Gecko; compatible; GPTBot/1.4; +https://openai.com/gptbot)"
74.7.242.54 - - [08/Jul/2026:08:49:21 -0400] "GET /?_e=078023161 HTTP/1.1" 200 5279 "https://bioredox.cl/sitemap248.xml" "Mozilla/5.0 AppleWebKit/537.36 (KHTML, like Gecko; compatible; GPTBot/1.4; +https://openai.com/gptbot)"
74.7.242.54 - - [08/Jul/2026:08:49:21 -0400] "GET /?_w=131002974 HTTP/1.1" 200 5279 "https://bioredox.cl/sitemap394.xml" "Mozilla/5.0 AppleWebKit/537.36 (KHTML, like Gecko; compatible; GPTBot/1.4; +https://openai.com/gptbot)"
74.7.242.54 - - [08/Jul/2026:08:49:22 -0400] "GET /?_x=146033595 HTTP/1.1" 200 5279 "https://bioredox.cl/sitemap472.xml" "Mozilla/5.0 AppleWebKit/537.36 (KHTML, like Gecko; compatible; GPTBot/1.4; +https://openai.com/gptbot)"
74.7.242.54 - - [08/Jul/2026:08:49:22 -0400] "GET /?_q=256014199 HTTP/1.1" 200 5279 "https://bioredox.cl/sitemap307.xml" "Mozilla/5.0 AppleWebKit/537.36 (KHTML, like Gecko; compatible; GPTBot/1.4; +https://openai.com/gptbot)"
74.7.242.54 - - [08/Jul/2026:08:49:23 -0400] "GET /?_n=254038487 HTTP/1.1" 200 5279 "https://bioredox.cl/sitemap472.xml" "Mozilla/5.0 AppleWebKit/537.36 (KHTML, like Gecko; compatible; GPTBot/1.4; +https://openai.com/gptbot)"
136.243.228.177 - - [08/Jul/2026:08:49:23 -0400] "GET /commoditys/009005915 HTTP/1.1" 200 5279 "-" "Mozilla/5.0 (compatible; DataForSeoBot/1.0; +https://dataforseo.com/dataforseo-bot)"
74.7.242.54 - - [08/Jul/2026:08:49:23 -0400] "GET /?_k=285047296 HTTP/1.1" 200 5279 "https://bioredox.cl/sitemap836.xml" "Mozilla/5.0 AppleWebKit/537.36 (KHTML, like Gecko; compatible; GPTBot/1.4; +https://openai.com/gptbot)"
74.7.242.54 - - [08/Jul/2026:08:49:24 -0400] "GET /?_t=258038249 HTTP/1.1" 200 5279 "https://bioredox.cl/sitemap957.xml" "Mozilla/5.0 AppleWebKit/537.36 (KHTML, like Gecko; compatible; GPTBot/1.4; +https://openai.com/gptbot)"
74.7.242.54 - - [08/Jul/2026:08:49:24 -0400] "GET /?_m=079043188 HTTP/1.1" 200 5279 "https://bioredox.cl/sitemap861.xml" "Mozilla/5.0 AppleWebKit/537.36 (KHTML, like Gecko; compatible; GPTBot/1.4; +https://openai.com/gptbot)"
74.7.242.54 - - [08/Jul/2026:08:49:25 -0400] "GET /?_f=237016096 HTTP/1.1" 200 5279 "https://bioredox.cl/sitemap689.xml" "Mozilla/5.0 AppleWebKit/537.36 (KHTML, like Gecko; compatible; GPTBot/1.4; +https://openai.com/gptbot)"
74.7.242.54 - - [08/Jul/2026:08:49:26 -0400] "GET /?_o=065034762 HTTP/1.1" 200 5279 "https://bioredox.cl/sitemap957.xml" "Mozilla/5.0 AppleWebKit/537.36 (KHTML, like Gecko; compatible; GPTBot/1.4; +https://openai.com/gptbot)"
66.249.70.1 - - [08/Jul/2026:08:49:25 -0400] "GET /?items/I63611205816/ HTTP/1.1" 200 39721 "-" "Mozilla/5.0 (Linux; Android 6.0.1; Nexus 5X Build/MMB29P) AppleWebKit/537.36 (KHTML, like Gecko) Chrome/150.0.7871.46 Mobile Safari/537.36 (compatible; Googlebot/2.1; +http://www.google.com/bot.html)"
74.7.242.54 - - [08/Jul/2026:08:49:26 -0400] "GET /?_f=264007541 HTTP/1.1" 200 5279 "https://bioredox.cl/sitemap307.xml" "Mozilla/5.0 AppleWebKit/537.36 (KHTML, like Gecko; compatible; GPTBot/1.4; +https://openai.com/gptbot)"
74.7.242.54 - - [08/Jul/2026:08:49:27 -0400] "GET /?_l=159047568 HTTP/1.1" 200 5279 "https://bioredox.cl/sitemap957.xml" "Mozilla/5.0 AppleWebKit/537.36 (KHTML, like Gecko; compatible; GPTBot/1.4; +https://openai.com/gptbot)"
74.7.242.54 - - [08/Jul/2026:08:49:27 -0400] "GET /?_l=113029852 HTTP/1.1" 200 5279 "https://bioredox.cl/sitemap852.xml" "Mozilla/5.0 AppleWebKit/537.36 (KHTML, like Gecko; compatible; GPTBot/1.4; +https://openai.com/gptbot)"
74.7.242.54 - - [08/Jul/2026:08:49:28 -0400] "GET /?_j=130045985 HTTP/1.1" 200 5279 "https://bioredox.cl/sitemap957.xml" "Mozilla/5.0 AppleWebKit/537.36 (KHTML, like Gecko; compatible; GPTBot/1.4; +https://openai.com/gptbot)"
74.7.242.54 - - [08/Jul/2026:08:49:28 -0400] "GET /?_z=169022744 HTTP/1.1" 200 5279 "https://bioredox.cl/sitemap248.xml" "Mozilla/5.0 AppleWebKit/537.36 (KHTML, like Gecko; compatible; GPTBot/1.4; +https://openai.com/gptbot)"
74.7.242.54 - - [08/Jul/2026:08:49:29 -0400] "GET /?_z=113028678 HTTP/1.1" 200 5279 "https://bioredox.cl/sitemap248.xml" "Mozilla/5.0 AppleWebKit/537.36 (KHTML, like Gecko; compatible; GPTBot/1.4; +https://openai.com/gptbot)"
185.240.16.36 - - [08/Jul/2026:08:49:29 -0400] "GET /items/B636468731437/ HTTP/1.1" 200 5279 "-" "Mozilla/5.0 (Macintosh; Intel Mac OS X 10_15_7) AppleWebKit/537.36 (KHTML, like Gecko) Chrome/119.0.0.0 Safari/537.36"
74.7.242.54 - - [08/Jul/2026:08:49:29 -0400] "GET /?_h=296026453 HTTP/1.1" 200 5279 "https://bioredox.cl/sitemap689.xml" "Mozilla/5.0 AppleWebKit/537.36 (KHTML, like Gecko; compatible; GPTBot/1.4; +https://openai.com/gptbot)"
74.7.242.54 - - [08/Jul/2026:08:49:30 -0400] "GET /?_q=186007437 HTTP/1.1" 200 5279 "https://bioredox.cl/sitemap307.xml" "Mozilla/5.0 AppleWebKit/537.36 (KHTML, like Gecko; compatible; GPTBot/1.4; +https://openai.com/gptbot)"
136.243.228.177 - - [08/Jul/2026:08:49:30 -0400] "GET /commoditys/117030075 HTTP/1.1" 200 5279 "-" "Mozilla/5.0 (compatible; DataForSeoBot/1.0; +https://dataforseo.com/dataforseo-bot)"
74.7.242.54 - - [08/Jul/2026:08:49:30 -0400] "GET /?_m=294027617 HTTP/1.1" 200 5279 "https://bioredox.cl/sitemap689.xml" "Mozilla/5.0 AppleWebKit/537.36 (KHTML, like Gecko; compatible; GPTBot/1.4; +https://openai.com/gptbot)"
74.7.242.54 - - [08/Jul/2026:08:49:31 -0400] "GET /?_a=241006594 HTTP/1.1" 200 5279 "https://bioredox.cl/sitemap689.xml" "Mozilla/5.0 AppleWebKit/537.36 (KHTML, like Gecko; compatible; GPTBot/1.4; +https://openai.com/gptbot)"
74.7.242.54 - - [08/Jul/2026:08:49:31 -0400] "GET /?_u=147023364 HTTP/1.1" 200 5279 "https://bioredox.cl/sitemap893.xml" "Mozilla/5.0 AppleWebKit/537.36 (KHTML, like Gecko; compatible; GPTBot/1.4; +https://openai.com/gptbot)"
74.7.242.54 - - [08/Jul/2026:08:49:32 -0400] "GET /?_e=135047380 HTTP/1.1" 200 5279 "https://bioredox.cl/sitemap194.xml" "Mozilla/5.0 AppleWebKit/537.36 (KHTML, like Gecko; compatible; GPTBot/1.4; +https://openai.com/gptbot)"
74.7.242.54 - - [08/Jul/2026:08:49:32 -0400] "GET /?_d=072026849 HTTP/1.1" 200 5279 "https://bioredox.cl/sitemap394.xml" "Mozilla/5.0 AppleWebKit/537.36 (KHTML, like Gecko; compatible; GPTBot/1.4; +https://openai.com/gptbot)"
74.7.242.54 - - [08/Jul/2026:08:49:33 -0400] "GET /?_t=079026594 HTTP/1.1" 200 5279 "https://bioredox.cl/sitemap893.xml" "Mozilla/5.0 AppleWebKit/537.36 (KHTML, like Gecko; compatible; GPTBot/1.4; +https://openai.com/gptbot)"
74.7.242.54 - - [08/Jul/2026:08:49:33 -0400] "GET /?_f=198045319 HTTP/1.1" 200 5279 "https://bioredox.cl/sitemap194.xml" "Mozilla/5.0 AppleWebKit/537.36 (KHTML, like Gecko; compatible; GPTBot/1.4; +https://openai.com/gptbot)"
74.7.242.54 - - [08/Jul/2026:08:49:34 -0400] "GET /?_f=119028956 HTTP/1.1" 200 5279 "https://bioredox.cl/sitemap307.xml" "Mozilla/5.0 AppleWebKit/537.36 (KHTML, like Gecko; compatible; GPTBot/1.4; +https://openai.com/gptbot)"
66.249.70.1 - - [08/Jul/2026:08:49:34 -0400] "GET /?items/D6360599466/ HTTP/1.1" 200 39452 "-" "Mozilla/5.0 (Linux; Android 6.0.1; Nexus 5X Build/MMB29P) AppleWebKit/537.36 (KHTML, like Gecko) Chrome/150.0.7871.46 Mobile Safari/537.36 (compatible; Googlebot/2.1; +http://www.google.com/bot.html)"
74.7.242.54 - - [08/Jul/2026:08:49:35 -0400] "GET /?_a=167039180 HTTP/1.1" 200 5279 "https://bioredox.cl/sitemap893.xml" "Mozilla/5.0 AppleWebKit/537.36 (KHTML, like Gecko; compatible; GPTBot/1.4; +https://openai.com/gptbot)"
74.7.242.54 - - [08/Jul/2026:08:49:35 -0400] "GET /?_j=265013814 HTTP/1.1" 200 5279 "https://bioredox.cl/sitemap307.xml" "Mozilla/5.0 AppleWebKit/537.36 (KHTML, like Gecko; compatible; GPTBot/1.4; +https://openai.com/gptbot)"
136.243.228.177 - - [08/Jul/2026:08:49:35 -0400] "GET /?_y=028024803 HTTP/1.1" 200 5279 "-" "Mozilla/5.0 (compatible; DataForSeoBot/1.0; +https://dataforseo.com/dataforseo-bot)"
74.7.242.54 - - [08/Jul/2026:08:49:36 -0400] "GET /?_l=248025561 HTTP/1.1" 200 5279 "https://bioredox.cl/sitemap394.xml" "Mozilla/5.0 AppleWebKit/537.36 (KHTML, like Gecko; compatible; GPTBot/1.4; +https://openai.com/gptbot)"
74.7.242.54 - - [08/Jul/2026:08:49:36 -0400] "GET /?_s=283046742 HTTP/1.1" 200 5279 "https://bioredox.cl/sitemap394.xml" "Mozilla/5.0 AppleWebKit/537.36 (KHTML, like Gecko; compatible; GPTBot/1.4; +https://openai.com/gptbot)"
74.7.242.54 - - [08/Jul/2026:08:49:37 -0400] "GET /?_y=144027531 HTTP/1.1" 200 5279 "https://bioredox.cl/sitemap893.xml" "Mozilla/5.0 AppleWebKit/537.36 (KHTML, like Gecko; compatible; GPTBot/1.4; +https://openai.com/gptbot)"
74.7.242.54 - - [08/Jul/2026:08:49:37 -0400] "GET /?_x=236009945 HTTP/1.1" 200 5279 "https://bioredox.cl/sitemap472.xml" "Mozilla/5.0 AppleWebKit/537.36 (KHTML, like Gecko; compatible; GPTBot/1.4; +https://openai.com/gptbot)"
74.7.242.54 - - [08/Jul/2026:08:49:38 -0400] "GET /?_v=194038135 HTTP/1.1" 200 5279 "https://bioredox.cl/sitemap394.xml" "Mozilla/5.0 AppleWebKit/537.36 (KHTML, like Gecko; compatible; GPTBot/1.4; +https://openai.com/gptbot)"
74.7.242.54 - - [08/Jul/2026:08:49:38 -0400] "GET /?_b=177003628 HTTP/1.1" 200 5279 "https://bioredox.cl/sitemap836.xml" "Mozilla/5.0 AppleWebKit/537.36 (KHTML, like Gecko; compatible; GPTBot/1.4; +https://openai.com/gptbot)"
74.7.242.54 - - [08/Jul/2026:08:49:39 -0400] "GET /?_a=244037875 HTTP/1.1" 200 5279 "https://bioredox.cl/sitemap852.xml" "Mozilla/5.0 AppleWebKit/537.36 (KHTML, like Gecko; compatible; GPTBot/1.4; +https://openai.com/gptbot)"
74.7.242.54 - - [08/Jul/2026:08:49:39 -0400] "GET /?_r=276015817 HTTP/1.1" 200 5279 "https://bioredox.cl/sitemap394.xml" "Mozilla/5.0 AppleWebKit/537.36 (KHTML, like Gecko; compatible; GPTBot/1.4; +https://openai.com/gptbot)"
74.7.242.54 - - [08/Jul/2026:08:49:40 -0400] "GET /?_e=230029587 HTTP/1.1" 200 5279 "https://bioredox.cl/sitemap248.xml" "Mozilla/5.0 AppleWebKit/537.36 (KHTML, like Gecko; compatible; GPTBot/1.4; +https://openai.com/gptbot)"
74.7.242.54 - - [08/Jul/2026:08:49:40 -0400] "GET /?_m=188027697 HTTP/1.1" 200 5279 "https://bioredox.cl/sitemap861.xml" "Mozilla/5.0 AppleWebKit/537.36 (KHTML, like Gecko; compatible; GPTBot/1.4; +https://openai.com/gptbot)"
74.7.242.54 - - [08/Jul/2026:08:49:41 -0400] "GET /?_g=153014806 HTTP/1.1" 200 5279 "https://bioredox.cl/sitemap689.xml" "Mozilla/5.0 AppleWebKit/537.36 (KHTML, like Gecko; compatible; GPTBot/1.4; +https://openai.com/gptbot)"
136.243.228.177 - - [08/Jul/2026:08:49:41 -0400] "GET /?_u=213003152 HTTP/1.1" 200 5279 "-" "Mozilla/5.0 (compatible; DataForSeoBot/1.0; +https://dataforseo.com/dataforseo-bot)"
74.7.242.54 - - [08/Jul/2026:08:49:41 -0400] "GET /?_c=063027814 HTTP/1.1" 200 5279 "https://bioredox.cl/sitemap394.xml" "Mozilla/5.0 AppleWebKit/537.36 (KHTML, like Gecko; compatible; GPTBot/1.4; +https://openai.com/gptbot)"
74.7.242.54 - - [08/Jul/2026:08:49:42 -0400] "GET /?_g=273045568 HTTP/1.1" 200 5279 "https://bioredox.cl/sitemap957.xml" "Mozilla/5.0 AppleWebKit/537.36 (KHTML, like Gecko; compatible; GPTBot/1.4; +https://openai.com/gptbot)"
74.7.242.54 - - [08/Jul/2026:08:49:42 -0400] "GET /?_t=283024598 HTTP/1.1" 200 5279 "https://bioredox.cl/sitemap472.xml" "Mozilla/5.0 AppleWebKit/537.36 (KHTML, like Gecko; compatible; GPTBot/1.4; +https://openai.com/gptbot)"
74.7.242.54 - - [08/Jul/2026:08:49:43 -0400] "GET /?_z=046017287 HTTP/1.1" 200 5279 "https://bioredox.cl/sitemap836.xml" "Mozilla/5.0 AppleWebKit/537.36 (KHTML, like Gecko; compatible; GPTBot/1.4; +https://openai.com/gptbot)"
